[INFO] fetching crate sleef-sys 0.1.2...
[INFO] checking sleef-sys-0.1.2 against master#af3c6e733a40e671550e0f0f5aeecaa13772ba56 for pr-74989
[INFO] extracting crate sleef-sys 0.1.2 into /workspace/builds/worker-3/source
[INFO] validating manifest of crates.io crate sleef-sys 0.1.2 on toolchain af3c6e733a40e671550e0f0f5aeecaa13772ba56
[INFO] running `Command { std: "/workspace/cargo-home/bin/cargo" "+af3c6e733a40e671550e0f0f5aeecaa13772ba56" "read-manifest" "--manifest-path" "Cargo.toml", kill_on_drop: false }`
[INFO] started tweaking crates.io crate sleef-sys 0.1.2
[INFO] finished tweaking crates.io crate sleef-sys 0.1.2
[INFO] tweaked toml for crates.io crate sleef-sys 0.1.2 written to /workspace/builds/worker-3/source/Cargo.toml
[INFO] running `Command { std: "/workspace/cargo-home/bin/cargo" "+af3c6e733a40e671550e0f0f5aeecaa13772ba56" "generate-lockfile" "--manifest-path" "Cargo.toml" "-Zno-index-update", kill_on_drop: false }`
[INFO] running `Command { std: "/workspace/cargo-home/bin/cargo" "+af3c6e733a40e671550e0f0f5aeecaa13772ba56" "fetch" "--locked" "--manifest-path" "Cargo.toml", kill_on_drop: false }`
[INFO] running `Command { std: "docker" "create" "-v" "/var/lib/crater-agent-workspace/builds/worker-3/target:/opt/rustwide/target:rw,Z" "-v" "/var/lib/crater-agent-workspace/builds/worker-3/source:/opt/rustwide/workdir:ro,Z" "-v" "/var/lib/crater-agent-workspace/cargo-home:/opt/rustwide/cargo-home:ro,Z" "-v" "/var/lib/crater-agent-workspace/rustup-home:/opt/rustwide/rustup-home:ro,Z" "-e" "SOURCE_DIR=/opt/rustwide/workdir" "-e" "CARGO_TARGET_DIR=/opt/rustwide/target" "-e" "CARGO_HOME=/opt/rustwide/cargo-home" "-e" "RUSTUP_HOME=/opt/rustwide/rustup-home" "-w" "/opt/rustwide/workdir" "-m" "1610612736" "--user" "0:0" "--network" "none" "rustops/crates-build-env@sha256:d92eaeed33fa75130ca1ee6c8a01d1ffb62bac859dfdfb3450e3e5d1c0146529" "/opt/rustwide/cargo-home/bin/cargo" "+af3c6e733a40e671550e0f0f5aeecaa13772ba56" "metadata" "--no-deps" "--format-version=1", kill_on_drop: false }`
[INFO] [stderr] WARNING: Your kernel does not support swap limit capabilities or the cgroup is not mounted. Memory limited without swap.
[INFO] [stdout] a597856c9b9947f67e45463d6aafcbb4a1c5523061c4dcff530e91f580d94676
[INFO] running `Command { std: "docker" "start" "-a" "a597856c9b9947f67e45463d6aafcbb4a1c5523061c4dcff530e91f580d94676", kill_on_drop: false }`
[INFO] running `Command { std: "docker" "inspect" "a597856c9b9947f67e45463d6aafcbb4a1c5523061c4dcff530e91f580d94676", kill_on_drop: false }`
[INFO] running `Command { std: "docker" "rm" "-f" "a597856c9b9947f67e45463d6aafcbb4a1c5523061c4dcff530e91f580d94676", kill_on_drop: false }`
[INFO] [stdout] a597856c9b9947f67e45463d6aafcbb4a1c5523061c4dcff530e91f580d94676
[INFO] running `Command { std: "docker" "create" "-v" "/var/lib/crater-agent-workspace/builds/worker-3/target:/opt/rustwide/target:rw,Z" "-v" "/var/lib/crater-agent-workspace/builds/worker-3/source:/opt/rustwide/workdir:ro,Z" "-v" "/var/lib/crater-agent-workspace/cargo-home:/opt/rustwide/cargo-home:ro,Z" "-v" "/var/lib/crater-agent-workspace/rustup-home:/opt/rustwide/rustup-home:ro,Z" "-e" "SOURCE_DIR=/opt/rustwide/workdir" "-e" "CARGO_TARGET_DIR=/opt/rustwide/target" "-e" "CARGO_INCREMENTAL=0" "-e" "RUST_BACKTRACE=full" "-e" "RUSTFLAGS=--cap-lints=forbid" "-e" "CARGO_HOME=/opt/rustwide/cargo-home" "-e" "RUSTUP_HOME=/opt/rustwide/rustup-home" "-w" "/opt/rustwide/workdir" "-m" "1610612736" "--user" "0:0" "--network" "none" "rustops/crates-build-env@sha256:d92eaeed33fa75130ca1ee6c8a01d1ffb62bac859dfdfb3450e3e5d1c0146529" "/opt/rustwide/cargo-home/bin/cargo" "+af3c6e733a40e671550e0f0f5aeecaa13772ba56" "check" "--frozen" "--all" "--all-targets" "--message-format=json", kill_on_drop: false }`
[INFO] [stdout] 6d2008713a77e5d1ea9c8b62df9f46f2df73258b73479de453ae985e8dc71cdd
[INFO] [stderr] WARNING: Your kernel does not support swap limit capabilities or the cgroup is not mounted. Memory limited without swap.
[INFO] running `Command { std: "docker" "start" "-a" "6d2008713a77e5d1ea9c8b62df9f46f2df73258b73479de453ae985e8dc71cdd", kill_on_drop: false }`
[INFO] [stderr]    Compiling libc v0.2.77
[INFO] [stderr]    Compiling cfg-if v0.1.10
[INFO] [stderr]    Compiling version_check v0.1.5
[INFO] [stderr]    Compiling proc-macro2 v0.4.30
[INFO] [stderr]    Compiling bitflags v1.2.1
[INFO] [stderr]    Compiling log v0.4.11
[INFO] [stderr]    Compiling quick-error v1.2.3
[INFO] [stderr]    Compiling unicode-width v0.1.8
[INFO] [stderr]    Compiling regex-syntax v0.6.18
[INFO] [stderr]    Compiling vec_map v0.8.2
[INFO] [stderr]    Compiling termcolor v1.1.0
[INFO] [stderr]    Compiling strsim v0.8.0
[INFO] [stderr]    Compiling ansi_term v0.11.0
[INFO] [stderr]    Compiling bindgen v0.46.0
[INFO] [stderr]    Compiling peeking_take_while v0.1.2
[INFO] [stderr]    Compiling libloading v0.5.2
[INFO] [stderr]    Compiling clang-sys v0.26.4
[INFO] [stderr]    Compiling cmake v0.1.44
[INFO] [stderr]    Compiling thread_local v1.0.1
[INFO] [stderr]    Compiling textwrap v0.11.0
[INFO] [stderr]    Compiling humantime v1.3.0
[INFO] [stderr]    Compiling memchr v2.3.3
[INFO] [stderr]    Compiling byteorder v1.3.4
[INFO] [stderr]    Compiling nom v4.2.3
[INFO] [stderr]    Compiling aho-corasick v0.7.13
[INFO] [stderr]    Compiling hashbrown v0.1.8
[INFO] [stderr]    Compiling quote v0.6.13
[INFO] [stderr]    Compiling atty v0.2.14
[INFO] [stderr]    Compiling backtrace v0.3.50
[INFO] [stderr]    Compiling clap v2.33.3
[INFO] [stderr]    Compiling failure v0.1.8
[INFO] [stderr]    Compiling cexpr v0.3.6
[INFO] [stderr]    Compiling which v2.0.1
[INFO] [stderr]    Compiling regex v1.3.9
[INFO] [stderr]    Compiling env_logger v0.6.2
[INFO] [stderr]    Compiling sleef-sys v0.1.2 (/opt/rustwide/workdir)
[INFO] [stderr] error: failed to run custom build command for `sleef-sys v0.1.2 (/opt/rustwide/workdir)`
[INFO] [stderr] 
[INFO] [stderr] Caused by:
[INFO] [stderr]   process didn't exit successfully: `/opt/rustwide/target/debug/build/sleef-sys-0a6dde97a9cf643e/build-script-build` (exit code: 101)
[INFO] [stderr]   --- stdout
[INFO] [stderr]   running: "cmake" "-Wdev" "--debug-output" "/opt/rustwide/workdir/sleef" "-DBUILD_DFT=FALSE" "-DBUILD_TESTS=FALSE" "-DBUILD_SHARED_LIBS=TRUE" "-DCMAKE_INSTALL_PREFIX=/opt/rustwide/target/debug/build/sleef-sys-1871a575a1779971/out" "-DCMAKE_C_FLAGS= -ffunction-sections -fdata-sections -fPIC -m64" "-DCMAKE_C_COMPILER=/usr/bin/cc" "-DCMAKE_CXX_FLAGS= -ffunction-sections -fdata-sections -fPIC -m64" "-DCMAKE_CXX_COMPILER=/usr/bin/c++" "-DCMAKE_ASM_FLAGS= -ffunction-sections -fdata-sections -fPIC -m64" "-DCMAKE_ASM_COMPILER=/usr/bin/cc" "-DCMAKE_BUILD_TYPE=Debug" "-DCMAKE_VERBOSE_MAKEFILE:BOOL=ON"
[INFO] [stderr]   Running with debug output on.
[INFO] [stderr]   -- The C compiler identification is GNU 9.3.0
[INFO] [stderr]      Called from: [3]	/usr/share/cmake-3.16/Modules/CMakeDetermineCompilerId.cmake
[INFO] [stderr]                   [2]	/usr/share/cmake-3.16/Modules/CMakeDetermineCCompiler.cmake
[INFO] [stderr]                   [1]	/opt/rustwide/workdir/sleef/CMakeLists.txt
[INFO] [stderr]   -- Check for working C compiler: /usr/bin/cc
[INFO] [stderr]      Called from: [3]	/usr/share/cmake-3.16/Modules/CMakeTestCompilerCommon.cmake
[INFO] [stderr]                   [2]	/usr/share/cmake-3.16/Modules/CMakeTestCCompiler.cmake
[INFO] [stderr]                   [1]	/opt/rustwide/workdir/sleef/CMakeLists.txt
[INFO] [stderr]   -- Check for working C compiler: /usr/bin/cc -- works
[INFO] [stderr]      Called from: [3]	/usr/share/cmake-3.16/Modules/CMakeTestCompilerCommon.cmake
[INFO] [stderr]                   [2]	/usr/share/cmake-3.16/Modules/CMakeTestCCompiler.cmake
[INFO] [stderr]                   [1]	/opt/rustwide/workdir/sleef/CMakeLists.txt
[INFO] [stderr]   -- Detecting C compiler ABI info
[INFO] [stderr]      Called from: [3]	/usr/share/cmake-3.16/Modules/CMakeDetermineCompilerABI.cmake
[INFO] [stderr]                   [2]	/usr/share/cmake-3.16/Modules/CMakeTestCCompiler.cmake
[INFO] [stderr]                   [1]	/opt/rustwide/workdir/sleef/CMakeLists.txt
[INFO] [stderr]   -- Detecting C compiler ABI info - done
[INFO] [stderr]      Called from: [3]	/usr/share/cmake-3.16/Modules/CMakeDetermineCompilerABI.cmake
[INFO] [stderr]                   [2]	/usr/share/cmake-3.16/Modules/CMakeTestCCompiler.cmake
[INFO] [stderr]                   [1]	/opt/rustwide/workdir/sleef/CMakeLists.txt
[INFO] [stderr]   -- Detecting C compile features
[INFO] [stderr]      Called from: [3]	/usr/share/cmake-3.16/Modules/CMakeDetermineCompileFeatures.cmake
[INFO] [stderr]                   [2]	/usr/share/cmake-3.16/Modules/CMakeTestCCompiler.cmake
[INFO] [stderr]                   [1]	/opt/rustwide/workdir/sleef/CMakeLists.txt
[INFO] [stderr]   -- Detecting C compile features - done
[INFO] [stderr]      Called from: [3]	/usr/share/cmake-3.16/Modules/CMakeDetermineCompileFeatures.cmake
[INFO] [stderr]                   [2]	/usr/share/cmake-3.16/Modules/CMakeTestCCompiler.cmake
[INFO] [stderr]                   [1]	/opt/rustwide/workdir/sleef/CMakeLists.txt
[INFO] [stderr]   -- Looking for sys/types.h
[INFO] [stderr]      Called from: [4]	/usr/share/cmake-3.16/Modules/CheckIncludeFile.cmake
[INFO] [stderr]                   [3]	/usr/share/cmake-3.16/Modules/CheckTypeSize.cmake
[INFO] [stderr]                   [2]	/opt/rustwide/workdir/sleef/Configure.cmake
[INFO] [stderr]                   [1]	/opt/rustwide/workdir/sleef/CMakeLists.txt
[INFO] [stderr]   -- Looking for sys/types.h - found
[INFO] [stderr]      Called from: [4]	/usr/share/cmake-3.16/Modules/CheckIncludeFile.cmake
[INFO] [stderr]                   [3]	/usr/share/cmake-3.16/Modules/CheckTypeSize.cmake
[INFO] [stderr]                   [2]	/opt/rustwide/workdir/sleef/Configure.cmake
[INFO] [stderr]                   [1]	/opt/rustwide/workdir/sleef/CMakeLists.txt
[INFO] [stderr]   -- Looking for stdint.h
[INFO] [stderr]      Called from: [4]	/usr/share/cmake-3.16/Modules/CheckIncludeFile.cmake
[INFO] [stderr]                   [3]	/usr/share/cmake-3.16/Modules/CheckTypeSize.cmake
[INFO] [stderr]                   [2]	/opt/rustwide/workdir/sleef/Configure.cmake
[INFO] [stderr]                   [1]	/opt/rustwide/workdir/sleef/CMakeLists.txt
[INFO] [stderr]   -- Looking for stdint.h - found
[INFO] [stderr]      Called from: [4]	/usr/share/cmake-3.16/Modules/CheckIncludeFile.cmake
[INFO] [stderr]                   [3]	/usr/share/cmake-3.16/Modules/CheckTypeSize.cmake
[INFO] [stderr]                   [2]	/opt/rustwide/workdir/sleef/Configure.cmake
[INFO] [stderr]                   [1]	/opt/rustwide/workdir/sleef/CMakeLists.txt
[INFO] [stderr]   -- Looking for stddef.h
[INFO] [stderr]      Called from: [4]	/usr/share/cmake-3.16/Modules/CheckIncludeFile.cmake
[INFO] [stderr]                   [3]	/usr/share/cmake-3.16/Modules/CheckTypeSize.cmake
[INFO] [stderr]                   [2]	/opt/rustwide/workdir/sleef/Configure.cmake
[INFO] [stderr]                   [1]	/opt/rustwide/workdir/sleef/CMakeLists.txt
[INFO] [stderr]   -- Looking for stddef.h - found
[INFO] [stderr]      Called from: [4]	/usr/share/cmake-3.16/Modules/CheckIncludeFile.cmake
[INFO] [stderr]                   [3]	/usr/share/cmake-3.16/Modules/CheckTypeSize.cmake
[INFO] [stderr]                   [2]	/opt/rustwide/workdir/sleef/Configure.cmake
[INFO] [stderr]                   [1]	/opt/rustwide/workdir/sleef/CMakeLists.txt
[INFO] [stderr]   -- Check size of long double
[INFO] [stderr]      Called from: [4]	/usr/share/cmake-3.16/Modules/CheckTypeSize.cmake
[INFO] [stderr]                   [3]	/usr/share/cmake-3.16/Modules/CheckTypeSize.cmake
[INFO] [stderr]                   [2]	/opt/rustwide/workdir/sleef/Configure.cmake
[INFO] [stderr]                   [1]	/opt/rustwide/workdir/sleef/CMakeLists.txt
[INFO] [stderr]   -- Check size of long double - done
[INFO] [stderr]      Called from: [4]	/usr/share/cmake-3.16/Modules/CheckTypeSize.cmake
[INFO] [stderr]                   [3]	/usr/share/cmake-3.16/Modules/CheckTypeSize.cmake
[INFO] [stderr]                   [2]	/opt/rustwide/workdir/sleef/Configure.cmake
[INFO] [stderr]                   [1]	/opt/rustwide/workdir/sleef/CMakeLists.txt
[INFO] [stderr]   -- Performing Test COMPILER_SUPPORTS_LONG_DOUBLE
[INFO] [stderr]      Called from: [3]	/usr/share/cmake-3.16/Modules/CheckCSourceCompiles.cmake
[INFO] [stderr]                   [2]	/opt/rustwide/workdir/sleef/Configure.cmake
[INFO] [stderr]                   [1]	/opt/rustwide/workdir/sleef/CMakeLists.txt
[INFO] [stderr]   -- Performing Test COMPILER_SUPPORTS_LONG_DOUBLE - Success
[INFO] [stderr]      Called from: [3]	/usr/share/cmake-3.16/Modules/CheckCSourceCompiles.cmake
[INFO] [stderr]                   [2]	/opt/rustwide/workdir/sleef/Configure.cmake
[INFO] [stderr]                   [1]	/opt/rustwide/workdir/sleef/CMakeLists.txt
[INFO] [stderr]   -- Performing Test COMPILER_SUPPORTS_FLOAT128
[INFO] [stderr]      Called from: [3]	/usr/share/cmake-3.16/Modules/CheckCSourceCompiles.cmake
[INFO] [stderr]                   [2]	/opt/rustwide/workdir/sleef/Configure.cmake
[INFO] [stderr]                   [1]	/opt/rustwide/workdir/sleef/CMakeLists.txt
[INFO] [stderr]   -- Performing Test COMPILER_SUPPORTS_FLOAT128 - Success
[INFO] [stderr]      Called from: [3]	/usr/share/cmake-3.16/Modules/CheckCSourceCompiles.cmake
[INFO] [stderr]                   [2]	/opt/rustwide/workdir/sleef/Configure.cmake
[INFO] [stderr]                   [1]	/opt/rustwide/workdir/sleef/CMakeLists.txt
[INFO] [stderr]   -- Performing Test COMPILER_SUPPORTS_SSE2
[INFO] [stderr]      Called from: [3]	/usr/share/cmake-3.16/Modules/CheckCSourceCompiles.cmake
[INFO] [stderr]                   [2]	/opt/rustwide/workdir/sleef/Configure.cmake
[INFO] [stderr]                   [1]	/opt/rustwide/workdir/sleef/CMakeLists.txt
[INFO] [stderr]   -- Performing Test COMPILER_SUPPORTS_SSE2 - Success
[INFO] [stderr]      Called from: [3]	/usr/share/cmake-3.16/Modules/CheckCSourceCompiles.cmake
[INFO] [stderr]                   [2]	/opt/rustwide/workdir/sleef/Configure.cmake
[INFO] [stderr]                   [1]	/opt/rustwide/workdir/sleef/CMakeLists.txt
[INFO] [stderr]   -- Performing Test COMPILER_SUPPORTS_SSE4
[INFO] [stderr]      Called from: [3]	/usr/share/cmake-3.16/Modules/CheckCSourceCompiles.cmake
[INFO] [stderr]                   [2]	/opt/rustwide/workdir/sleef/Configure.cmake
[INFO] [stderr]                   [1]	/opt/rustwide/workdir/sleef/CMakeLists.txt
[INFO] [stderr]   -- Performing Test COMPILER_SUPPORTS_SSE4 - Success
[INFO] [stderr]      Called from: [3]	/usr/share/cmake-3.16/Modules/CheckCSourceCompiles.cmake
[INFO] [stderr]                   [2]	/opt/rustwide/workdir/sleef/Configure.cmake
[INFO] [stderr]                   [1]	/opt/rustwide/workdir/sleef/CMakeLists.txt
[INFO] [stderr]   -- Performing Test COMPILER_SUPPORTS_AVX
[INFO] [stderr]      Called from: [3]	/usr/share/cmake-3.16/Modules/CheckCSourceCompiles.cmake
[INFO] [stderr]                   [2]	/opt/rustwide/workdir/sleef/Configure.cmake
[INFO] [stderr]                   [1]	/opt/rustwide/workdir/sleef/CMakeLists.txt
[INFO] [stderr]   -- Performing Test COMPILER_SUPPORTS_AVX - Success
[INFO] [stderr]      Called from: [3]	/usr/share/cmake-3.16/Modules/CheckCSourceCompiles.cmake
[INFO] [stderr]                   [2]	/opt/rustwide/workdir/sleef/Configure.cmake
[INFO] [stderr]                   [1]	/opt/rustwide/workdir/sleef/CMakeLists.txt
[INFO] [stderr]   -- Performing Test COMPILER_SUPPORTS_FMA4
[INFO] [stderr]      Called from: [3]	/usr/share/cmake-3.16/Modules/CheckCSourceCompiles.cmake
[INFO] [stderr]                   [2]	/opt/rustwide/workdir/sleef/Configure.cmake
[INFO] [stderr]                   [1]	/opt/rustwide/workdir/sleef/CMakeLists.txt
[INFO] [stderr]   -- Performing Test COMPILER_SUPPORTS_FMA4 - Success
[INFO] [stderr]      Called from: [3]	/usr/share/cmake-3.16/Modules/CheckCSourceCompiles.cmake
[INFO] [stderr]                   [2]	/opt/rustwide/workdir/sleef/Configure.cmake
[INFO] [stderr]                   [1]	/opt/rustwide/workdir/sleef/CMakeLists.txt
[INFO] [stderr]   -- Performing Test COMPILER_SUPPORTS_AVX2
[INFO] [stderr]      Called from: [3]	/usr/share/cmake-3.16/Modules/CheckCSourceCompiles.cmake
[INFO] [stderr]                   [2]	/opt/rustwide/workdir/sleef/Configure.cmake
[INFO] [stderr]                   [1]	/opt/rustwide/workdir/sleef/CMakeLists.txt
[INFO] [stderr]   -- Performing Test COMPILER_SUPPORTS_AVX2 - Success
[INFO] [stderr]      Called from: [3]	/usr/share/cmake-3.16/Modules/CheckCSourceCompiles.cmake
[INFO] [stderr]                   [2]	/opt/rustwide/workdir/sleef/Configure.cmake
[INFO] [stderr]                   [1]	/opt/rustwide/workdir/sleef/CMakeLists.txt
[INFO] [stderr]   -- Performing Test COMPILER_SUPPORTS_SVE
[INFO] [stderr]      Called from: [3]	/usr/share/cmake-3.16/Modules/CheckCSourceCompiles.cmake
[INFO] [stderr]                   [2]	/opt/rustwide/workdir/sleef/Configure.cmake
[INFO] [stderr]                   [1]	/opt/rustwide/workdir/sleef/CMakeLists.txt
[INFO] [stderr]   -- Performing Test COMPILER_SUPPORTS_SVE - Failed
[INFO] [stderr]      Called from: [3]	/usr/share/cmake-3.16/Modules/CheckCSourceCompiles.cmake
[INFO] [stderr]                   [2]	/opt/rustwide/workdir/sleef/Configure.cmake
[INFO] [stderr]                   [1]	/opt/rustwide/workdir/sleef/CMakeLists.txt
[INFO] [stderr]   -- Performing Test COMPILER_SUPPORTS_AVX512F
[INFO] [stderr]      Called from: [3]	/usr/share/cmake-3.16/Modules/CheckCSourceCompiles.cmake
[INFO] [stderr]                   [2]	/opt/rustwide/workdir/sleef/Configure.cmake
[INFO] [stderr]                   [1]	/opt/rustwide/workdir/sleef/CMakeLists.txt
[INFO] [stderr]   -- Performing Test COMPILER_SUPPORTS_AVX512F - Success
[INFO] [stderr]      Called from: [3]	/usr/share/cmake-3.16/Modules/CheckCSourceCompiles.cmake
[INFO] [stderr]                   [2]	/opt/rustwide/workdir/sleef/Configure.cmake
[INFO] [stderr]                   [1]	/opt/rustwide/workdir/sleef/CMakeLists.txt
[INFO] [stderr]   -- Performing Test COMPILER_SUPPORTS_VSX
[INFO] [stderr]      Called from: [3]	/usr/share/cmake-3.16/Modules/CheckCSourceCompiles.cmake
[INFO] [stderr]                   [2]	/opt/rustwide/workdir/sleef/Configure.cmake
[INFO] [stderr]                   [1]	/opt/rustwide/workdir/sleef/CMakeLists.txt
[INFO] [stderr]   -- Performing Test COMPILER_SUPPORTS_VSX - Failed
[INFO] [stderr]      Called from: [3]	/usr/share/cmake-3.16/Modules/CheckCSourceCompiles.cmake
[INFO] [stderr]                   [2]	/opt/rustwide/workdir/sleef/Configure.cmake
[INFO] [stderr]                   [1]	/opt/rustwide/workdir/sleef/CMakeLists.txt
[INFO] [stderr]   -- Found OpenMP_C: -fopenmp (found version "4.5") 
[INFO] [stderr]      Called from: [5]	/usr/share/cmake-3.16/Modules/FindPackageMessage.cmake
[INFO] [stderr]                   [4]	/usr/share/cmake-3.16/Modules/FindPackageHandleStandardArgs.cmake
[INFO] [stderr]                   [3]	/usr/share/cmake-3.16/Modules/FindOpenMP.cmake
[INFO] [stderr]                   [2]	/opt/rustwide/workdir/sleef/Configure.cmake
[INFO] [stderr]                   [1]	/opt/rustwide/workdir/sleef/CMakeLists.txt
[INFO] [stderr]   -- Found OpenMP: TRUE (found version "4.5")  
[INFO] [stderr]      Called from: [5]	/usr/share/cmake-3.16/Modules/FindPackageMessage.cmake
[INFO] [stderr]                   [4]	/usr/share/cmake-3.16/Modules/FindPackageHandleStandardArgs.cmake
[INFO] [stderr]                   [3]	/usr/share/cmake-3.16/Modules/FindOpenMP.cmake
[INFO] [stderr]                   [2]	/opt/rustwide/workdir/sleef/Configure.cmake
[INFO] [stderr]                   [1]	/opt/rustwide/workdir/sleef/CMakeLists.txt
[INFO] [stderr]   -- Performing Test COMPILER_SUPPORTS_OPENMP
[INFO] [stderr]      Called from: [3]	/usr/share/cmake-3.16/Modules/CheckCSourceCompiles.cmake
[INFO] [stderr]                   [2]	/opt/rustwide/workdir/sleef/Configure.cmake
[INFO] [stderr]                   [1]	/opt/rustwide/workdir/sleef/CMakeLists.txt
[INFO] [stderr]   -- Performing Test COMPILER_SUPPORTS_OPENMP - Success
[INFO] [stderr]      Called from: [3]	/usr/share/cmake-3.16/Modules/CheckCSourceCompiles.cmake
[INFO] [stderr]                   [2]	/opt/rustwide/workdir/sleef/Configure.cmake
[INFO] [stderr]                   [1]	/opt/rustwide/workdir/sleef/CMakeLists.txt
[INFO] [stderr]   -- Performing Test COMPILER_SUPPORTS_WEAK_ALIASES
[INFO] [stderr]      Called from: [3]	/usr/share/cmake-3.16/Modules/CheckCSourceCompiles.cmake
[INFO] [stderr]                   [2]	/opt/rustwide/workdir/sleef/Configure.cmake
[INFO] [stderr]                   [1]	/opt/rustwide/workdir/sleef/CMakeLists.txt
[INFO] [stderr]   -- Performing Test COMPILER_SUPPORTS_WEAK_ALIASES - Success
[INFO] [stderr]      Called from: [3]	/usr/share/cmake-3.16/Modules/CheckCSourceCompiles.cmake
[INFO] [stderr]                   [2]	/opt/rustwide/workdir/sleef/Configure.cmake
[INFO] [stderr]                   [1]	/opt/rustwide/workdir/sleef/CMakeLists.txt
[INFO] [stderr]   -- Performing Test COMPILER_SUPPORTS_BUILTIN_MATH
[INFO] [stderr]      Called from: [3]	/usr/share/cmake-3.16/Modules/CheckCSourceCompiles.cmake
[INFO] [stderr]                   [2]	/opt/rustwide/workdir/sleef/Configure.cmake
[INFO] [stderr]                   [1]	/opt/rustwide/workdir/sleef/CMakeLists.txt
[INFO] [stderr]   -- Performing Test COMPILER_SUPPORTS_BUILTIN_MATH - Success
[INFO] [stderr]      Called from: [3]	/usr/share/cmake-3.16/Modules/CheckCSourceCompiles.cmake
[INFO] [stderr]                   [2]	/opt/rustwide/workdir/sleef/Configure.cmake
[INFO] [stderr]                   [1]	/opt/rustwide/workdir/sleef/CMakeLists.txt
[INFO] [stderr]   -- Configuring build for SLEEF-v3.3 /opt/rustwide/workdir/sleef
[INFO] [stderr]      Called from: [1]	/opt/rustwide/workdir/sleef/CMakeLists.txt
[INFO] [stderr]   -- Using option `-Wall -Wno-unused -Wno-attributes -Wno-unused-result -Wno-psabi -ffp-contract=off -fno-math-errno -fno-trapping-math` to compile libsleef
[INFO] [stderr]      Called from: [1]	/opt/rustwide/workdir/sleef/CMakeLists.txt
[INFO] [stderr]   -- Building shared libs : TRUE
[INFO] [stderr]      Called from: [1]	/opt/rustwide/workdir/sleef/CMakeLists.txt
[INFO] [stderr]   -- MPFR : LIB_MPFR-NOTFOUND
[INFO] [stderr]      Called from: [1]	/opt/rustwide/workdir/sleef/CMakeLists.txt
[INFO] [stderr]   -- GMP : /usr/lib/x86_64-linux-gnu/libgmp.so
[INFO] [stderr]      Called from: [1]	/opt/rustwide/workdir/sleef/CMakeLists.txt
[INFO] [stderr]   -- RT : /usr/lib/x86_64-linux-gnu/librt.so
[INFO] [stderr]      Called from: [1]	/opt/rustwide/workdir/sleef/CMakeLists.txt
[INFO] [stderr]   -- FFTW3 : LIBFFTW3-NOTFOUND
[INFO] [stderr]      Called from: [1]	/opt/rustwide/workdir/sleef/CMakeLists.txt
[INFO] [stderr]   -- SDE : SDE_COMMAND-NOTFOUND
[INFO] [stderr]      Called from: [1]	/opt/rustwide/workdir/sleef/CMakeLists.txt
[INFO] [stderr]   -- RUNNING_ON_TRAVIS : 0
[INFO] [stderr]      Called from: [1]	/opt/rustwide/workdir/sleef/CMakeLists.txt
[INFO] [stderr]   -- COMPILER_SUPPORTS_OPENMP : 1
[INFO] [stderr]      Called from: [1]	/opt/rustwide/workdir/sleef/CMakeLists.txt
[INFO] [stderr]   -- A version of SLEEF compatible  with libm and libmvec in GNU libc will be produced (sleefgnuabi.so)
[INFO] [stderr]      Called from: [1]	/opt/rustwide/workdir/sleef/CMakeLists.txt
[INFO] [stderr]   -- Configuring done
[INFO] [stderr]   -- Generating /opt/rustwide/target/debug/build/sleef-sys-1871a575a1779971/out/build
[INFO] [stderr]      Called from: [1]	/opt/rustwide/workdir/sleef/CMakeLists.txt
[INFO] [stderr]   -- Generating /opt/rustwide/target/debug/build/sleef-sys-1871a575a1779971/out/build/src
[INFO] [stderr]      Called from: [1]	/opt/rustwide/workdir/sleef/src/CMakeLists.txt
[INFO] [stderr]   -- Generating /opt/rustwide/target/debug/build/sleef-sys-1871a575a1779971/out/build/src/libm
[INFO] [stderr]      Called from: [1]	/opt/rustwide/workdir/sleef/src/libm/CMakeLists.txt
[INFO] [stderr]   -- Generating /opt/rustwide/target/debug/build/sleef-sys-1871a575a1779971/out/build/src/common
[INFO] [stderr]      Called from: [1]	/opt/rustwide/workdir/sleef/src/common/CMakeLists.txt
[INFO] [stderr]   -- Generating done
[INFO] [stderr]   -- Build files have been written to: /opt/rustwide/target/debug/build/sleef-sys-1871a575a1779971/out/build
[INFO] [stderr]   running: "cmake" "--build" "." "--target" "install" "--config" "Debug" "--"
[INFO] [stderr]   /usr/bin/cmake -S/opt/rustwide/workdir/sleef -B/opt/rustwide/target/debug/build/sleef-sys-1871a575a1779971/out/build --check-build-system CMakeFiles/Makefile.cmake 0
[INFO] [stderr]   /usr/bin/cmake -E cmake_progress_start /opt/rustwide/target/debug/build/sleef-sys-1871a575a1779971/out/build/CMakeFiles /opt/rustwide/target/debug/build/sleef-sys-1871a575a1779971/out/build/CMakeFiles/progress.marks
[INFO] [stderr]   /usr/bin/make -f CMakeFiles/Makefile2 all
[INFO] [stderr]   make[1]: Entering directory '/opt/rustwide/target/debug/build/sleef-sys-1871a575a1779971/out/build'
[INFO] [stderr]   /usr/bin/make -f src/libm/CMakeFiles/mkmasked_gnuabi.dir/build.make src/libm/CMakeFiles/mkmasked_gnuabi.dir/depend
[INFO] [stderr]   /usr/bin/make -f src/libm/CMakeFiles/mkrename_gnuabi.dir/build.make src/libm/CMakeFiles/mkrename_gnuabi.dir/depend
[INFO] [stderr]   make[2]: Entering directory '/opt/rustwide/target/debug/build/sleef-sys-1871a575a1779971/out/build'
[INFO] [stderr]   cd /opt/rustwide/target/debug/build/sleef-sys-1871a575a1779971/out/build && /usr/bin/cmake -E cmake_depends "Unix Makefiles" /opt/rustwide/workdir/sleef /opt/rustwide/workdir/sleef/src/libm /opt/rustwide/target/debug/build/sleef-sys-1871a575a1779971/out/build /opt/rustwide/target/debug/build/sleef-sys-1871a575a1779971/out/build/src/libm /opt/rustwide/target/debug/build/sleef-sys-1871a575a1779971/out/build/src/libm/CMakeFiles/mkmasked_gnuabi.dir/DependInfo.cmake --color=
[INFO] [stderr]   make[2]: Entering directory '/opt/rustwide/target/debug/build/sleef-sys-1871a575a1779971/out/build'
[INFO] [stderr]   cd /opt/rustwide/target/debug/build/sleef-sys-1871a575a1779971/out/build && /usr/bin/cmake -E cmake_depends "Unix Makefiles" /opt/rustwide/workdir/sleef /opt/rustwide/workdir/sleef/src/libm /opt/rustwide/target/debug/build/sleef-sys-1871a575a1779971/out/build /opt/rustwide/target/debug/build/sleef-sys-1871a575a1779971/out/build/src/libm /opt/rustwide/target/debug/build/sleef-sys-1871a575a1779971/out/build/src/libm/CMakeFiles/mkrename_gnuabi.dir/DependInfo.cmake --color=
[INFO] [stderr]   /usr/bin/make -f src/libm/CMakeFiles/mkalias.dir/build.make src/libm/CMakeFiles/mkalias.dir/depend
[INFO] [stderr]   /usr/bin/make -f src/libm/CMakeFiles/mkrename.dir/build.make src/libm/CMakeFiles/mkrename.dir/depend
[INFO] [stderr]   /usr/bin/make -f src/libm/CMakeFiles/mkdisp.dir/build.make src/libm/CMakeFiles/mkdisp.dir/depend
[INFO] [stderr]   make[2]: Entering directory '/opt/rustwide/target/debug/build/sleef-sys-1871a575a1779971/out/build'
[INFO] [stderr]   cd /opt/rustwide/target/debug/build/sleef-sys-1871a575a1779971/out/build && /usr/bin/cmake -E cmake_depends "Unix Makefiles" /opt/rustwide/workdir/sleef /opt/rustwide/workdir/sleef/src/libm /opt/rustwide/target/debug/build/sleef-sys-1871a575a1779971/out/build /opt/rustwide/target/debug/build/sleef-sys-1871a575a1779971/out/build/src/libm /opt/rustwide/target/debug/build/sleef-sys-1871a575a1779971/out/build/src/libm/CMakeFiles/mkalias.dir/DependInfo.cmake --color=
[INFO] [stderr]   make[2]: Entering directory '/opt/rustwide/target/debug/build/sleef-sys-1871a575a1779971/out/build'
[INFO] [stderr]   cd /opt/rustwide/target/debug/build/sleef-sys-1871a575a1779971/out/build && /usr/bin/cmake -E cmake_depends "Unix Makefiles" /opt/rustwide/workdir/sleef /opt/rustwide/workdir/sleef/src/libm /opt/rustwide/target/debug/build/sleef-sys-1871a575a1779971/out/build /opt/rustwide/target/debug/build/sleef-sys-1871a575a1779971/out/build/src/libm /opt/rustwide/target/debug/build/sleef-sys-1871a575a1779971/out/build/src/libm/CMakeFiles/mkrename.dir/DependInfo.cmake --color=
[INFO] [stderr]   make[2]: Entering directory '/opt/rustwide/target/debug/build/sleef-sys-1871a575a1779971/out/build'
[INFO] [stderr]   cd /opt/rustwide/target/debug/build/sleef-sys-1871a575a1779971/out/build && /usr/bin/cmake -E cmake_depends "Unix Makefiles" /opt/rustwide/workdir/sleef /opt/rustwide/workdir/sleef/src/libm /opt/rustwide/target/debug/build/sleef-sys-1871a575a1779971/out/build /opt/rustwide/target/debug/build/sleef-sys-1871a575a1779971/out/build/src/libm /opt/rustwide/target/debug/build/sleef-sys-1871a575a1779971/out/build/src/libm/CMakeFiles/mkdisp.dir/DependInfo.cmake --color=
[INFO] [stderr]   /usr/bin/make -f src/common/CMakeFiles/common.dir/build.make src/common/CMakeFiles/common.dir/depend
[INFO] [stderr]   /usr/bin/make -f src/common/CMakeFiles/arraymap.dir/build.make src/common/CMakeFiles/arraymap.dir/depend
[INFO] [stderr]   make[2]: Entering directory '/opt/rustwide/target/debug/build/sleef-sys-1871a575a1779971/out/build'
[INFO] [stderr]   cd /opt/rustwide/target/debug/build/sleef-sys-1871a575a1779971/out/build && /usr/bin/cmake -E cmake_depends "Unix Makefiles" /opt/rustwide/workdir/sleef /opt/rustwide/workdir/sleef/src/common /opt/rustwide/target/debug/build/sleef-sys-1871a575a1779971/out/build /opt/rustwide/target/debug/build/sleef-sys-1871a575a1779971/out/build/src/common /opt/rustwide/target/debug/build/sleef-sys-1871a575a1779971/out/build/src/common/CMakeFiles/common.dir/DependInfo.cmake --color=
[INFO] [stderr]   Dependee "/opt/rustwide/target/debug/build/sleef-sys-1871a575a1779971/out/build/src/libm/CMakeFiles/mkrename_gnuabi.dir/DependInfo.cmake" is newer than depender "/opt/rustwide/target/debug/build/sleef-sys-1871a575a1779971/out/build/src/libm/CMakeFiles/mkrename_gnuabi.dir/depend.internal".
[INFO] [stderr]   Dependee "/opt/rustwide/target/debug/build/sleef-sys-1871a575a1779971/out/build/src/libm/CMakeFiles/CMakeDirectoryInformation.cmake" is newer than depender "/opt/rustwide/target/debug/build/sleef-sys-1871a575a1779971/out/build/src/libm/CMakeFiles/mkrename_gnuabi.dir/depend.internal".
[INFO] [stderr]   Scanning dependencies of target mkrename_gnuabi
[INFO] [stderr]   Dependee "/opt/rustwide/target/debug/build/sleef-sys-1871a575a1779971/out/build/src/libm/CMakeFiles/mkmasked_gnuabi.dir/DependInfo.cmake" is newer than depender "/opt/rustwide/target/debug/build/sleef-sys-1871a575a1779971/out/build/src/libm/CMakeFiles/mkmasked_gnuabi.dir/depend.internal".
[INFO] [stderr]   Dependee "/opt/rustwide/target/debug/build/sleef-sys-1871a575a1779971/out/build/src/libm/CMakeFiles/CMakeDirectoryInformation.cmake" is newer than depender "/opt/rustwide/target/debug/build/sleef-sys-1871a575a1779971/out/build/src/libm/CMakeFiles/mkmasked_gnuabi.dir/depend.internal".
[INFO] [stderr]   Scanning dependencies of target mkmasked_gnuabi
[INFO] [stderr]   make[2]: Entering directory '/opt/rustwide/target/debug/build/sleef-sys-1871a575a1779971/out/build'
[INFO] [stderr]   cd /opt/rustwide/target/debug/build/sleef-sys-1871a575a1779971/out/build && /usr/bin/cmake -E cmake_depends "Unix Makefiles" /opt/rustwide/workdir/sleef /opt/rustwide/workdir/sleef/src/common /opt/rustwide/target/debug/build/sleef-sys-1871a575a1779971/out/build /opt/rustwide/target/debug/build/sleef-sys-1871a575a1779971/out/build/src/common /opt/rustwide/target/debug/build/sleef-sys-1871a575a1779971/out/build/src/common/CMakeFiles/arraymap.dir/DependInfo.cmake --color=
[INFO] [stderr]   make[2]: Leaving directory '/opt/rustwide/target/debug/build/sleef-sys-1871a575a1779971/out/build'
[INFO] [stderr]   make[2]: Leaving directory '/opt/rustwide/target/debug/build/sleef-sys-1871a575a1779971/out/build'
[INFO] [stderr]   /usr/bin/make -f src/libm/CMakeFiles/mkmasked_gnuabi.dir/build.make src/libm/CMakeFiles/mkmasked_gnuabi.dir/build
[INFO] [stderr]   /usr/bin/make -f src/libm/CMakeFiles/mkrename_gnuabi.dir/build.make src/libm/CMakeFiles/mkrename_gnuabi.dir/build
[INFO] [stderr]   make[2]: Entering directory '/opt/rustwide/target/debug/build/sleef-sys-1871a575a1779971/out/build'
[INFO] [stderr]   Dependee "/opt/rustwide/target/debug/build/sleef-sys-1871a575a1779971/out/build/src/libm/CMakeFiles/mkdisp.dir/DependInfo.cmake" is newer than depender "/opt/rustwide/target/debug/build/sleef-sys-1871a575a1779971/out/build/src/libm/CMakeFiles/mkdisp.dir/depend.internal".
[INFO] [stderr]   Dependee "/opt/rustwide/target/debug/build/sleef-sys-1871a575a1779971/out/build/src/libm/CMakeFiles/CMakeDirectoryInformation.cmake" is newer than depender "/opt/rustwide/target/debug/build/sleef-sys-1871a575a1779971/out/build/src/libm/CMakeFiles/mkdisp.dir/depend.internal".
[INFO] [stderr]   Scanning dependencies of target mkdisp
[INFO] [stderr]   Dependee "/opt/rustwide/target/debug/build/sleef-sys-1871a575a1779971/out/build/src/libm/CMakeFiles/mkalias.dir/DependInfo.cmake" is newer than depender "/opt/rustwide/target/debug/build/sleef-sys-1871a575a1779971/out/build/src/libm/CMakeFiles/mkalias.dir/depend.internal".
[INFO] [stderr]   Dependee "/opt/rustwide/target/debug/build/sleef-sys-1871a575a1779971/out/build/src/libm/CMakeFiles/CMakeDirectoryInformation.cmake" is newer than depender "/opt/rustwide/target/debug/build/sleef-sys-1871a575a1779971/out/build/src/libm/CMakeFiles/mkalias.dir/depend.internal".
[INFO] [stderr]   Scanning dependencies of target mkalias
[INFO] [stderr]   Dependee "/opt/rustwide/target/debug/build/sleef-sys-1871a575a1779971/out/build/src/common/CMakeFiles/common.dir/DependInfo.cmake" is newer than depender "/opt/rustwide/target/debug/build/sleef-sys-1871a575a1779971/out/build/src/common/CMakeFiles/common.dir/depend.internal".
[INFO] [stderr]   Dependee "/opt/rustwide/target/debug/build/sleef-sys-1871a575a1779971/out/build/src/common/CMakeFiles/CMakeDirectoryInformation.cmake" is newer than depender "/opt/rustwide/target/debug/build/sleef-sys-1871a575a1779971/out/build/src/common/CMakeFiles/common.dir/depend.internal".
[INFO] [stderr]   Scanning dependencies of target common
[INFO] [stderr]   make[2]: Leaving directory '/opt/rustwide/target/debug/build/sleef-sys-1871a575a1779971/out/build'
[INFO] [stderr]   /usr/bin/make -f src/libm/CMakeFiles/mkalias.dir/build.make src/libm/CMakeFiles/mkalias.dir/build
[INFO] [stderr]   make[2]: Leaving directory '/opt/rustwide/target/debug/build/sleef-sys-1871a575a1779971/out/build'
[INFO] [stderr]   make[2]: Entering directory '/opt/rustwide/target/debug/build/sleef-sys-1871a575a1779971/out/build'
[INFO] [stderr]   make[2]: Leaving directory '/opt/rustwide/target/debug/build/sleef-sys-1871a575a1779971/out/build'
[INFO] [stderr]   /usr/bin/make -f src/libm/CMakeFiles/mkdisp.dir/build.make src/libm/CMakeFiles/mkdisp.dir/build
[INFO] [stderr]   make[2]: Entering directory '/opt/rustwide/target/debug/build/sleef-sys-1871a575a1779971/out/build'
[INFO] [stderr]   make[2]: Entering directory '/opt/rustwide/target/debug/build/sleef-sys-1871a575a1779971/out/build'
[INFO] [stderr]   /usr/bin/make -f src/common/CMakeFiles/common.dir/build.make src/common/CMakeFiles/common.dir/build
[INFO] [stderr]   [  1%] Building C object src/libm/CMakeFiles/mkrename_gnuabi.dir/mkrename_gnuabi.c.o
[INFO] [stderr]   cd /opt/rustwide/target/debug/build/sleef-sys-1871a575a1779971/out/build/src/libm && /usr/bin/cc  -I/opt/rustwide/workdir/sleef/src/common -I/opt/rustwide/workdir/sleef/src/arch -I/opt/rustwide/target/debug/build/sleef-sys-1871a575a1779971/out/build/src/libm/include -I/opt/rustwide/workdir/sleef/src/libm  -Wall -Wno-unused -Wno-attributes -Wno-unused-result -Wno-psabi -ffp-contract=off -fno-math-errno -fno-trapping-math -g   -std=gnu99 -o CMakeFiles/mkrename_gnuabi.dir/mkrename_gnuabi.c.o   -c /opt/rustwide/workdir/sleef/src/libm/mkrename_gnuabi.c
[INFO] [stderr]   [  2%] Building C object src/libm/CMakeFiles/mkalias.dir/mkalias.c.o
[INFO] [stderr]   make[2]: Entering directory '/opt/rustwide/target/debug/build/sleef-sys-1871a575a1779971/out/build'
[INFO] [stderr]   cd /opt/rustwide/target/debug/build/sleef-sys-1871a575a1779971/out/build/src/libm && /usr/bin/cc  -I/opt/rustwide/workdir/sleef/src/common -I/opt/rustwide/workdir/sleef/src/arch -I/opt/rustwide/target/debug/build/sleef-sys-1871a575a1779971/out/build/src/libm/include -I/opt/rustwide/workdir/sleef/src/libm  -Wall -Wno-unused -Wno-attributes -Wno-unused-result -Wno-psabi -ffp-contract=off -fno-math-errno -fno-trapping-math -g   -std=gnu99 -o CMakeFiles/mkalias.dir/mkalias.c.o   -c /opt/rustwide/workdir/sleef/src/libm/mkalias.c
[INFO] [stderr]   [  3%] Building C object src/libm/CMakeFiles/mkmasked_gnuabi.dir/mkmasked_gnuabi.c.o
[INFO] [stderr]   Dependee "/opt/rustwide/target/debug/build/sleef-sys-1871a575a1779971/out/build/src/libm/CMakeFiles/mkrename.dir/DependInfo.cmake" is newer than depender "/opt/rustwide/target/debug/build/sleef-sys-1871a575a1779971/out/build/src/libm/CMakeFiles/mkrename.dir/depend.internal".
[INFO] [stderr]   Dependee "/opt/rustwide/target/debug/build/sleef-sys-1871a575a1779971/out/build/src/libm/CMakeFiles/CMakeDirectoryInformation.cmake" is newer than depender "/opt/rustwide/target/debug/build/sleef-sys-1871a575a1779971/out/build/src/libm/CMakeFiles/mkrename.dir/depend.internal".
[INFO] [stderr]   Scanning dependencies of target mkrename
[INFO] [stderr]   make[2]: Leaving directory '/opt/rustwide/target/debug/build/sleef-sys-1871a575a1779971/out/build'
[INFO] [stderr]   /usr/bin/make -f src/libm/CMakeFiles/mkrename.dir/build.make src/libm/CMakeFiles/mkrename.dir/build
[INFO] [stderr]   cd /opt/rustwide/target/debug/build/sleef-sys-1871a575a1779971/out/build/src/libm && /usr/bin/cc  -I/opt/rustwide/workdir/sleef/src/common -I/opt/rustwide/workdir/sleef/src/arch -I/opt/rustwide/target/debug/build/sleef-sys-1871a575a1779971/out/build/src/libm/include -I/opt/rustwide/workdir/sleef/src/libm  -Wall -Wno-unused -Wno-attributes -Wno-unused-result -Wno-psabi -ffp-contract=off -fno-math-errno -fno-trapping-math -g   -std=gnu99 -o CMakeFiles/mkmasked_gnuabi.dir/mkmasked_gnuabi.c.o   -c /opt/rustwide/workdir/sleef/src/libm/mkmasked_gnuabi.c
[INFO] [stderr]   make[2]: Entering directory '/opt/rustwide/target/debug/build/sleef-sys-1871a575a1779971/out/build'
[INFO] [stderr]   Dependee "/opt/rustwide/target/debug/build/sleef-sys-1871a575a1779971/out/build/src/common/CMakeFiles/arraymap.dir/DependInfo.cmake" is newer than depender "/opt/rustwide/target/debug/build/sleef-sys-1871a575a1779971/out/build/src/common/CMakeFiles/arraymap.dir/depend.internal".
[INFO] [stderr]   Dependee "/opt/rustwide/target/debug/build/sleef-sys-1871a575a1779971/out/build/src/common/CMakeFiles/CMakeDirectoryInformation.cmake" is newer than depender "/opt/rustwide/target/debug/build/sleef-sys-1871a575a1779971/out/build/src/common/CMakeFiles/arraymap.dir/depend.internal".
[INFO] [stderr]   [  4%] Building C object src/libm/CMakeFiles/mkdisp.dir/mkdisp.c.o
[INFO] [stderr]   cd /opt/rustwide/target/debug/build/sleef-sys-1871a575a1779971/out/build/src/libm && /usr/bin/cc  -I/opt/rustwide/workdir/sleef/src/common -I/opt/rustwide/workdir/sleef/src/arch -I/opt/rustwide/target/debug/build/sleef-sys-1871a575a1779971/out/build/src/libm/include -I/opt/rustwide/workdir/sleef/src/libm  -Wall -Wno-unused -Wno-attributes -Wno-unused-result -Wno-psabi -ffp-contract=off -fno-math-errno -fno-trapping-math -g   -std=gnu99 -o CMakeFiles/mkdisp.dir/mkdisp.c.o   -c /opt/rustwide/workdir/sleef/src/libm/mkdisp.c
[INFO] [stderr]   [  5%] Building C object src/libm/CMakeFiles/mkrename.dir/mkrename.c.o
[INFO] [stderr]   [  6%] Building C object src/common/CMakeFiles/common.dir/common.c.o
[INFO] [stderr]   cd /opt/rustwide/target/debug/build/sleef-sys-1871a575a1779971/out/build/src/libm && /usr/bin/cc  -I/opt/rustwide/workdir/sleef/src/common -I/opt/rustwide/workdir/sleef/src/arch -I/opt/rustwide/target/debug/build/sleef-sys-1871a575a1779971/out/build/src/libm/include -I/opt/rustwide/workdir/sleef/src/libm  -Wall -Wno-unused -Wno-attributes -Wno-unused-result -Wno-psabi -ffp-contract=off -fno-math-errno -fno-trapping-math -g   -std=gnu99 -o CMakeFiles/mkrename.dir/mkrename.c.o   -c /opt/rustwide/workdir/sleef/src/libm/mkrename.c
[INFO] [stderr]   cd /opt/rustwide/target/debug/build/sleef-sys-1871a575a1779971/out/build/src/common && /usr/bin/cc  -I/opt/rustwide/workdir/sleef/src/common -I/opt/rustwide/workdir/sleef/src/arch  -Wall -Wno-unused -Wno-attributes -Wno-unused-result -Wno-psabi -ffp-contract=off -fno-math-errno -fno-trapping-math -g -fPIC   -std=gnu99 -o CMakeFiles/common.dir/common.c.o   -c /opt/rustwide/workdir/sleef/src/common/common.c
[INFO] [stderr]   Scanning dependencies of target arraymap
[INFO] [stderr]   make[2]: Leaving directory '/opt/rustwide/target/debug/build/sleef-sys-1871a575a1779971/out/build'
[INFO] [stderr]   /usr/bin/make -f src/common/CMakeFiles/arraymap.dir/build.make src/common/CMakeFiles/arraymap.dir/build
[INFO] [stderr]   make[2]: Entering directory '/opt/rustwide/target/debug/build/sleef-sys-1871a575a1779971/out/build'
[INFO] [stderr]   [  8%] Building C object src/common/CMakeFiles/arraymap.dir/arraymap.c.o
[INFO] [stderr]   cd /opt/rustwide/target/debug/build/sleef-sys-1871a575a1779971/out/build/src/common && /usr/bin/cc  -I/opt/rustwide/workdir/sleef/src/common -I/opt/rustwide/workdir/sleef/src/arch  -Wall -Wno-unused -Wno-attributes -Wno-unused-result -Wno-psabi -ffp-contract=off -fno-math-errno -fno-trapping-math -g -fPIC   -std=gnu99 -o CMakeFiles/arraymap.dir/arraymap.c.o   -c /opt/rustwide/workdir/sleef/src/common/arraymap.c
[INFO] [stderr]   make[2]: Leaving directory '/opt/rustwide/target/debug/build/sleef-sys-1871a575a1779971/out/build'
[INFO] [stderr]   [  9%] Linking C executable ../../bin/mkrename_gnuabi
[INFO] [stderr]   [ 10%] Linking C executable ../../bin/mkalias
[INFO] [stderr]   cd /opt/rustwide/target/debug/build/sleef-sys-1871a575a1779971/out/build/src/libm && /usr/bin/cmake -E cmake_link_script CMakeFiles/mkrename_gnuabi.dir/link.txt --verbose=1
[INFO] [stderr]   cd /opt/rustwide/target/debug/build/sleef-sys-1871a575a1779971/out/build/src/libm && /usr/bin/cmake -E cmake_link_script CMakeFiles/mkalias.dir/link.txt --verbose=1
[INFO] [stderr]   /usr/bin/cc -Wall -Wno-unused -Wno-attributes -Wno-unused-result -Wno-psabi -ffp-contract=off -fno-math-errno -fno-trapping-math -g   CMakeFiles/mkalias.dir/mkalias.c.o  -o ../../bin/mkalias 
[INFO] [stderr]   [ 11%] Linking C executable ../../bin/mkmasked_gnuabi
[INFO] [stderr]   [ 11%] Built target common
[INFO] [stderr]   cd /opt/rustwide/target/debug/build/sleef-sys-1871a575a1779971/out/build/src/libm && /usr/bin/cmake -E cmake_link_script CMakeFiles/mkmasked_gnuabi.dir/link.txt --verbose=1
[INFO] [stderr]   [ 12%] Linking C executable ../../bin/mkdisp
[INFO] [stderr]   /usr/bin/cc -Wall -Wno-unused -Wno-attributes -Wno-unused-result -Wno-psabi -ffp-contract=off -fno-math-errno -fno-trapping-math -g   CMakeFiles/mkrename_gnuabi.dir/mkrename_gnuabi.c.o  -o ../../bin/mkrename_gnuabi 
[INFO] [stderr]   cd /opt/rustwide/target/debug/build/sleef-sys-1871a575a1779971/out/build/src/libm && /usr/bin/cmake -E cmake_link_script CMakeFiles/mkdisp.dir/link.txt --verbose=1
[INFO] [stderr]   [ 13%] Linking C executable ../../bin/mkrename
[INFO] [stderr]   cd /opt/rustwide/target/debug/build/sleef-sys-1871a575a1779971/out/build/src/libm && /usr/bin/cmake -E cmake_link_script CMakeFiles/mkrename.dir/link.txt --verbose=1
[INFO] [stderr]   /usr/bin/cc -Wall -Wno-unused -Wno-attributes -Wno-unused-result -Wno-psabi -ffp-contract=off -fno-math-errno -fno-trapping-math -g   CMakeFiles/mkrename.dir/mkrename.c.o  -o ../../bin/mkrename 
[INFO] [stderr]   /usr/bin/cc -Wall -Wno-unused -Wno-attributes -Wno-unused-result -Wno-psabi -ffp-contract=off -fno-math-errno -fno-trapping-math -g   CMakeFiles/mkmasked_gnuabi.dir/mkmasked_gnuabi.c.o  -o ../../bin/mkmasked_gnuabi 
[INFO] [stderr]   make[2]: Leaving directory '/opt/rustwide/target/debug/build/sleef-sys-1871a575a1779971/out/build'
[INFO] [stderr]   make[2]: Leaving directory '/opt/rustwide/target/debug/build/sleef-sys-1871a575a1779971/out/build'
[INFO] [stderr]   /usr/bin/cc -Wall -Wno-unused -Wno-attributes -Wno-unused-result -Wno-psabi -ffp-contract=off -fno-math-errno -fno-trapping-math -g   CMakeFiles/mkdisp.dir/mkdisp.c.o  -o ../../bin/mkdisp 
[INFO] [stderr]   make[2]: Leaving directory '/opt/rustwide/target/debug/build/sleef-sys-1871a575a1779971/out/build'
[INFO] [stderr]   [ 13%] Built target mkalias
[INFO] [stderr]   [ 13%] Built target mkrename_gnuabi
[INFO] [stderr]   /usr/bin/make -f src/libm/CMakeFiles/alias_avx512f.h_generated.dir/build.make src/libm/CMakeFiles/alias_avx512f.h_generated.dir/depend
[INFO] [stderr]   make[2]: Leaving directory '/opt/rustwide/target/debug/build/sleef-sys-1871a575a1779971/out/build'
[INFO] [stderr]   make[2]: Entering directory '/opt/rustwide/target/debug/build/sleef-sys-1871a575a1779971/out/build'
[INFO] [stderr]   cd /opt/rustwide/target/debug/build/sleef-sys-1871a575a1779971/out/build && /usr/bin/cmake -E cmake_depends "Unix Makefiles" /opt/rustwide/workdir/sleef /opt/rustwide/workdir/sleef/src/libm /opt/rustwide/target/debug/build/sleef-sys-1871a575a1779971/out/build /opt/rustwide/target/debug/build/sleef-sys-1871a575a1779971/out/build/src/libm /opt/rustwide/target/debug/build/sleef-sys-1871a575a1779971/out/build/src/libm/CMakeFiles/alias_avx512f.h_generated.dir/DependInfo.cmake --color=
[INFO] [stderr]   /usr/bin/make -f src/libm/CMakeFiles/sleefgnuabiavx2sp.dir/build.make src/libm/CMakeFiles/sleefgnuabiavx2sp.dir/depend
[INFO] [stderr]   /usr/bin/make -f src/libm/CMakeFiles/sleefgnuabiavx2dp.dir/build.make src/libm/CMakeFiles/sleefgnuabiavx2dp.dir/depend
[INFO] [stderr]   make[2]: Entering directory '/opt/rustwide/target/debug/build/sleef-sys-1871a575a1779971/out/build'
[INFO] [stderr]   make[2]: Entering directory '/opt/rustwide/target/debug/build/sleef-sys-1871a575a1779971/out/build'
[INFO] [stderr]   /usr/bin/make -f src/libm/CMakeFiles/sleefgnuabiavxsp.dir/build.make src/libm/CMakeFiles/sleefgnuabiavxsp.dir/depend
[INFO] [stderr]   make[2]: Leaving directory '/opt/rustwide/target/debug/build/sleef-sys-1871a575a1779971/out/build'
[INFO] [stderr]   make[2]: Entering directory '/opt/rustwide/target/debug/build/sleef-sys-1871a575a1779971/out/build'
[INFO] [stderr]   [ 13%] Built target arraymap
[INFO] [stderr]   [ 13%] Built target mkrename
[INFO] [stderr]   Dependee "/opt/rustwide/target/debug/build/sleef-sys-1871a575a1779971/out/build/src/libm/CMakeFiles/alias_avx512f.h_generated.dir/DependInfo.cmake" is newer than depender "/opt/rustwide/target/debug/build/sleef-sys-1871a575a1779971/out/build/src/libm/CMakeFiles/alias_avx512f.h_generated.dir/depend.internal".
[INFO] [stderr]   Dependee "/opt/rustwide/target/debug/build/sleef-sys-1871a575a1779971/out/build/src/libm/CMakeFiles/CMakeDirectoryInformation.cmake" is newer than depender "/opt/rustwide/target/debug/build/sleef-sys-1871a575a1779971/out/build/src/libm/CMakeFiles/alias_avx512f.h_generated.dir/depend.internal".
[INFO] [stderr]   make[2]: Leaving directory '/opt/rustwide/target/debug/build/sleef-sys-1871a575a1779971/out/build'
[INFO] [stderr]   Scanning dependencies of target alias_avx512f.h_generated
[INFO] [stderr]   make[2]: Leaving directory '/opt/rustwide/target/debug/build/sleef-sys-1871a575a1779971/out/build'
[INFO] [stderr]   [ 14%] Generating include/renameavx2_gnuabi.h
[INFO] [stderr]   [ 16%] Generating include/renameavx_gnuabi.h
[INFO] [stderr]   [ 16%] Built target mkdisp
[INFO] [stderr]   cd /opt/rustwide/target/debug/build/sleef-sys-1871a575a1779971/out/build/src/libm && echo Generating renameavx2_gnuabi.h: mkrename_gnuabi "avx2" "d" "4" "8" "__m256d" "__m256" "__m128i" "__m256i" "__AVX2__"
[INFO] [stderr]   /usr/bin/make -f src/libm/CMakeFiles/alias_avx512f.h_generated.dir/build.make src/libm/CMakeFiles/alias_avx512f.h_generated.dir/build
[INFO] [stderr]   [ 17%] Generating include/renameavx2_gnuabi.h
[INFO] [stderr]   cd /opt/rustwide/target/debug/build/sleef-sys-1871a575a1779971/out/build/src/libm && echo Generating renameavx_gnuabi.h: mkrename_gnuabi "avx" "c" "4" "8" "__m256d" "__m256" "__m128i" "struct\ {\ __m128i\ x,\ y;\ }" "__AVX__"
[INFO] [stderr]   Generating renameavx2_gnuabi.h: mkrename_gnuabi avx2 d 4 8 __m256d __m256 __m128i __m256i __AVX2__
[INFO] [stderr]   cd /opt/rustwide/target/debug/build/sleef-sys-1871a575a1779971/out/build/src/libm && ../../bin/mkrename_gnuabi "avx2" "d" "4" "8" "__m256d" "__m256" "__m128i" "__m256i" "__AVX2__" > /opt/rustwide/target/debug/build/sleef-sys-1871a575a1779971/out/build/src/libm/include/renameavx2_gnuabi.h
[INFO] [stderr]   make[2]: Entering directory '/opt/rustwide/target/debug/build/sleef-sys-1871a575a1779971/out/build'
[INFO] [stderr]   /usr/bin/make -f src/libm/CMakeFiles/sleefgnuabiavxdp.dir/build.make src/libm/CMakeFiles/sleefgnuabiavxdp.dir/depend
[INFO] [stderr]   Generating renameavx_gnuabi.h: mkrename_gnuabi avx c 4 8 __m256d __m256 __m128i struct\ {\ __m128i\ x,\ y;\ } __AVX__
[INFO] [stderr]   cd /opt/rustwide/target/debug/build/sleef-sys-1871a575a1779971/out/build/src/libm && ../../bin/mkrename_gnuabi "avx" "c" "4" "8" "__m256d" "__m256" "__m128i" "struct\ {\ __m128i\ x,\ y;\ }" "__AVX__" > /opt/rustwide/target/debug/build/sleef-sys-1871a575a1779971/out/build/src/libm/include/renameavx_gnuabi.h
[INFO] [stderr]   make[2]: Entering directory '/opt/rustwide/target/debug/build/sleef-sys-1871a575a1779971/out/build'
[INFO] [stderr]   /usr/bin/make -f src/libm/CMakeFiles/sleefgnuabisse2dp.dir/build.make src/libm/CMakeFiles/sleefgnuabisse2dp.dir/depend
[INFO] [stderr]   cd /opt/rustwide/target/debug/build/sleef-sys-1871a575a1779971/out/build && /usr/bin/cmake -E cmake_depends "Unix Makefiles" /opt/rustwide/workdir/sleef /opt/rustwide/workdir/sleef/src/libm /opt/rustwide/target/debug/build/sleef-sys-1871a575a1779971/out/build /opt/rustwide/target/debug/build/sleef-sys-1871a575a1779971/out/build/src/libm /opt/rustwide/target/debug/build/sleef-sys-1871a575a1779971/out/build/src/libm/CMakeFiles/sleefgnuabiavxsp.dir/DependInfo.cmake --color=
[INFO] [stderr]   cd /opt/rustwide/target/debug/build/sleef-sys-1871a575a1779971/out/build/src/libm && echo Generating renameavx2_gnuabi.h: mkrename_gnuabi "avx2" "d" "4" "8" "__m256d" "__m256" "__m128i" "__m256i" "__AVX2__"
[INFO] [stderr]   make[2]: Entering directory '/opt/rustwide/target/debug/build/sleef-sys-1871a575a1779971/out/build'
[INFO] [stderr]   cd /opt/rustwide/target/debug/build/sleef-sys-1871a575a1779971/out/build && /usr/bin/cmake -E cmake_depends "Unix Makefiles" /opt/rustwide/workdir/sleef /opt/rustwide/workdir/sleef/src/libm /opt/rustwide/target/debug/build/sleef-sys-1871a575a1779971/out/build /opt/rustwide/target/debug/build/sleef-sys-1871a575a1779971/out/build/src/libm /opt/rustwide/target/debug/build/sleef-sys-1871a575a1779971/out/build/src/libm/CMakeFiles/sleefgnuabiavx2sp.dir/DependInfo.cmake --color=
[INFO] [stderr]   Generating renameavx2_gnuabi.h: mkrename_gnuabi avx2 d 4 8 __m256d __m256 __m128i __m256i __AVX2__
[INFO] [stderr]   cd /opt/rustwide/target/debug/build/sleef-sys-1871a575a1779971/out/build/src/libm && ../../bin/mkrename_gnuabi "avx2" "d" "4" "8" "__m256d" "__m256" "__m128i" "__m256i" "__AVX2__" > /opt/rustwide/target/debug/build/sleef-sys-1871a575a1779971/out/build/src/libm/include/renameavx2_gnuabi.h
[INFO] [stderr]   /usr/bin/make -f src/libm/CMakeFiles/renameAVX2.h_generated.dir/build.make src/libm/CMakeFiles/renameAVX2.h_generated.dir/depend
[INFO] [stderr]   [ 17%] Built target mkmasked_gnuabi
[INFO] [stderr]   [ 18%] Generating alias_avx512f.h
[INFO] [stderr]   cd /opt/rustwide/target/debug/build/sleef-sys-1871a575a1779971/out/build/src/libm && ../../bin/mkalias "-16" "__m512" "__m512i" "e" "avx512f" > /opt/rustwide/target/debug/build/sleef-sys-1871a575a1779971/out/build/src/libm/include/alias_avx512f.h
[INFO] [stderr]   make[2]: Entering directory '/opt/rustwide/target/debug/build/sleef-sys-1871a575a1779971/out/build'
[INFO] [stderr]   cd /opt/rustwide/target/debug/build/sleef-sys-1871a575a1779971/out/build && /usr/bin/cmake -E cmake_depends "Unix Makefiles" /opt/rustwide/workdir/sleef /opt/rustwide/workdir/sleef/src/libm /opt/rustwide/target/debug/build/sleef-sys-1871a575a1779971/out/build /opt/rustwide/target/debug/build/sleef-sys-1871a575a1779971/out/build/src/libm /opt/rustwide/target/debug/build/sleef-sys-1871a575a1779971/out/build/src/libm/CMakeFiles/renameAVX2.h_generated.dir/DependInfo.cmake --color=
[INFO] [stderr]   /usr/bin/make -f src/libm/CMakeFiles/sleefgnuabisse2sp.dir/build.make src/libm/CMakeFiles/sleefgnuabisse2sp.dir/depend
[INFO] [stderr]   [ 19%] Generating include/renameavx_gnuabi.h
[INFO] [stderr]   /usr/bin/make -f src/libm/CMakeFiles/renameAVX2128.h_generated.dir/build.make src/libm/CMakeFiles/renameAVX2128.h_generated.dir/depend
[INFO] [stderr]   cd /opt/rustwide/target/debug/build/sleef-sys-1871a575a1779971/out/build/src/libm && echo Generating renameavx_gnuabi.h: mkrename_gnuabi "avx" "c" "4" "8" "__m256d" "__m256" "__m128i" "struct\ {\ __m128i\ x,\ y;\ }" "__AVX__"
[INFO] [stderr]   Generating renameavx_gnuabi.h: mkrename_gnuabi avx c 4 8 __m256d __m256 __m128i struct\ {\ __m128i\ x,\ y;\ } __AVX__
[INFO] [stderr]   cd /opt/rustwide/target/debug/build/sleef-sys-1871a575a1779971/out/build/src/libm && ../../bin/mkrename_gnuabi "avx" "c" "4" "8" "__m256d" "__m256" "__m128i" "struct\ {\ __m128i\ x,\ y;\ }" "__AVX__" > /opt/rustwide/target/debug/build/sleef-sys-1871a575a1779971/out/build/src/libm/include/renameavx_gnuabi.h
[INFO] [stderr]   make[2]: Entering directory '/opt/rustwide/target/debug/build/sleef-sys-1871a575a1779971/out/build'
[INFO] [stderr]   Dependee "/opt/rustwide/target/debug/build/sleef-sys-1871a575a1779971/out/build/src/libm/CMakeFiles/sleefgnuabiavxsp.dir/DependInfo.cmake" is newer than depender "/opt/rustwide/target/debug/build/sleef-sys-1871a575a1779971/out/build/src/libm/CMakeFiles/sleefgnuabiavxsp.dir/depend.internal".
[INFO] [stderr]   Dependee "/opt/rustwide/target/debug/build/sleef-sys-1871a575a1779971/out/build/src/libm/CMakeFiles/CMakeDirectoryInformation.cmake" is newer than depender "/opt/rustwide/target/debug/build/sleef-sys-1871a575a1779971/out/build/src/libm/CMakeFiles/sleefgnuabiavxsp.dir/depend.internal".
[INFO] [stderr]   /usr/bin/make -f src/libm/CMakeFiles/renameFMA4.h_generated.dir/build.make src/libm/CMakeFiles/renameFMA4.h_generated.dir/depend
[INFO] [stderr]   make[2]: Entering directory '/opt/rustwide/target/debug/build/sleef-sys-1871a575a1779971/out/build'
[INFO] [stderr]   cd /opt/rustwide/target/debug/build/sleef-sys-1871a575a1779971/out/build && /usr/bin/cmake -E cmake_depends "Unix Makefiles" /opt/rustwide/workdir/sleef /opt/rustwide/workdir/sleef/src/libm /opt/rustwide/target/debug/build/sleef-sys-1871a575a1779971/out/build /opt/rustwide/target/debug/build/sleef-sys-1871a575a1779971/out/build/src/libm /opt/rustwide/target/debug/build/sleef-sys-1871a575a1779971/out/build/src/libm/CMakeFiles/renameAVX2128.h_generated.dir/DependInfo.cmake --color=
[INFO] [stderr]   /usr/bin/make -f src/libm/CMakeFiles/renameAVX512F.h_generated.dir/build.make src/libm/CMakeFiles/renameAVX512F.h_generated.dir/depend
[INFO] [stderr]   cd /opt/rustwide/target/debug/build/sleef-sys-1871a575a1779971/out/build && /usr/bin/cmake -E cmake_depends "Unix Makefiles" /opt/rustwide/workdir/sleef /opt/rustwide/workdir/sleef/src/libm /opt/rustwide/target/debug/build/sleef-sys-1871a575a1779971/out/build /opt/rustwide/target/debug/build/sleef-sys-1871a575a1779971/out/build/src/libm /opt/rustwide/target/debug/build/sleef-sys-1871a575a1779971/out/build/src/libm/CMakeFiles/sleefgnuabiavx2dp.dir/DependInfo.cmake --color=
[INFO] [stderr]   [ 20%] Generating include/renamesse2_gnuabi.h
[INFO] [stderr]   /usr/bin/make -f src/libm/CMakeFiles/renameAVX.h_generated.dir/build.make src/libm/CMakeFiles/renameAVX.h_generated.dir/depend
[INFO] [stderr]   make[2]: Entering directory '/opt/rustwide/target/debug/build/sleef-sys-1871a575a1779971/out/build'
[INFO] [stderr]   cd /opt/rustwide/target/debug/build/sleef-sys-1871a575a1779971/out/build && /usr/bin/cmake -E cmake_depends "Unix Makefiles" /opt/rustwide/workdir/sleef /opt/rustwide/workdir/sleef/src/libm /opt/rustwide/target/debug/build/sleef-sys-1871a575a1779971/out/build /opt/rustwide/target/debug/build/sleef-sys-1871a575a1779971/out/build/src/libm /opt/rustwide/target/debug/build/sleef-sys-1871a575a1779971/out/build/src/libm/CMakeFiles/renameFMA4.h_generated.dir/DependInfo.cmake --color=
[INFO] [stderr]   make[2]: Entering directory '/opt/rustwide/target/debug/build/sleef-sys-1871a575a1779971/out/build'
[INFO] [stderr]   cd /opt/rustwide/target/debug/build/sleef-sys-1871a575a1779971/out/build && /usr/bin/cmake -E cmake_depends "Unix Makefiles" /opt/rustwide/workdir/sleef /opt/rustwide/workdir/sleef/src/libm /opt/rustwide/target/debug/build/sleef-sys-1871a575a1779971/out/build /opt/rustwide/target/debug/build/sleef-sys-1871a575a1779971/out/build/src/libm /opt/rustwide/target/debug/build/sleef-sys-1871a575a1779971/out/build/src/libm/CMakeFiles/renameAVX512F.h_generated.dir/DependInfo.cmake --color=
[INFO] [stderr]   Dependee "/opt/rustwide/target/debug/build/sleef-sys-1871a575a1779971/out/build/src/libm/CMakeFiles/sleefgnuabiavx2sp.dir/DependInfo.cmake" is newer than depender "/opt/rustwide/target/debug/build/sleef-sys-1871a575a1779971/out/build/src/libm/CMakeFiles/sleefgnuabiavx2sp.dir/depend.internal".
[INFO] [stderr]   Dependee "/opt/rustwide/target/debug/build/sleef-sys-1871a575a1779971/out/build/src/libm/CMakeFiles/CMakeDirectoryInformation.cmake" is newer than depender "/opt/rustwide/target/debug/build/sleef-sys-1871a575a1779971/out/build/src/libm/CMakeFiles/sleefgnuabiavx2sp.dir/depend.internal".
[INFO] [stderr]   cd /opt/rustwide/target/debug/build/sleef-sys-1871a575a1779971/out/build/src/libm && ../../bin/mkalias "8" "__m512d" "__m256i" "e" "avx512f" >> /opt/rustwide/target/debug/build/sleef-sys-1871a575a1779971/out/build/src/libm/include/alias_avx512f.h
[INFO] [stderr]   cd /opt/rustwide/target/debug/build/sleef-sys-1871a575a1779971/out/build/src/libm && echo Generating renamesse2_gnuabi.h: mkrename_gnuabi "sse2" "b" "2" "4" "_mm128d" "_mm128" "_mm128i" "_mm128i" "__SSE2__"
[INFO] [stderr]   make[2]: Entering directory '/opt/rustwide/target/debug/build/sleef-sys-1871a575a1779971/out/build'
[INFO] [stderr]   cd /opt/rustwide/target/debug/build/sleef-sys-1871a575a1779971/out/build && /usr/bin/cmake -E cmake_depends "Unix Makefiles" /opt/rustwide/workdir/sleef /opt/rustwide/workdir/sleef/src/libm /opt/rustwide/target/debug/build/sleef-sys-1871a575a1779971/out/build /opt/rustwide/target/debug/build/sleef-sys-1871a575a1779971/out/build/src/libm /opt/rustwide/target/debug/build/sleef-sys-1871a575a1779971/out/build/src/libm/CMakeFiles/renameAVX.h_generated.dir/DependInfo.cmake --color=
[INFO] [stderr]   /usr/bin/make -f src/libm/CMakeFiles/renameSSE2.h_generated.dir/build.make src/libm/CMakeFiles/renameSSE2.h_generated.dir/depend
[INFO] [stderr]   /usr/bin/make -f src/libm/CMakeFiles/renameSSE4.h_generated.dir/build.make src/libm/CMakeFiles/renameSSE4.h_generated.dir/depend
[INFO] [stderr]   make[2]: Entering directory '/opt/rustwide/target/debug/build/sleef-sys-1871a575a1779971/out/build'
[INFO] [stderr]   cd /opt/rustwide/target/debug/build/sleef-sys-1871a575a1779971/out/build && /usr/bin/cmake -E cmake_depends "Unix Makefiles" /opt/rustwide/workdir/sleef /opt/rustwide/workdir/sleef/src/libm /opt/rustwide/target/debug/build/sleef-sys-1871a575a1779971/out/build /opt/rustwide/target/debug/build/sleef-sys-1871a575a1779971/out/build/src/libm /opt/rustwide/target/debug/build/sleef-sys-1871a575a1779971/out/build/src/libm/CMakeFiles/renameSSE2.h_generated.dir/DependInfo.cmake --color=
[INFO] [stderr]   make[2]: Entering directory '/opt/rustwide/target/debug/build/sleef-sys-1871a575a1779971/out/build'
[INFO] [stderr]   cd /opt/rustwide/target/debug/build/sleef-sys-1871a575a1779971/out/build && /usr/bin/cmake -E cmake_depends "Unix Makefiles" /opt/rustwide/workdir/sleef /opt/rustwide/workdir/sleef/src/libm /opt/rustwide/target/debug/build/sleef-sys-1871a575a1779971/out/build /opt/rustwide/target/debug/build/sleef-sys-1871a575a1779971/out/build/src/libm /opt/rustwide/target/debug/build/sleef-sys-1871a575a1779971/out/build/src/libm/CMakeFiles/renameSSE4.h_generated.dir/DependInfo.cmake --color=
[INFO] [stderr]   Scanning dependencies of target sleefgnuabiavxsp
[INFO] [stderr]   cd /opt/rustwide/target/debug/build/sleef-sys-1871a575a1779971/out/build && /usr/bin/cmake -E cmake_depends "Unix Makefiles" /opt/rustwide/workdir/sleef /opt/rustwide/workdir/sleef/src/libm /opt/rustwide/target/debug/build/sleef-sys-1871a575a1779971/out/build /opt/rustwide/target/debug/build/sleef-sys-1871a575a1779971/out/build/src/libm /opt/rustwide/target/debug/build/sleef-sys-1871a575a1779971/out/build/src/libm/CMakeFiles/sleefgnuabiavxdp.dir/DependInfo.cmake --color=
[INFO] [stderr]   make[2]: Leaving directory '/opt/rustwide/target/debug/build/sleef-sys-1871a575a1779971/out/build'
[INFO] [stderr]   Generating renamesse2_gnuabi.h: mkrename_gnuabi sse2 b 2 4 _mm128d _mm128 _mm128i _mm128i __SSE2__
[INFO] [stderr]   cd /opt/rustwide/target/debug/build/sleef-sys-1871a575a1779971/out/build/src/libm && ../../bin/mkrename_gnuabi "sse2" "b" "2" "4" "_mm128d" "_mm128" "_mm128i" "_mm128i" "__SSE2__" > /opt/rustwide/target/debug/build/sleef-sys-1871a575a1779971/out/build/src/libm/include/renamesse2_gnuabi.h
[INFO] [stderr]   /usr/bin/make -f src/libm/CMakeFiles/sleefgnuabiavxsp.dir/build.make src/libm/CMakeFiles/sleefgnuabiavxsp.dir/build
[INFO] [stderr]   Dependee "/opt/rustwide/target/debug/build/sleef-sys-1871a575a1779971/out/build/src/libm/CMakeFiles/renameAVX2.h_generated.dir/DependInfo.cmake" is newer than depender "/opt/rustwide/target/debug/build/sleef-sys-1871a575a1779971/out/build/src/libm/CMakeFiles/renameAVX2.h_generated.dir/depend.internal".
[INFO] [stderr]   Dependee "/opt/rustwide/target/debug/build/sleef-sys-1871a575a1779971/out/build/src/libm/CMakeFiles/CMakeDirectoryInformation.cmake" is newer than depender "/opt/rustwide/target/debug/build/sleef-sys-1871a575a1779971/out/build/src/libm/CMakeFiles/renameAVX2.h_generated.dir/depend.internal".
[INFO] [stderr]   Scanning dependencies of target renameAVX2.h_generated
[INFO] [stderr]   make[2]: Entering directory '/opt/rustwide/target/debug/build/sleef-sys-1871a575a1779971/out/build'
[INFO] [stderr]   make[2]: Leaving directory '/opt/rustwide/target/debug/build/sleef-sys-1871a575a1779971/out/build'
[INFO] [stderr]   /usr/bin/make -f src/libm/CMakeFiles/renameAVX2.h_generated.dir/build.make src/libm/CMakeFiles/renameAVX2.h_generated.dir/build
[INFO] [stderr]   [ 21%] Generating include/renamesse2_gnuabi.h
[INFO] [stderr]   make[2]: Entering directory '/opt/rustwide/target/debug/build/sleef-sys-1871a575a1779971/out/build'
[INFO] [stderr]   cd /opt/rustwide/target/debug/build/sleef-sys-1871a575a1779971/out/build && /usr/bin/cmake -E cmake_depends "Unix Makefiles" /opt/rustwide/workdir/sleef /opt/rustwide/workdir/sleef/src/libm /opt/rustwide/target/debug/build/sleef-sys-1871a575a1779971/out/build /opt/rustwide/target/debug/build/sleef-sys-1871a575a1779971/out/build/src/libm /opt/rustwide/target/debug/build/sleef-sys-1871a575a1779971/out/build/src/libm/CMakeFiles/sleefgnuabisse2dp.dir/DependInfo.cmake --color=
[INFO] [stderr]   [ 22%] Building C object src/libm/CMakeFiles/sleefgnuabiavxsp.dir/sleefsimdsp.c.o
[INFO] [stderr]   cd /opt/rustwide/target/debug/build/sleef-sys-1871a575a1779971/out/build/src/libm && echo Generating renamesse2_gnuabi.h: mkrename_gnuabi "sse2" "b" "2" "4" "_mm128d" "_mm128" "_mm128i" "_mm128i" "__SSE2__"
[INFO] [stderr]   Dependee "/opt/rustwide/target/debug/build/sleef-sys-1871a575a1779971/out/build/src/libm/CMakeFiles/renameAVX2128.h_generated.dir/DependInfo.cmake" is newer than depender "/opt/rustwide/target/debug/build/sleef-sys-1871a575a1779971/out/build/src/libm/CMakeFiles/renameAVX2128.h_generated.dir/depend.internal".
[INFO] [stderr]   Dependee "/opt/rustwide/target/debug/build/sleef-sys-1871a575a1779971/out/build/src/libm/CMakeFiles/CMakeDirectoryInformation.cmake" is newer than depender "/opt/rustwide/target/debug/build/sleef-sys-1871a575a1779971/out/build/src/libm/CMakeFiles/renameAVX2128.h_generated.dir/depend.internal".
[INFO] [stderr]   Scanning dependencies of target renameAVX2128.h_generated
[INFO] [stderr]   make[2]: Leaving directory '/opt/rustwide/target/debug/build/sleef-sys-1871a575a1779971/out/build'
[INFO] [stderr]   /usr/bin/make -f src/libm/CMakeFiles/renameAVX2128.h_generated.dir/build.make src/libm/CMakeFiles/renameAVX2128.h_generated.dir/build
[INFO] [stderr]   cd /opt/rustwide/target/debug/build/sleef-sys-1871a575a1779971/out/build/src/libm && /usr/bin/cc -DDORENAME=1 -DENABLE_AVX=1 -DENABLE_GNUABI=1 -I/opt/rustwide/workdir/sleef/src/common -I/opt/rustwide/workdir/sleef/src/arch -I/opt/rustwide/target/debug/build/sleef-sys-1871a575a1779971/out/build/src/libm/include -I/opt/rustwide/workdir/sleef/src/libm  -Wall -Wno-unused -Wno-attributes -Wno-unused-result -Wno-psabi -ffp-contract=off -fno-math-errno -fno-trapping-math -g -fPIC   -mavx -DENABLE_GNUABI=1 -std=gnu99 -o CMakeFiles/sleefgnuabiavxsp.dir/sleefsimdsp.c.o   -c /opt/rustwide/workdir/sleef/src/libm/sleefsimdsp.c
[INFO] [stderr]   Dependee "/opt/rustwide/target/debug/build/sleef-sys-1871a575a1779971/out/build/src/libm/CMakeFiles/renameSSE2.h_generated.dir/DependInfo.cmake" is newer than depender "/opt/rustwide/target/debug/build/sleef-sys-1871a575a1779971/out/build/src/libm/CMakeFiles/renameSSE2.h_generated.dir/depend.internal".
[INFO] [stderr]   make[2]: Entering directory '/opt/rustwide/target/debug/build/sleef-sys-1871a575a1779971/out/build'
[INFO] [stderr]   Dependee "/opt/rustwide/target/debug/build/sleef-sys-1871a575a1779971/out/build/src/libm/CMakeFiles/sleefgnuabiavx2dp.dir/DependInfo.cmake" is newer than depender "/opt/rustwide/target/debug/build/sleef-sys-1871a575a1779971/out/build/src/libm/CMakeFiles/sleefgnuabiavx2dp.dir/depend.internal".
[INFO] [stderr]   Generating renamesse2_gnuabi.h: mkrename_gnuabi sse2 b 2 4 _mm128d _mm128 _mm128i _mm128i __SSE2__
[INFO] [stderr]   Scanning dependencies of target sleefgnuabiavx2sp
[INFO] [stderr]   make[2]: Leaving directory '/opt/rustwide/target/debug/build/sleef-sys-1871a575a1779971/out/build'
[INFO] [stderr]   /usr/bin/make -f src/libm/CMakeFiles/sleefgnuabiavx2sp.dir/build.make src/libm/CMakeFiles/sleefgnuabiavx2sp.dir/build
[INFO] [stderr]   Dependee "/opt/rustwide/target/debug/build/sleef-sys-1871a575a1779971/out/build/src/libm/CMakeFiles/renameAVX.h_generated.dir/DependInfo.cmake" is newer than depender "/opt/rustwide/target/debug/build/sleef-sys-1871a575a1779971/out/build/src/libm/CMakeFiles/renameAVX.h_generated.dir/depend.internal".
[INFO] [stderr]   Dependee "/opt/rustwide/target/debug/build/sleef-sys-1871a575a1779971/out/build/src/libm/CMakeFiles/CMakeDirectoryInformation.cmake" is newer than depender "/opt/rustwide/target/debug/build/sleef-sys-1871a575a1779971/out/build/src/libm/CMakeFiles/renameAVX.h_generated.dir/depend.internal".
[INFO] [stderr]   Dependee "/opt/rustwide/target/debug/build/sleef-sys-1871a575a1779971/out/build/src/libm/CMakeFiles/CMakeDirectoryInformation.cmake" is newer than depender "/opt/rustwide/target/debug/build/sleef-sys-1871a575a1779971/out/build/src/libm/CMakeFiles/sleefgnuabiavx2dp.dir/depend.internal".
[INFO] [stderr]   Scanning dependencies of target renameAVX.h_generated
[INFO] [stderr]   cd /opt/rustwide/target/debug/build/sleef-sys-1871a575a1779971/out/build/src/libm && ../../bin/mkrename_gnuabi "sse2" "b" "2" "4" "_mm128d" "_mm128" "_mm128i" "_mm128i" "__SSE2__" > /opt/rustwide/target/debug/build/sleef-sys-1871a575a1779971/out/build/src/libm/include/renamesse2_gnuabi.h
[INFO] [stderr]   make[2]: Entering directory '/opt/rustwide/target/debug/build/sleef-sys-1871a575a1779971/out/build'
[INFO] [stderr]   make[2]: Leaving directory '/opt/rustwide/target/debug/build/sleef-sys-1871a575a1779971/out/build'
[INFO] [stderr]   /usr/bin/make -f src/libm/CMakeFiles/renameAVX.h_generated.dir/build.make src/libm/CMakeFiles/renameAVX.h_generated.dir/build
[INFO] [stderr]   Scanning dependencies of target sleefgnuabiavx2dp
[INFO] [stderr]   Dependee "/opt/rustwide/target/debug/build/sleef-sys-1871a575a1779971/out/build/src/libm/CMakeFiles/CMakeDirectoryInformation.cmake" is newer than depender "/opt/rustwide/target/debug/build/sleef-sys-1871a575a1779971/out/build/src/libm/CMakeFiles/renameSSE2.h_generated.dir/depend.internal".
[INFO] [stderr]   Scanning dependencies of target renameSSE2.h_generated
[INFO] [stderr]   make[2]: Leaving directory '/opt/rustwide/target/debug/build/sleef-sys-1871a575a1779971/out/build'
[INFO] [stderr]   Dependee "/opt/rustwide/target/debug/build/sleef-sys-1871a575a1779971/out/build/src/libm/CMakeFiles/renameFMA4.h_generated.dir/DependInfo.cmake" is newer than depender "/opt/rustwide/target/debug/build/sleef-sys-1871a575a1779971/out/build/src/libm/CMakeFiles/renameFMA4.h_generated.dir/depend.internal".
[INFO] [stderr]   Dependee "/opt/rustwide/target/debug/build/sleef-sys-1871a575a1779971/out/build/src/libm/CMakeFiles/CMakeDirectoryInformation.cmake" is newer than depender "/opt/rustwide/target/debug/build/sleef-sys-1871a575a1779971/out/build/src/libm/CMakeFiles/renameFMA4.h_generated.dir/depend.internal".
[INFO] [stderr]   make[2]: Leaving directory '/opt/rustwide/target/debug/build/sleef-sys-1871a575a1779971/out/build'
[INFO] [stderr]   /usr/bin/make -f src/libm/CMakeFiles/sleefgnuabiavx2dp.dir/build.make src/libm/CMakeFiles/sleefgnuabiavx2dp.dir/build
[INFO] [stderr]   make[2]: Entering directory '/opt/rustwide/target/debug/build/sleef-sys-1871a575a1779971/out/build'
[INFO] [stderr]   Dependee "/opt/rustwide/target/debug/build/sleef-sys-1871a575a1779971/out/build/src/libm/CMakeFiles/sleefgnuabisse2dp.dir/DependInfo.cmake" is newer than depender "/opt/rustwide/target/debug/build/sleef-sys-1871a575a1779971/out/build/src/libm/CMakeFiles/sleefgnuabisse2dp.dir/depend.internal".
[INFO] [stderr]   Dependee "/opt/rustwide/target/debug/build/sleef-sys-1871a575a1779971/out/build/src/libm/CMakeFiles/CMakeDirectoryInformation.cmake" is newer than depender "/opt/rustwide/target/debug/build/sleef-sys-1871a575a1779971/out/build/src/libm/CMakeFiles/sleefgnuabisse2dp.dir/depend.internal".
[INFO] [stderr]   make[2]: Leaving directory '/opt/rustwide/target/debug/build/sleef-sys-1871a575a1779971/out/build'
[INFO] [stderr]   Scanning dependencies of target renameFMA4.h_generated
[INFO] [stderr]   Scanning dependencies of target sleefgnuabisse2dp
[INFO] [stderr]   make[2]: Leaving directory '/opt/rustwide/target/debug/build/sleef-sys-1871a575a1779971/out/build'
[INFO] [stderr]   [ 24%] Generating include/renameavx2128.h
[INFO] [stderr]   make[2]: Leaving directory '/opt/rustwide/target/debug/build/sleef-sys-1871a575a1779971/out/build'
[INFO] [stderr]   cd /opt/rustwide/target/debug/build/sleef-sys-1871a575a1779971/out/build/src/libm && echo Generating renameavx2128.h: mkrename "2" "4" "avx2128"
[INFO] [stderr]   [ 25%] Generating include/renameavx2.h
[INFO] [stderr]   cd /opt/rustwide/target/debug/build/sleef-sys-1871a575a1779971/out/build && /usr/bin/cmake -E cmake_depends "Unix Makefiles" /opt/rustwide/workdir/sleef /opt/rustwide/workdir/sleef/src/libm /opt/rustwide/target/debug/build/sleef-sys-1871a575a1779971/out/build /opt/rustwide/target/debug/build/sleef-sys-1871a575a1779971/out/build/src/libm /opt/rustwide/target/debug/build/sleef-sys-1871a575a1779971/out/build/src/libm/CMakeFiles/sleefgnuabisse2sp.dir/DependInfo.cmake --color=
[INFO] [stderr]   Generating renameavx2128.h: mkrename 2 4 avx2128
[INFO] [stderr]   cd /opt/rustwide/target/debug/build/sleef-sys-1871a575a1779971/out/build/src/libm && ../../bin/mkrename "2" "4" "avx2128" > /opt/rustwide/target/debug/build/sleef-sys-1871a575a1779971/out/build/src/libm/include/renameavx2128.h
[INFO] [stderr]   Dependee "/opt/rustwide/target/debug/build/sleef-sys-1871a575a1779971/out/build/src/libm/CMakeFiles/renameSSE4.h_generated.dir/DependInfo.cmake" is newer than depender "/opt/rustwide/target/debug/build/sleef-sys-1871a575a1779971/out/build/src/libm/CMakeFiles/renameSSE4.h_generated.dir/depend.internal".
[INFO] [stderr]   Dependee "/opt/rustwide/target/debug/build/sleef-sys-1871a575a1779971/out/build/src/libm/CMakeFiles/CMakeDirectoryInformation.cmake" is newer than depender "/opt/rustwide/target/debug/build/sleef-sys-1871a575a1779971/out/build/src/libm/CMakeFiles/renameSSE4.h_generated.dir/depend.internal".
[INFO] [stderr]   Scanning dependencies of target renameSSE4.h_generated
[INFO] [stderr]   cd /opt/rustwide/target/debug/build/sleef-sys-1871a575a1779971/out/build/src/libm && echo Generating renameavx2.h: mkrename "4" "8" "avx2"
[INFO] [stderr]   make[2]: Leaving directory '/opt/rustwide/target/debug/build/sleef-sys-1871a575a1779971/out/build'
[INFO] [stderr]   make[2]: Entering directory '/opt/rustwide/target/debug/build/sleef-sys-1871a575a1779971/out/build'
[INFO] [stderr]   Dependee "/opt/rustwide/target/debug/build/sleef-sys-1871a575a1779971/out/build/src/libm/CMakeFiles/renameAVX512F.h_generated.dir/DependInfo.cmake" is newer than depender "/opt/rustwide/target/debug/build/sleef-sys-1871a575a1779971/out/build/src/libm/CMakeFiles/renameAVX512F.h_generated.dir/depend.internal".
[INFO] [stderr]   Dependee "/opt/rustwide/target/debug/build/sleef-sys-1871a575a1779971/out/build/src/libm/CMakeFiles/CMakeDirectoryInformation.cmake" is newer than depender "/opt/rustwide/target/debug/build/sleef-sys-1871a575a1779971/out/build/src/libm/CMakeFiles/renameAVX512F.h_generated.dir/depend.internal".
[INFO] [stderr]   Scanning dependencies of target renameAVX512F.h_generated
[INFO] [stderr]   /usr/bin/make -f src/libm/CMakeFiles/sleefgnuabisse2dp.dir/build.make src/libm/CMakeFiles/sleefgnuabisse2dp.dir/build
[INFO] [stderr]   make[2]: Leaving directory '/opt/rustwide/target/debug/build/sleef-sys-1871a575a1779971/out/build'
[INFO] [stderr]   make[2]: Entering directory '/opt/rustwide/target/debug/build/sleef-sys-1871a575a1779971/out/build'
[INFO] [stderr]   /usr/bin/make -f src/libm/CMakeFiles/renameFMA4.h_generated.dir/build.make src/libm/CMakeFiles/renameFMA4.h_generated.dir/build
[INFO] [stderr]   make[2]: Leaving directory '/opt/rustwide/target/debug/build/sleef-sys-1871a575a1779971/out/build'
[INFO] [stderr]   Generating renameavx2.h: mkrename 4 8 avx2
[INFO] [stderr]   cd /opt/rustwide/target/debug/build/sleef-sys-1871a575a1779971/out/build/src/libm && ../../bin/mkrename "4" "8" "avx2" > /opt/rustwide/target/debug/build/sleef-sys-1871a575a1779971/out/build/src/libm/include/renameavx2.h
[INFO] [stderr]   [ 27%] Generating include/renameavx.h
[INFO] [stderr]   [ 27%] Building C object src/libm/CMakeFiles/sleefgnuabiavx2sp.dir/sleefsimdsp.c.o
[INFO] [stderr]   make[2]: Entering directory '/opt/rustwide/target/debug/build/sleef-sys-1871a575a1779971/out/build'
[INFO] [stderr]   /usr/bin/make -f src/libm/CMakeFiles/renameAVX512F.h_generated.dir/build.make src/libm/CMakeFiles/renameAVX512F.h_generated.dir/build
[INFO] [stderr]   cd /opt/rustwide/target/debug/build/sleef-sys-1871a575a1779971/out/build/src/libm && /usr/bin/cc -DDORENAME=1 -DENABLE_AVX2=1 -DENABLE_GNUABI=1 -I/opt/rustwide/workdir/sleef/src/common -I/opt/rustwide/workdir/sleef/src/arch -I/opt/rustwide/target/debug/build/sleef-sys-1871a575a1779971/out/build/src/libm/include -I/opt/rustwide/workdir/sleef/src/libm  -Wall -Wno-unused -Wno-attributes -Wno-unused-result -Wno-psabi -ffp-contract=off -fno-math-errno -fno-trapping-math -g -fPIC   -mavx2 -mfma -DENABLE_GNUABI=1 -std=gnu99 -o CMakeFiles/sleefgnuabiavx2sp.dir/sleefsimdsp.c.o   -c /opt/rustwide/workdir/sleef/src/libm/sleefsimdsp.c
[INFO] [stderr]   cd /opt/rustwide/target/debug/build/sleef-sys-1871a575a1779971/out/build/src/libm && echo Generating renameavx.h: mkrename "4" "8" "avx"
[INFO] [stderr]   Dependee "/opt/rustwide/target/debug/build/sleef-sys-1871a575a1779971/out/build/src/libm/CMakeFiles/sleefgnuabiavxdp.dir/DependInfo.cmake" is newer than depender "/opt/rustwide/target/debug/build/sleef-sys-1871a575a1779971/out/build/src/libm/CMakeFiles/sleefgnuabiavxdp.dir/depend.internal".
[INFO] [stderr]   Dependee "/opt/rustwide/target/debug/build/sleef-sys-1871a575a1779971/out/build/src/libm/CMakeFiles/CMakeDirectoryInformation.cmake" is newer than depender "/opt/rustwide/target/debug/build/sleef-sys-1871a575a1779971/out/build/src/libm/CMakeFiles/sleefgnuabiavxdp.dir/depend.internal".
[INFO] [stderr]   /usr/bin/make -f src/libm/CMakeFiles/renameSSE2.h_generated.dir/build.make src/libm/CMakeFiles/renameSSE2.h_generated.dir/build
[INFO] [stderr]   make[2]: Entering directory '/opt/rustwide/target/debug/build/sleef-sys-1871a575a1779971/out/build'
[INFO] [stderr]   Dependee "/opt/rustwide/target/debug/build/sleef-sys-1871a575a1779971/out/build/src/libm/CMakeFiles/sleefgnuabisse2sp.dir/DependInfo.cmake" is newer than depender "/opt/rustwide/target/debug/build/sleef-sys-1871a575a1779971/out/build/src/libm/CMakeFiles/sleefgnuabisse2sp.dir/depend.internal".
[INFO] [stderr]   Dependee "/opt/rustwide/target/debug/build/sleef-sys-1871a575a1779971/out/build/src/libm/CMakeFiles/CMakeDirectoryInformation.cmake" is newer than depender "/opt/rustwide/target/debug/build/sleef-sys-1871a575a1779971/out/build/src/libm/CMakeFiles/sleefgnuabisse2sp.dir/depend.internal".
[INFO] [stderr]   /usr/bin/make -f src/libm/CMakeFiles/renameSSE4.h_generated.dir/build.make src/libm/CMakeFiles/renameSSE4.h_generated.dir/build
[INFO] [stderr]   make[2]: Entering directory '/opt/rustwide/target/debug/build/sleef-sys-1871a575a1779971/out/build'
[INFO] [stderr]   make[2]: Leaving directory '/opt/rustwide/target/debug/build/sleef-sys-1871a575a1779971/out/build'
[INFO] [stderr]   Scanning dependencies of target sleefgnuabisse2sp
[INFO] [stderr]   make[2]: Leaving directory '/opt/rustwide/target/debug/build/sleef-sys-1871a575a1779971/out/build'
[INFO] [stderr]   [ 27%] Built target alias_avx512f.h_generated
[INFO] [stderr]   Generating renameavx.h: mkrename 4 8 avx
[INFO] [stderr]   /usr/bin/make -f src/libm/CMakeFiles/sleefgnuabisse2sp.dir/build.make src/libm/CMakeFiles/sleefgnuabisse2sp.dir/build
[INFO] [stderr]   make[2]: Entering directory '/opt/rustwide/target/debug/build/sleef-sys-1871a575a1779971/out/build'
[INFO] [stderr]   [ 28%] Building C object src/libm/CMakeFiles/sleefgnuabisse2dp.dir/sleefsimddp.c.o
[INFO] [stderr]   cd /opt/rustwide/target/debug/build/sleef-sys-1871a575a1779971/out/build/src/libm && ../../bin/mkrename "4" "8" "avx" > /opt/rustwide/target/debug/build/sleef-sys-1871a575a1779971/out/build/src/libm/include/renameavx.h
[INFO] [stderr]   [ 29%] Building C object src/libm/CMakeFiles/sleefgnuabiavx2dp.dir/sleefsimddp.c.o
[INFO] [stderr]   make[2]: Entering directory '/opt/rustwide/target/debug/build/sleef-sys-1871a575a1779971/out/build'
[INFO] [stderr]   cd /opt/rustwide/target/debug/build/sleef-sys-1871a575a1779971/out/build/src/libm && /usr/bin/cc -DDORENAME=1 -DENABLE_AVX2=1 -DENABLE_GNUABI=1 -I/opt/rustwide/workdir/sleef/src/common -I/opt/rustwide/workdir/sleef/src/arch -I/opt/rustwide/target/debug/build/sleef-sys-1871a575a1779971/out/build/src/libm/include -I/opt/rustwide/workdir/sleef/src/libm  -Wall -Wno-unused -Wno-attributes -Wno-unused-result -Wno-psabi -ffp-contract=off -fno-math-errno -fno-trapping-math -g -fPIC   -mavx2 -mfma -DENABLE_GNUABI=1 -std=gnu99 -o CMakeFiles/sleefgnuabiavx2dp.dir/sleefsimddp.c.o   -c /opt/rustwide/workdir/sleef/src/libm/sleefsimddp.c
[INFO] [stderr]   [ 31%] Generating include/renamefma4.h
[INFO] [stderr]   cd /opt/rustwide/target/debug/build/sleef-sys-1871a575a1779971/out/build/src/libm && echo Generating renamefma4.h: mkrename "4" "8" "fma4"
[INFO] [stderr]   Scanning dependencies of target sleefgnuabiavxdp
[INFO] [stderr]   cd /opt/rustwide/target/debug/build/sleef-sys-1871a575a1779971/out/build/src/libm && /usr/bin/cc -DDORENAME=1 -DENABLE_GNUABI=1 -DENABLE_SSE2=1 -I/opt/rustwide/workdir/sleef/src/common -I/opt/rustwide/workdir/sleef/src/arch -I/opt/rustwide/target/debug/build/sleef-sys-1871a575a1779971/out/build/src/libm/include -I/opt/rustwide/workdir/sleef/src/libm  -Wall -Wno-unused -Wno-attributes -Wno-unused-result -Wno-psabi -ffp-contract=off -fno-math-errno -fno-trapping-math -g -fPIC   -msse2 -DENABLE_GNUABI=1 -std=gnu99 -o CMakeFiles/sleefgnuabisse2dp.dir/sleefsimddp.c.o   -c /opt/rustwide/workdir/sleef/src/libm/sleefsimddp.c
[INFO] [stderr]   make[2]: Leaving directory '/opt/rustwide/target/debug/build/sleef-sys-1871a575a1779971/out/build'
[INFO] [stderr]   Generating renamefma4.h: mkrename 4 8 fma4
[INFO] [stderr]   cd /opt/rustwide/target/debug/build/sleef-sys-1871a575a1779971/out/build/src/libm && ../../bin/mkrename "4" "8" "fma4" > /opt/rustwide/target/debug/build/sleef-sys-1871a575a1779971/out/build/src/libm/include/renamefma4.h
[INFO] [stderr]   make[2]: Leaving directory '/opt/rustwide/target/debug/build/sleef-sys-1871a575a1779971/out/build'
[INFO] [stderr]   /usr/bin/make -f src/libm/CMakeFiles/sleefgnuabiavxdp.dir/build.make src/libm/CMakeFiles/sleefgnuabiavxdp.dir/build
[INFO] [stderr]   make[2]: Leaving directory '/opt/rustwide/target/debug/build/sleef-sys-1871a575a1779971/out/build'
[INFO] [stderr]   [ 32%] Generating include/renamesse2.h
[INFO] [stderr]   cd /opt/rustwide/target/debug/build/sleef-sys-1871a575a1779971/out/build/src/libm && echo Generating renamesse2.h: mkrename "2" "4" "sse2"
[INFO] [stderr]   make[2]: Entering directory '/opt/rustwide/target/debug/build/sleef-sys-1871a575a1779971/out/build'
[INFO] [stderr]   Generating renamesse2.h: mkrename 2 4 sse2
[INFO] [stderr]   cd /opt/rustwide/target/debug/build/sleef-sys-1871a575a1779971/out/build/src/libm && ../../bin/mkrename "2" "4" "sse2" > /opt/rustwide/target/debug/build/sleef-sys-1871a575a1779971/out/build/src/libm/include/renamesse2.h
[INFO] [stderr]   [ 32%] Built target renameAVX2.h_generated
[INFO] [stderr]   [ 34%] Generating include/renameavx512f.h
[INFO] [stderr]   [ 34%] Generating include/renamesse4.h
[INFO] [stderr]   cd /opt/rustwide/target/debug/build/sleef-sys-1871a575a1779971/out/build/src/libm && echo Generating renamesse4.h: mkrename "2" "4" "sse4"
[INFO] [stderr]   cd /opt/rustwide/target/debug/build/sleef-sys-1871a575a1779971/out/build/src/libm && echo Generating renameavx512f.h: mkrename "8" "16" "avx512f"
[INFO] [stderr]   /usr/bin/make -f src/libm/CMakeFiles/headers.dir/build.make src/libm/CMakeFiles/headers.dir/depend
[INFO] [stderr]   Generating renameavx512f.h: mkrename 8 16 avx512f
[INFO] [stderr]   [ 35%] Building C object src/libm/CMakeFiles/sleefgnuabisse2sp.dir/sleefsimdsp.c.o
[INFO] [stderr]   cd /opt/rustwide/target/debug/build/sleef-sys-1871a575a1779971/out/build/src/libm && ../../bin/mkrename "8" "16" "avx512f" > /opt/rustwide/target/debug/build/sleef-sys-1871a575a1779971/out/build/src/libm/include/renameavx512f.h
[INFO] [stderr]   [ 35%] Built target renameAVX.h_generated
[INFO] [stderr]   [ 36%] Building C object src/libm/CMakeFiles/sleefgnuabiavxdp.dir/sleefsimddp.c.o
[INFO] [stderr]   cd /opt/rustwide/target/debug/build/sleef-sys-1871a575a1779971/out/build/src/libm && /usr/bin/cc -DDORENAME=1 -DENABLE_GNUABI=1 -DENABLE_SSE2=1 -I/opt/rustwide/workdir/sleef/src/common -I/opt/rustwide/workdir/sleef/src/arch -I/opt/rustwide/target/debug/build/sleef-sys-1871a575a1779971/out/build/src/libm/include -I/opt/rustwide/workdir/sleef/src/libm  -Wall -Wno-unused -Wno-attributes -Wno-unused-result -Wno-psabi -ffp-contract=off -fno-math-errno -fno-trapping-math -g -fPIC   -msse2 -DENABLE_GNUABI=1 -std=gnu99 -o CMakeFiles/sleefgnuabisse2sp.dir/sleefsimdsp.c.o   -c /opt/rustwide/workdir/sleef/src/libm/sleefsimdsp.c
[INFO] [stderr]   Generating renamesse4.h: mkrename 2 4 sse4
[INFO] [stderr]   cd /opt/rustwide/target/debug/build/sleef-sys-1871a575a1779971/out/build/src/libm && ../../bin/mkrename "2" "4" "sse4" > /opt/rustwide/target/debug/build/sleef-sys-1871a575a1779971/out/build/src/libm/include/renamesse4.h
[INFO] [stderr]   [ 36%] Built target renameAVX2128.h_generated
[INFO] [stderr]   make[2]: Leaving directory '/opt/rustwide/target/debug/build/sleef-sys-1871a575a1779971/out/build'
[INFO] [stderr]   make[2]: Entering directory '/opt/rustwide/target/debug/build/sleef-sys-1871a575a1779971/out/build'
[INFO] [stderr]   cd /opt/rustwide/target/debug/build/sleef-sys-1871a575a1779971/out/build && /usr/bin/cmake -E cmake_depends "Unix Makefiles" /opt/rustwide/workdir/sleef /opt/rustwide/workdir/sleef/src/libm /opt/rustwide/target/debug/build/sleef-sys-1871a575a1779971/out/build /opt/rustwide/target/debug/build/sleef-sys-1871a575a1779971/out/build/src/libm /opt/rustwide/target/debug/build/sleef-sys-1871a575a1779971/out/build/src/libm/CMakeFiles/headers.dir/DependInfo.cmake --color=
[INFO] [stderr]   cd /opt/rustwide/target/debug/build/sleef-sys-1871a575a1779971/out/build/src/libm && /usr/bin/cc -DDORENAME=1 -DENABLE_AVX=1 -DENABLE_GNUABI=1 -I/opt/rustwide/workdir/sleef/src/common -I/opt/rustwide/workdir/sleef/src/arch -I/opt/rustwide/target/debug/build/sleef-sys-1871a575a1779971/out/build/src/libm/include -I/opt/rustwide/workdir/sleef/src/libm  -Wall -Wno-unused -Wno-attributes -Wno-unused-result -Wno-psabi -ffp-contract=off -fno-math-errno -fno-trapping-math -g -fPIC   -mavx -DENABLE_GNUABI=1 -std=gnu99 -o CMakeFiles/sleefgnuabiavxdp.dir/sleefsimddp.c.o   -c /opt/rustwide/workdir/sleef/src/libm/sleefsimddp.c
[INFO] [stderr]   make[2]: Leaving directory '/opt/rustwide/target/debug/build/sleef-sys-1871a575a1779971/out/build'
[INFO] [stderr]   /usr/bin/make -f src/libm/CMakeFiles/dispsse.c_generated.dir/build.make src/libm/CMakeFiles/dispsse.c_generated.dir/depend
[INFO] [stderr]   /usr/bin/make -f src/libm/CMakeFiles/renamedsp128.h_generated.dir/build.make src/libm/CMakeFiles/renamedsp128.h_generated.dir/depend
[INFO] [stderr]   make[2]: Entering directory '/opt/rustwide/target/debug/build/sleef-sys-1871a575a1779971/out/build'
[INFO] [stderr]   cd /opt/rustwide/target/debug/build/sleef-sys-1871a575a1779971/out/build && /usr/bin/cmake -E cmake_depends "Unix Makefiles" /opt/rustwide/workdir/sleef /opt/rustwide/workdir/sleef/src/libm /opt/rustwide/target/debug/build/sleef-sys-1871a575a1779971/out/build /opt/rustwide/target/debug/build/sleef-sys-1871a575a1779971/out/build/src/libm /opt/rustwide/target/debug/build/sleef-sys-1871a575a1779971/out/build/src/libm/CMakeFiles/dispsse.c_generated.dir/DependInfo.cmake --color=
[INFO] [stderr]   /usr/bin/make -f src/libm/CMakeFiles/dispavx.c_generated.dir/build.make src/libm/CMakeFiles/dispavx.c_generated.dir/depend
[INFO] [stderr]   make[2]: Entering directory '/opt/rustwide/target/debug/build/sleef-sys-1871a575a1779971/out/build'
[INFO] [stderr]   cd /opt/rustwide/target/debug/build/sleef-sys-1871a575a1779971/out/build && /usr/bin/cmake -E cmake_depends "Unix Makefiles" /opt/rustwide/workdir/sleef /opt/rustwide/workdir/sleef/src/libm /opt/rustwide/target/debug/build/sleef-sys-1871a575a1779971/out/build /opt/rustwide/target/debug/build/sleef-sys-1871a575a1779971/out/build/src/libm /opt/rustwide/target/debug/build/sleef-sys-1871a575a1779971/out/build/src/libm/CMakeFiles/renamedsp128.h_generated.dir/DependInfo.cmake --color=
[INFO] [stderr]   make[2]: Leaving directory '/opt/rustwide/target/debug/build/sleef-sys-1871a575a1779971/out/build'
[INFO] [stderr]   [ 36%] Built target renameFMA4.h_generated
[INFO] [stderr]   make[2]: Entering directory '/opt/rustwide/target/debug/build/sleef-sys-1871a575a1779971/out/build'
[INFO] [stderr]   cd /opt/rustwide/target/debug/build/sleef-sys-1871a575a1779971/out/build && /usr/bin/cmake -E cmake_depends "Unix Makefiles" /opt/rustwide/workdir/sleef /opt/rustwide/workdir/sleef/src/libm /opt/rustwide/target/debug/build/sleef-sys-1871a575a1779971/out/build /opt/rustwide/target/debug/build/sleef-sys-1871a575a1779971/out/build/src/libm /opt/rustwide/target/debug/build/sleef-sys-1871a575a1779971/out/build/src/libm/CMakeFiles/dispavx.c_generated.dir/DependInfo.cmake --color=
[INFO] [stderr]   /usr/bin/make -f src/libm/CMakeFiles/renamedsp256.h_generated.dir/build.make src/libm/CMakeFiles/renamedsp256.h_generated.dir/depend
[INFO] [stderr]   Dependee "/opt/rustwide/target/debug/build/sleef-sys-1871a575a1779971/out/build/src/libm/CMakeFiles/headers.dir/DependInfo.cmake" is newer than depender "/opt/rustwide/target/debug/build/sleef-sys-1871a575a1779971/out/build/src/libm/CMakeFiles/headers.dir/depend.internal".
[INFO] [stderr]   Dependee "/opt/rustwide/target/debug/build/sleef-sys-1871a575a1779971/out/build/src/libm/CMakeFiles/CMakeDirectoryInformation.cmake" is newer than depender "/opt/rustwide/target/debug/build/sleef-sys-1871a575a1779971/out/build/src/libm/CMakeFiles/headers.dir/depend.internal".
[INFO] [stderr]   Scanning dependencies of target headers
[INFO] [stderr]   make[2]: Leaving directory '/opt/rustwide/target/debug/build/sleef-sys-1871a575a1779971/out/build'
[INFO] [stderr]   [ 36%] Built target renameSSE4.h_generated
[INFO] [stderr]   /usr/bin/make -f src/libm/CMakeFiles/headers.dir/build.make src/libm/CMakeFiles/headers.dir/build
[INFO] [stderr]   make[2]: Entering directory '/opt/rustwide/target/debug/build/sleef-sys-1871a575a1779971/out/build'
[INFO] [stderr]   cd /opt/rustwide/target/debug/build/sleef-sys-1871a575a1779971/out/build && /usr/bin/cmake -E cmake_depends "Unix Makefiles" /opt/rustwide/workdir/sleef /opt/rustwide/workdir/sleef/src/libm /opt/rustwide/target/debug/build/sleef-sys-1871a575a1779971/out/build /opt/rustwide/target/debug/build/sleef-sys-1871a575a1779971/out/build/src/libm /opt/rustwide/target/debug/build/sleef-sys-1871a575a1779971/out/build/src/libm/CMakeFiles/renamedsp256.h_generated.dir/DependInfo.cmake --color=
[INFO] [stderr]   Dependee "/opt/rustwide/target/debug/build/sleef-sys-1871a575a1779971/out/build/src/libm/CMakeFiles/dispsse.c_generated.dir/DependInfo.cmake" is newer than depender "/opt/rustwide/target/debug/build/sleef-sys-1871a575a1779971/out/build/src/libm/CMakeFiles/dispsse.c_generated.dir/depend.internal".
[INFO] [stderr]   Dependee "/opt/rustwide/target/debug/build/sleef-sys-1871a575a1779971/out/build/src/libm/CMakeFiles/CMakeDirectoryInformation.cmake" is newer than depender "/opt/rustwide/target/debug/build/sleef-sys-1871a575a1779971/out/build/src/libm/CMakeFiles/dispsse.c_generated.dir/depend.internal".
[INFO] [stderr]   Scanning dependencies of target dispsse.c_generated
[INFO] [stderr]   make[2]: Leaving directory '/opt/rustwide/target/debug/build/sleef-sys-1871a575a1779971/out/build'
[INFO] [stderr]   [ 36%] Built target renameSSE2.h_generated
[INFO] [stderr]   [ 36%] Built target renameAVX512F.h_generated
[INFO] [stderr]   /usr/bin/make -f src/libm/CMakeFiles/dispsse.c_generated.dir/build.make src/libm/CMakeFiles/dispsse.c_generated.dir/build
[INFO] [stderr]   make[2]: Entering directory '/opt/rustwide/target/debug/build/sleef-sys-1871a575a1779971/out/build'
[INFO] [stderr]   /usr/bin/make -f src/libm/CMakeFiles/maskedAVX512F_generated.dir/build.make src/libm/CMakeFiles/maskedAVX512F_generated.dir/depend
[INFO] [stderr]   /usr/bin/make -f src/libm/CMakeFiles/sleefavx2.dir/build.make src/libm/CMakeFiles/sleefavx2.dir/depend
[INFO] [stderr]   make[2]: Entering directory '/opt/rustwide/target/debug/build/sleef-sys-1871a575a1779971/out/build'
[INFO] [stderr]   Dependee "/opt/rustwide/target/debug/build/sleef-sys-1871a575a1779971/out/build/src/libm/CMakeFiles/renamedsp128.h_generated.dir/DependInfo.cmake" is newer than depender "/opt/rustwide/target/debug/build/sleef-sys-1871a575a1779971/out/build/src/libm/CMakeFiles/renamedsp128.h_generated.dir/depend.internal".
[INFO] [stderr]   Dependee "/opt/rustwide/target/debug/build/sleef-sys-1871a575a1779971/out/build/src/libm/CMakeFiles/CMakeDirectoryInformation.cmake" is newer than depender "/opt/rustwide/target/debug/build/sleef-sys-1871a575a1779971/out/build/src/libm/CMakeFiles/renamedsp128.h_generated.dir/depend.internal".
[INFO] [stderr]   make[2]: Entering directory '/opt/rustwide/target/debug/build/sleef-sys-1871a575a1779971/out/build'
[INFO] [stderr]   cd /opt/rustwide/target/debug/build/sleef-sys-1871a575a1779971/out/build && /usr/bin/cmake -E cmake_depends "Unix Makefiles" /opt/rustwide/workdir/sleef /opt/rustwide/workdir/sleef/src/libm /opt/rustwide/target/debug/build/sleef-sys-1871a575a1779971/out/build /opt/rustwide/target/debug/build/sleef-sys-1871a575a1779971/out/build/src/libm /opt/rustwide/target/debug/build/sleef-sys-1871a575a1779971/out/build/src/libm/CMakeFiles/maskedAVX512F_generated.dir/DependInfo.cmake --color=
[INFO] [stderr]   Scanning dependencies of target renamedsp128.h_generated
[INFO] [stderr]   make[2]: Leaving directory '/opt/rustwide/target/debug/build/sleef-sys-1871a575a1779971/out/build'
[INFO] [stderr]   /usr/bin/make -f src/libm/CMakeFiles/renamedsp128.h_generated.dir/build.make src/libm/CMakeFiles/renamedsp128.h_generated.dir/build
[INFO] [stderr]   make[2]: Entering directory '/opt/rustwide/target/debug/build/sleef-sys-1871a575a1779971/out/build'
[INFO] [stderr]   make[2]: Entering directory '/opt/rustwide/target/debug/build/sleef-sys-1871a575a1779971/out/build'
[INFO] [stderr]   cd /opt/rustwide/target/debug/build/sleef-sys-1871a575a1779971/out/build && /usr/bin/cmake -E cmake_depends "Unix Makefiles" /opt/rustwide/workdir/sleef /opt/rustwide/workdir/sleef/src/libm /opt/rustwide/target/debug/build/sleef-sys-1871a575a1779971/out/build /opt/rustwide/target/debug/build/sleef-sys-1871a575a1779971/out/build/src/libm /opt/rustwide/target/debug/build/sleef-sys-1871a575a1779971/out/build/src/libm/CMakeFiles/sleefavx2.dir/DependInfo.cmake --color=
[INFO] [stderr]   Dependee "/opt/rustwide/target/debug/build/sleef-sys-1871a575a1779971/out/build/src/libm/CMakeFiles/dispavx.c_generated.dir/DependInfo.cmake" is newer than depender "/opt/rustwide/target/debug/build/sleef-sys-1871a575a1779971/out/build/src/libm/CMakeFiles/dispavx.c_generated.dir/depend.internal".
[INFO] [stderr]   Dependee "/opt/rustwide/target/debug/build/sleef-sys-1871a575a1779971/out/build/src/libm/CMakeFiles/CMakeDirectoryInformation.cmake" is newer than depender "/opt/rustwide/target/debug/build/sleef-sys-1871a575a1779971/out/build/src/libm/CMakeFiles/dispavx.c_generated.dir/depend.internal".
[INFO] [stderr]   Scanning dependencies of target dispavx.c_generated
[INFO] [stderr]   make[2]: Leaving directory '/opt/rustwide/target/debug/build/sleef-sys-1871a575a1779971/out/build'
[INFO] [stderr]   /usr/bin/make -f src/libm/CMakeFiles/dispavx.c_generated.dir/build.make src/libm/CMakeFiles/dispavx.c_generated.dir/build
[INFO] [stderr]   [ 37%] Generating dispsse.c
[INFO] [stderr]   cd /opt/rustwide/target/debug/build/sleef-sys-1871a575a1779971/out/build/src/libm && /usr/bin/cmake -E copy /opt/rustwide/workdir/sleef/src/libm/dispsse.c.org /opt/rustwide/target/debug/build/sleef-sys-1871a575a1779971/out/build/src/libm/dispsse.c
[INFO] [stderr]   make[2]: Entering directory '/opt/rustwide/target/debug/build/sleef-sys-1871a575a1779971/out/build'
[INFO] [stderr]   Dependee "/opt/rustwide/target/debug/build/sleef-sys-1871a575a1779971/out/build/src/libm/CMakeFiles/renamedsp256.h_generated.dir/DependInfo.cmake" is newer than depender "/opt/rustwide/target/debug/build/sleef-sys-1871a575a1779971/out/build/src/libm/CMakeFiles/renamedsp256.h_generated.dir/depend.internal".
[INFO] [stderr]   Dependee "/opt/rustwide/target/debug/build/sleef-sys-1871a575a1779971/out/build/src/libm/CMakeFiles/CMakeDirectoryInformation.cmake" is newer than depender "/opt/rustwide/target/debug/build/sleef-sys-1871a575a1779971/out/build/src/libm/CMakeFiles/renamedsp256.h_generated.dir/depend.internal".
[INFO] [stderr]   Scanning dependencies of target renamedsp256.h_generated
[INFO] [stderr]   make[2]: Leaving directory '/opt/rustwide/target/debug/build/sleef-sys-1871a575a1779971/out/build'
[INFO] [stderr]   /usr/bin/make -f src/libm/CMakeFiles/renamedsp256.h_generated.dir/build.make src/libm/CMakeFiles/renamedsp256.h_generated.dir/build
[INFO] [stderr]   [ 39%] Generating renamedsp128.h
[INFO] [stderr]   Dependee "/opt/rustwide/target/debug/build/sleef-sys-1871a575a1779971/out/build/src/libm/CMakeFiles/sleefavx2.dir/DependInfo.cmake" is newer than depender "/opt/rustwide/target/debug/build/sleef-sys-1871a575a1779971/out/build/src/libm/CMakeFiles/sleefavx2.dir/depend.internal".
[INFO] [stderr]   Dependee "/opt/rustwide/target/debug/build/sleef-sys-1871a575a1779971/out/build/src/libm/CMakeFiles/CMakeDirectoryInformation.cmake" is newer than depender "/opt/rustwide/target/debug/build/sleef-sys-1871a575a1779971/out/build/src/libm/CMakeFiles/sleefavx2.dir/depend.internal".
[INFO] [stderr]   cd /opt/rustwide/target/debug/build/sleef-sys-1871a575a1779971/out/build/src/libm && ../../bin/mkrename 2 4 > /opt/rustwide/target/debug/build/sleef-sys-1871a575a1779971/out/build/src/libm/include/renamedsp128.h
[INFO] [stderr]   Scanning dependencies of target sleefavx2
[INFO] [stderr]   make[2]: Entering directory '/opt/rustwide/target/debug/build/sleef-sys-1871a575a1779971/out/build'
[INFO] [stderr]   [ 40%] Generating ../../include/sleef.h
[INFO] [stderr]   make[2]: Leaving directory '/opt/rustwide/target/debug/build/sleef-sys-1871a575a1779971/out/build'
[INFO] [stderr]   /usr/bin/make -f src/libm/CMakeFiles/sleefavx2.dir/build.make src/libm/CMakeFiles/sleefavx2.dir/build
[INFO] [stderr]   cd /opt/rustwide/target/debug/build/sleef-sys-1871a575a1779971/out/build/src/libm && /usr/bin/cmake -E copy /opt/rustwide/workdir/sleef/src/libm/sleeflibm_header.h.org /opt/rustwide/target/debug/build/sleef-sys-1871a575a1779971/out/build/include/sleef.h
[INFO] [stderr]   [ 41%] Generating dispavx.c
[INFO] [stderr]   make[2]: Leaving directory '/opt/rustwide/target/debug/build/sleef-sys-1871a575a1779971/out/build'
[INFO] [stderr]   make[2]: Entering directory '/opt/rustwide/target/debug/build/sleef-sys-1871a575a1779971/out/build'
[INFO] [stderr]   cd /opt/rustwide/target/debug/build/sleef-sys-1871a575a1779971/out/build/src/libm && ../../bin/mkdisp 2 4 __m128d __m128 __m128i sse2 sse4 avx2128 >> /opt/rustwide/target/debug/build/sleef-sys-1871a575a1779971/out/build/src/libm/dispsse.c
[INFO] [stderr]   cd /opt/rustwide/target/debug/build/sleef-sys-1871a575a1779971/out/build/src/libm && /usr/bin/cmake -E copy /opt/rustwide/workdir/sleef/src/libm/dispavx.c.org /opt/rustwide/target/debug/build/sleef-sys-1871a575a1779971/out/build/src/libm/dispavx.c
[INFO] [stderr]   Dependee "/opt/rustwide/target/debug/build/sleef-sys-1871a575a1779971/out/build/src/libm/CMakeFiles/maskedAVX512F_generated.dir/DependInfo.cmake" is newer than depender "/opt/rustwide/target/debug/build/sleef-sys-1871a575a1779971/out/build/src/libm/CMakeFiles/maskedAVX512F_generated.dir/depend.internal".
[INFO] [stderr]   Dependee "/opt/rustwide/target/debug/build/sleef-sys-1871a575a1779971/out/build/src/libm/CMakeFiles/CMakeDirectoryInformation.cmake" is newer than depender "/opt/rustwide/target/debug/build/sleef-sys-1871a575a1779971/out/build/src/libm/CMakeFiles/maskedAVX512F_generated.dir/depend.internal".
[INFO] [stderr]   make[2]: Leaving directory '/opt/rustwide/target/debug/build/sleef-sys-1871a575a1779971/out/build'
[INFO] [stderr]   [ 42%] Generating include/renameavx512f_gnuabi.h
[INFO] [stderr]   [ 43%] Generating renamedsp256.h
[INFO] [stderr]   cd /opt/rustwide/target/debug/build/sleef-sys-1871a575a1779971/out/build/src/libm && echo Generating renameavx512f_gnuabi.h: mkrename_gnuabi "avx512f" "e" "8" "16" "__m512d" "__m512" "__m256i" "__m512i" "__AVX512F__"
[INFO] [stderr]   cd /opt/rustwide/target/debug/build/sleef-sys-1871a575a1779971/out/build/src/libm && ../../bin/mkrename 4 8 > /opt/rustwide/target/debug/build/sleef-sys-1871a575a1779971/out/build/src/libm/include/renamedsp256.h
[INFO] [stderr]   Generating renameavx512f_gnuabi.h: mkrename_gnuabi avx512f e 8 16 __m512d __m512 __m256i __m512i __AVX512F__
[INFO] [stderr]   cd /opt/rustwide/target/debug/build/sleef-sys-1871a575a1779971/out/build/src/libm && ../../bin/mkrename_gnuabi "avx512f" "e" "8" "16" "__m512d" "__m512" "__m256i" "__m512i" "__AVX512F__" > /opt/rustwide/target/debug/build/sleef-sys-1871a575a1779971/out/build/src/libm/include/renameavx512f_gnuabi.h
[INFO] [stderr]   Scanning dependencies of target maskedAVX512F_generated
[INFO] [stderr]   make[2]: Leaving directory '/opt/rustwide/target/debug/build/sleef-sys-1871a575a1779971/out/build'
[INFO] [stderr]   /usr/bin/make -f src/libm/CMakeFiles/maskedAVX512F_generated.dir/build.make src/libm/CMakeFiles/maskedAVX512F_generated.dir/build
[INFO] [stderr]   [ 44%] Building C object src/libm/CMakeFiles/sleefavx2.dir/sleefsimdsp.c.o
[INFO] [stderr]   [ 44%] Built target renamedsp128.h_generated
[INFO] [stderr]   cd /opt/rustwide/target/debug/build/sleef-sys-1871a575a1779971/out/build/src/libm && /usr/bin/cc -DDORENAME=1 -DENABLE_ALIAS=1 -DENABLE_AVX2=1 -I/opt/rustwide/workdir/sleef/src/common -I/opt/rustwide/workdir/sleef/src/arch -I/opt/rustwide/target/debug/build/sleef-sys-1871a575a1779971/out/build/src/libm/include -I/opt/rustwide/workdir/sleef/src/libm  -Wall -Wno-unused -Wno-attributes -Wno-unused-result -Wno-psabi -ffp-contract=off -fno-math-errno -fno-trapping-math -g -fPIC   -mavx2 -mfma -std=gnu99 -o CMakeFiles/sleefavx2.dir/sleefsimdsp.c.o   -c /opt/rustwide/workdir/sleef/src/libm/sleefsimdsp.c
[INFO] [stderr]   make[2]: Entering directory '/opt/rustwide/target/debug/build/sleef-sys-1871a575a1779971/out/build'
[INFO] [stderr]   /usr/bin/make -f src/libm/CMakeFiles/sleefavx2128.dir/build.make src/libm/CMakeFiles/sleefavx2128.dir/depend
[INFO] [stderr]   make[2]: Entering directory '/opt/rustwide/target/debug/build/sleef-sys-1871a575a1779971/out/build'
[INFO] [stderr]   cd /opt/rustwide/target/debug/build/sleef-sys-1871a575a1779971/out/build && /usr/bin/cmake -E cmake_depends "Unix Makefiles" /opt/rustwide/workdir/sleef /opt/rustwide/workdir/sleef/src/libm /opt/rustwide/target/debug/build/sleef-sys-1871a575a1779971/out/build /opt/rustwide/target/debug/build/sleef-sys-1871a575a1779971/out/build/src/libm /opt/rustwide/target/debug/build/sleef-sys-1871a575a1779971/out/build/src/libm/CMakeFiles/sleefavx2128.dir/DependInfo.cmake --color=
[INFO] [stderr]   cd /opt/rustwide/target/debug/build/sleef-sys-1871a575a1779971/out/build/src/libm && ../../bin/mkdisp 4 8 __m256d __m256 __m128i avx fma4 avx2 >> /opt/rustwide/target/debug/build/sleef-sys-1871a575a1779971/out/build/src/libm/dispavx.c
[INFO] [stderr]   make[2]: Leaving directory '/opt/rustwide/target/debug/build/sleef-sys-1871a575a1779971/out/build'
[INFO] [stderr]   [ 44%] Built target dispsse.c_generated
[INFO] [stderr]   make[2]: Leaving directory '/opt/rustwide/target/debug/build/sleef-sys-1871a575a1779971/out/build'
[INFO] [stderr]   cd /opt/rustwide/target/debug/build/sleef-sys-1871a575a1779971/out/build/src/libm && echo Generating sleef.h: mkrename "2" "4" "__m128d" "__m128" "__m128i" "__m128i" "__SSE2__"
[INFO] [stderr]   /usr/bin/make -f src/libm/CMakeFiles/sleeffma4.dir/build.make src/libm/CMakeFiles/sleeffma4.dir/depend
[INFO] [stderr]   [ 45%] Generating include/masked_avx512f_dp_gnuabi.h
[INFO] [stderr]   cd /opt/rustwide/target/debug/build/sleef-sys-1871a575a1779971/out/build/src/libm && echo Generating /opt/rustwide/target/debug/build/sleef-sys-1871a575a1779971/out/build/src/libm/include/masked_avx512f_dp_gnuabi.h
[INFO] [stderr]   Generating sleef.h: mkrename 2 4 __m128d __m128 __m128i __m128i __SSE2__
[INFO] [stderr]   cd /opt/rustwide/target/debug/build/sleef-sys-1871a575a1779971/out/build/src/libm && ../../bin/mkrename "2" "4" "__m128d" "__m128" "__m128i" "__m128i" "__SSE2__" >> /opt/rustwide/target/debug/build/sleef-sys-1871a575a1779971/out/build/include/sleef.h
[INFO] [stderr]   Generating /opt/rustwide/target/debug/build/sleef-sys-1871a575a1779971/out/build/src/libm/include/masked_avx512f_dp_gnuabi.h
[INFO] [stderr]   make[2]: Entering directory '/opt/rustwide/target/debug/build/sleef-sys-1871a575a1779971/out/build'
[INFO] [stderr]   cd /opt/rustwide/target/debug/build/sleef-sys-1871a575a1779971/out/build && /usr/bin/cmake -E cmake_depends "Unix Makefiles" /opt/rustwide/workdir/sleef /opt/rustwide/workdir/sleef/src/libm /opt/rustwide/target/debug/build/sleef-sys-1871a575a1779971/out/build /opt/rustwide/target/debug/build/sleef-sys-1871a575a1779971/out/build/src/libm /opt/rustwide/target/debug/build/sleef-sys-1871a575a1779971/out/build/src/libm/CMakeFiles/sleeffma4.dir/DependInfo.cmake --color=
[INFO] [stderr]   cd /opt/rustwide/target/debug/build/sleef-sys-1871a575a1779971/out/build/src/libm && ../../bin/mkmasked_gnuabi "avx512f" "e" "8" > /opt/rustwide/target/debug/build/sleef-sys-1871a575a1779971/out/build/src/libm/include/masked_avx512f_dp_gnuabi.h
[INFO] [stderr]   [ 47%] Building C object src/libm/CMakeFiles/sleefavx2.dir/sleefsimddp.c.o
[INFO] [stderr]   cd /opt/rustwide/target/debug/build/sleef-sys-1871a575a1779971/out/build/src/libm && /usr/bin/cc -DDORENAME=1 -DENABLE_ALIAS=1 -DENABLE_AVX2=1 -I/opt/rustwide/workdir/sleef/src/common -I/opt/rustwide/workdir/sleef/src/arch -I/opt/rustwide/target/debug/build/sleef-sys-1871a575a1779971/out/build/src/libm/include -I/opt/rustwide/workdir/sleef/src/libm  -Wall -Wno-unused -Wno-attributes -Wno-unused-result -Wno-psabi -ffp-contract=off -fno-math-errno -fno-trapping-math -g -fPIC   -mavx2 -mfma -std=gnu99 -o CMakeFiles/sleefavx2.dir/sleefsimddp.c.o   -c /opt/rustwide/workdir/sleef/src/libm/sleefsimddp.c
[INFO] [stderr]   cd /opt/rustwide/target/debug/build/sleef-sys-1871a575a1779971/out/build/src/libm && echo Generating sleef.h: mkrename "2" "4" "__m128d" "__m128" "__m128i" "__m128i" "__SSE2__" "sse2"
[INFO] [stderr]   Dependee "/opt/rustwide/target/debug/build/sleef-sys-1871a575a1779971/out/build/src/libm/CMakeFiles/sleefavx2128.dir/DependInfo.cmake" is newer than depender "/opt/rustwide/target/debug/build/sleef-sys-1871a575a1779971/out/build/src/libm/CMakeFiles/sleefavx2128.dir/depend.internal".
[INFO] [stderr]   Dependee "/opt/rustwide/target/debug/build/sleef-sys-1871a575a1779971/out/build/src/libm/CMakeFiles/CMakeDirectoryInformation.cmake" is newer than depender "/opt/rustwide/target/debug/build/sleef-sys-1871a575a1779971/out/build/src/libm/CMakeFiles/sleefavx2128.dir/depend.internal".
[INFO] [stderr]   Generating sleef.h: mkrename 2 4 __m128d __m128 __m128i __m128i __SSE2__ sse2
[INFO] [stderr]   Scanning dependencies of target sleefavx2128
[INFO] [stderr]   cd /opt/rustwide/target/debug/build/sleef-sys-1871a575a1779971/out/build/src/libm && ../../bin/mkrename "2" "4" "__m128d" "__m128" "__m128i" "__m128i" "__SSE2__" "sse2" >> /opt/rustwide/target/debug/build/sleef-sys-1871a575a1779971/out/build/include/sleef.h
[INFO] [stderr]   [ 47%] Built target renamedsp256.h_generated
[INFO] [stderr]   [ 47%] Built target dispavx.c_generated
[INFO] [stderr]   /usr/bin/make -f src/libm/CMakeFiles/sleefavx512f.dir/build.make src/libm/CMakeFiles/sleefavx512f.dir/depend
[INFO] [stderr]   make[2]: Leaving directory '/opt/rustwide/target/debug/build/sleef-sys-1871a575a1779971/out/build'
[INFO] [stderr]   Dependee "/opt/rustwide/target/debug/build/sleef-sys-1871a575a1779971/out/build/src/libm/CMakeFiles/sleeffma4.dir/DependInfo.cmake" is newer than depender "/opt/rustwide/target/debug/build/sleef-sys-1871a575a1779971/out/build/src/libm/CMakeFiles/sleeffma4.dir/depend.internal".
[INFO] [stderr]   Dependee "/opt/rustwide/target/debug/build/sleef-sys-1871a575a1779971/out/build/src/libm/CMakeFiles/CMakeDirectoryInformation.cmake" is newer than depender "/opt/rustwide/target/debug/build/sleef-sys-1871a575a1779971/out/build/src/libm/CMakeFiles/sleeffma4.dir/depend.internal".
[INFO] [stderr]   /usr/bin/make -f src/libm/CMakeFiles/sleefavx2128.dir/build.make src/libm/CMakeFiles/sleefavx2128.dir/build
[INFO] [stderr]   make[2]: Entering directory '/opt/rustwide/target/debug/build/sleef-sys-1871a575a1779971/out/build'
[INFO] [stderr]   cd /opt/rustwide/target/debug/build/sleef-sys-1871a575a1779971/out/build && /usr/bin/cmake -E cmake_depends "Unix Makefiles" /opt/rustwide/workdir/sleef /opt/rustwide/workdir/sleef/src/libm /opt/rustwide/target/debug/build/sleef-sys-1871a575a1779971/out/build /opt/rustwide/target/debug/build/sleef-sys-1871a575a1779971/out/build/src/libm /opt/rustwide/target/debug/build/sleef-sys-1871a575a1779971/out/build/src/libm/CMakeFiles/sleefavx512f.dir/DependInfo.cmake --color=
[INFO] [stderr]   Scanning dependencies of target sleeffma4
[INFO] [stderr]   /usr/bin/make -f src/libm/CMakeFiles/sleefavx.dir/build.make src/libm/CMakeFiles/sleefavx.dir/depend
[INFO] [stderr]   make[2]: Entering directory '/opt/rustwide/target/debug/build/sleef-sys-1871a575a1779971/out/build'
[INFO] [stderr]   make[2]: Leaving directory '/opt/rustwide/target/debug/build/sleef-sys-1871a575a1779971/out/build'
[INFO] [stderr]   [ 48%] Generating include/masked_avx512f_sp_gnuabi.h
[INFO] [stderr]   cd /opt/rustwide/target/debug/build/sleef-sys-1871a575a1779971/out/build/src/libm && echo Generating /opt/rustwide/target/debug/build/sleef-sys-1871a575a1779971/out/build/src/libm/include/masked_avx512f_sp_gnuabi.h
[INFO] [stderr]   cd /opt/rustwide/target/debug/build/sleef-sys-1871a575a1779971/out/build/src/libm && echo Generating sleef.h: mkrename "2" "4" "__m128d" "__m128" "__m128i" "__m128i" "__SSE2__" "sse4"
[INFO] [stderr]   Generating sleef.h: mkrename 2 4 __m128d __m128 __m128i __m128i __SSE2__ sse4
[INFO] [stderr]   cd /opt/rustwide/target/debug/build/sleef-sys-1871a575a1779971/out/build/src/libm && ../../bin/mkrename "2" "4" "__m128d" "__m128" "__m128i" "__m128i" "__SSE2__" "sse4" >> /opt/rustwide/target/debug/build/sleef-sys-1871a575a1779971/out/build/include/sleef.h
[INFO] [stderr]   Dependee "/opt/rustwide/target/debug/build/sleef-sys-1871a575a1779971/out/build/src/libm/CMakeFiles/sleefavx512f.dir/DependInfo.cmake" is newer than depender "/opt/rustwide/target/debug/build/sleef-sys-1871a575a1779971/out/build/src/libm/CMakeFiles/sleefavx512f.dir/depend.internal".
[INFO] [stderr]   Dependee "/opt/rustwide/target/debug/build/sleef-sys-1871a575a1779971/out/build/src/libm/CMakeFiles/CMakeDirectoryInformation.cmake" is newer than depender "/opt/rustwide/target/debug/build/sleef-sys-1871a575a1779971/out/build/src/libm/CMakeFiles/sleefavx512f.dir/depend.internal".
[INFO] [stderr]   cd /opt/rustwide/target/debug/build/sleef-sys-1871a575a1779971/out/build/src/libm && echo Generating sleef.h: mkrename "4" "8" "__m256d" "__m256" "__m128i" "struct\ {\ __m128i\ x,\ y;\ }" "__AVX__"
[INFO] [stderr]   Generating sleef.h: mkrename 4 8 __m256d __m256 __m128i struct\ {\ __m128i\ x,\ y;\ } __AVX__
[INFO] [stderr]   Scanning dependencies of target sleefavx512f
[INFO] [stderr]   cd /opt/rustwide/target/debug/build/sleef-sys-1871a575a1779971/out/build/src/libm && ../../bin/mkrename "4" "8" "__m256d" "__m256" "__m128i" "struct\ {\ __m128i\ x,\ y;\ }" "__AVX__" >> /opt/rustwide/target/debug/build/sleef-sys-1871a575a1779971/out/build/include/sleef.h
[INFO] [stderr]   make[2]: Leaving directory '/opt/rustwide/target/debug/build/sleef-sys-1871a575a1779971/out/build'
[INFO] [stderr]   /usr/bin/make -f src/libm/CMakeFiles/sleeffma4.dir/build.make src/libm/CMakeFiles/sleeffma4.dir/build
[INFO] [stderr]   make[2]: Entering directory '/opt/rustwide/target/debug/build/sleef-sys-1871a575a1779971/out/build'
[INFO] [stderr]   cd /opt/rustwide/target/debug/build/sleef-sys-1871a575a1779971/out/build && /usr/bin/cmake -E cmake_depends "Unix Makefiles" /opt/rustwide/workdir/sleef /opt/rustwide/workdir/sleef/src/libm /opt/rustwide/target/debug/build/sleef-sys-1871a575a1779971/out/build /opt/rustwide/target/debug/build/sleef-sys-1871a575a1779971/out/build/src/libm /opt/rustwide/target/debug/build/sleef-sys-1871a575a1779971/out/build/src/libm/CMakeFiles/sleefavx.dir/DependInfo.cmake --color=
[INFO] [stderr]   /usr/bin/make -f src/libm/CMakeFiles/sleefavx512f.dir/build.make src/libm/CMakeFiles/sleefavx512f.dir/build
[INFO] [stderr]   Generating /opt/rustwide/target/debug/build/sleef-sys-1871a575a1779971/out/build/src/libm/include/masked_avx512f_sp_gnuabi.h
[INFO] [stderr]   cd /opt/rustwide/target/debug/build/sleef-sys-1871a575a1779971/out/build/src/libm && ../../bin/mkmasked_gnuabi "avx512f" "e" "-16" > /opt/rustwide/target/debug/build/sleef-sys-1871a575a1779971/out/build/src/libm/include/masked_avx512f_sp_gnuabi.h
[INFO] [stderr]   make[2]: Entering directory '/opt/rustwide/target/debug/build/sleef-sys-1871a575a1779971/out/build'
[INFO] [stderr]   make[2]: Entering directory '/opt/rustwide/target/debug/build/sleef-sys-1871a575a1779971/out/build'
[INFO] [stderr]   make[2]: Leaving directory '/opt/rustwide/target/debug/build/sleef-sys-1871a575a1779971/out/build'
[INFO] [stderr]   cd /opt/rustwide/target/debug/build/sleef-sys-1871a575a1779971/out/build/src/libm && echo Generating sleef.h: mkrename "4" "8" "__m256d" "__m256" "__m128i" "struct\ {\ __m128i\ x,\ y;\ }" "__AVX__" "avx"
[INFO] [stderr]   [ 49%] Building C object src/libm/CMakeFiles/sleefavx2128.dir/sleefsimdsp.c.o
[INFO] [stderr]   cd /opt/rustwide/target/debug/build/sleef-sys-1871a575a1779971/out/build/src/libm && /usr/bin/cc -DDORENAME=1 -DENABLE_ALIAS=1 -DENABLE_AVX2128=1 -I/opt/rustwide/workdir/sleef/src/common -I/opt/rustwide/workdir/sleef/src/arch -I/opt/rustwide/target/debug/build/sleef-sys-1871a575a1779971/out/build/src/libm/include -I/opt/rustwide/workdir/sleef/src/libm  -Wall -Wno-unused -Wno-attributes -Wno-unused-result -Wno-psabi -ffp-contract=off -fno-math-errno -fno-trapping-math -g -fPIC   -mavx2 -mfma -std=gnu99 -o CMakeFiles/sleefavx2128.dir/sleefsimdsp.c.o   -c /opt/rustwide/workdir/sleef/src/libm/sleefsimdsp.c
[INFO] [stderr]   Generating sleef.h: mkrename 4 8 __m256d __m256 __m128i struct\ {\ __m128i\ x,\ y;\ } __AVX__ avx
[INFO] [stderr]   cd /opt/rustwide/target/debug/build/sleef-sys-1871a575a1779971/out/build/src/libm && ../../bin/mkrename "4" "8" "__m256d" "__m256" "__m128i" "struct\ {\ __m128i\ x,\ y;\ }" "__AVX__" "avx" >> /opt/rustwide/target/debug/build/sleef-sys-1871a575a1779971/out/build/include/sleef.h
[INFO] [stderr]   [ 50%] Building C object src/libm/CMakeFiles/sleeffma4.dir/sleefsimdsp.c.o
[INFO] [stderr]   cd /opt/rustwide/target/debug/build/sleef-sys-1871a575a1779971/out/build/src/libm && /usr/bin/cc -DDORENAME=1 -DENABLE_ALIAS=1 -DENABLE_FMA4=1 -I/opt/rustwide/workdir/sleef/src/common -I/opt/rustwide/workdir/sleef/src/arch -I/opt/rustwide/target/debug/build/sleef-sys-1871a575a1779971/out/build/src/libm/include -I/opt/rustwide/workdir/sleef/src/libm  -Wall -Wno-unused -Wno-attributes -Wno-unused-result -Wno-psabi -ffp-contract=off -fno-math-errno -fno-trapping-math -g -fPIC   -mfma4 -std=gnu99 -o CMakeFiles/sleeffma4.dir/sleefsimdsp.c.o   -c /opt/rustwide/workdir/sleef/src/libm/sleefsimdsp.c
[INFO] [stderr]   cd /opt/rustwide/target/debug/build/sleef-sys-1871a575a1779971/out/build/src/libm && echo Generating sleef.h: mkrename "4" "8" "__m256d" "__m256" "__m128i" "struct\ {\ __m128i\ x,\ y;\ }" "__AVX__" "fma4"
[INFO] [stderr]   Generating sleef.h: mkrename 4 8 __m256d __m256 __m128i struct\ {\ __m128i\ x,\ y;\ } __AVX__ fma4
[INFO] [stderr]   cd /opt/rustwide/target/debug/build/sleef-sys-1871a575a1779971/out/build/src/libm && ../../bin/mkrename "4" "8" "__m256d" "__m256" "__m128i" "struct\ {\ __m128i\ x,\ y;\ }" "__AVX__" "fma4" >> /opt/rustwide/target/debug/build/sleef-sys-1871a575a1779971/out/build/include/sleef.h
[INFO] [stderr]   Dependee "/opt/rustwide/target/debug/build/sleef-sys-1871a575a1779971/out/build/src/libm/CMakeFiles/sleefavx.dir/DependInfo.cmake" is newer than depender "/opt/rustwide/target/debug/build/sleef-sys-1871a575a1779971/out/build/src/libm/CMakeFiles/sleefavx.dir/depend.internal".
[INFO] [stderr]   Dependee "/opt/rustwide/target/debug/build/sleef-sys-1871a575a1779971/out/build/src/libm/CMakeFiles/CMakeDirectoryInformation.cmake" is newer than depender "/opt/rustwide/target/debug/build/sleef-sys-1871a575a1779971/out/build/src/libm/CMakeFiles/sleefavx.dir/depend.internal".
[INFO] [stderr]   Scanning dependencies of target sleefavx
[INFO] [stderr]   [ 50%] Built target maskedAVX512F_generated
[INFO] [stderr]   /usr/bin/make -f src/libm/CMakeFiles/sleefsse2.dir/build.make src/libm/CMakeFiles/sleefsse2.dir/depend
[INFO] [stderr]   make[2]: Leaving directory '/opt/rustwide/target/debug/build/sleef-sys-1871a575a1779971/out/build'
[INFO] [stderr]   make[2]: Entering directory '/opt/rustwide/target/debug/build/sleef-sys-1871a575a1779971/out/build'
[INFO] [stderr]   cd /opt/rustwide/target/debug/build/sleef-sys-1871a575a1779971/out/build && /usr/bin/cmake -E cmake_depends "Unix Makefiles" /opt/rustwide/workdir/sleef /opt/rustwide/workdir/sleef/src/libm /opt/rustwide/target/debug/build/sleef-sys-1871a575a1779971/out/build /opt/rustwide/target/debug/build/sleef-sys-1871a575a1779971/out/build/src/libm /opt/rustwide/target/debug/build/sleef-sys-1871a575a1779971/out/build/src/libm/CMakeFiles/sleefsse2.dir/DependInfo.cmake --color=
[INFO] [stderr]   cd /opt/rustwide/target/debug/build/sleef-sys-1871a575a1779971/out/build/src/libm && echo Generating sleef.h: mkrename "4" "8" "__m256d" "__m256" "__m128i" "__m256i" "__AVX__" "avx2"
[INFO] [stderr]   /usr/bin/make -f src/libm/CMakeFiles/sleefavx.dir/build.make src/libm/CMakeFiles/sleefavx.dir/build
[INFO] [stderr]   [ 51%] Building C object src/libm/CMakeFiles/sleefavx512f.dir/sleefsimdsp.c.o
[INFO] [stderr]   Generating sleef.h: mkrename 4 8 __m256d __m256 __m128i __m256i __AVX__ avx2
[INFO] [stderr]   cd /opt/rustwide/target/debug/build/sleef-sys-1871a575a1779971/out/build/src/libm && ../../bin/mkrename "4" "8" "__m256d" "__m256" "__m128i" "__m256i" "__AVX__" "avx2" >> /opt/rustwide/target/debug/build/sleef-sys-1871a575a1779971/out/build/include/sleef.h
[INFO] [stderr]   cd /opt/rustwide/target/debug/build/sleef-sys-1871a575a1779971/out/build/src/libm && /usr/bin/cc -DALIAS_NO_EXT_SUFFIX=\"alias_avx512f.h\" -DDORENAME=1 -DENABLE_ALIAS=1 -DENABLE_AVX512F=1 -I/opt/rustwide/workdir/sleef/src/common -I/opt/rustwide/workdir/sleef/src/arch -I/opt/rustwide/target/debug/build/sleef-sys-1871a575a1779971/out/build/src/libm/include -I/opt/rustwide/workdir/sleef/src/libm  -Wall -Wno-unused -Wno-attributes -Wno-unused-result -Wno-psabi -ffp-contract=off -fno-math-errno -fno-trapping-math -g -fPIC   -mavx512f -std=gnu99 -o CMakeFiles/sleefavx512f.dir/sleefsimdsp.c.o   -c /opt/rustwide/workdir/sleef/src/libm/sleefsimdsp.c
[INFO] [stderr]   make[2]: Entering directory '/opt/rustwide/target/debug/build/sleef-sys-1871a575a1779971/out/build'
[INFO] [stderr]   cd /opt/rustwide/target/debug/build/sleef-sys-1871a575a1779971/out/build/src/libm && echo Generating sleef.h: mkrename "2" "4" "__m128d" "__m128" "__m128i" "__m128i" "__SSE2__" "avx2128"
[INFO] [stderr]   Dependee "/opt/rustwide/target/debug/build/sleef-sys-1871a575a1779971/out/build/src/libm/CMakeFiles/sleefsse2.dir/DependInfo.cmake" is newer than depender "/opt/rustwide/target/debug/build/sleef-sys-1871a575a1779971/out/build/src/libm/CMakeFiles/sleefsse2.dir/depend.internal".
[INFO] [stderr]   Dependee "/opt/rustwide/target/debug/build/sleef-sys-1871a575a1779971/out/build/src/libm/CMakeFiles/CMakeDirectoryInformation.cmake" is newer than depender "/opt/rustwide/target/debug/build/sleef-sys-1871a575a1779971/out/build/src/libm/CMakeFiles/sleefsse2.dir/depend.internal".
[INFO] [stderr]   Generating sleef.h: mkrename 2 4 __m128d __m128 __m128i __m128i __SSE2__ avx2128
[INFO] [stderr]   cd /opt/rustwide/target/debug/build/sleef-sys-1871a575a1779971/out/build/src/libm && ../../bin/mkrename "2" "4" "__m128d" "__m128" "__m128i" "__m128i" "__SSE2__" "avx2128" >> /opt/rustwide/target/debug/build/sleef-sys-1871a575a1779971/out/build/include/sleef.h
[INFO] [stderr]   Scanning dependencies of target sleefsse2
[INFO] [stderr]   make[2]: Leaving directory '/opt/rustwide/target/debug/build/sleef-sys-1871a575a1779971/out/build'
[INFO] [stderr]   /usr/bin/make -f src/libm/CMakeFiles/sleefsse2.dir/build.make src/libm/CMakeFiles/sleefsse2.dir/build
[INFO] [stderr]   cd /opt/rustwide/target/debug/build/sleef-sys-1871a575a1779971/out/build/src/libm && echo Generating sleef.h: mkrename "8" "16" "__m512d" "__m512" "__m256i" "__m512i" "__AVX512F__"
[INFO] [stderr]   make[2]: Entering directory '/opt/rustwide/target/debug/build/sleef-sys-1871a575a1779971/out/build'
[INFO] [stderr]   Generating sleef.h: mkrename 8 16 __m512d __m512 __m256i __m512i __AVX512F__
[INFO] [stderr]   cd /opt/rustwide/target/debug/build/sleef-sys-1871a575a1779971/out/build/src/libm && ../../bin/mkrename "8" "16" "__m512d" "__m512" "__m256i" "__m512i" "__AVX512F__" >> /opt/rustwide/target/debug/build/sleef-sys-1871a575a1779971/out/build/include/sleef.h
[INFO] [stderr]   [ 52%] Building C object src/libm/CMakeFiles/sleefavx.dir/sleefsimdsp.c.o
[INFO] [stderr]   cd /opt/rustwide/target/debug/build/sleef-sys-1871a575a1779971/out/build/src/libm && /usr/bin/cc -DDORENAME=1 -DENABLE_ALIAS=1 -DENABLE_AVX=1 -I/opt/rustwide/workdir/sleef/src/common -I/opt/rustwide/workdir/sleef/src/arch -I/opt/rustwide/target/debug/build/sleef-sys-1871a575a1779971/out/build/src/libm/include -I/opt/rustwide/workdir/sleef/src/libm  -Wall -Wno-unused -Wno-attributes -Wno-unused-result -Wno-psabi -ffp-contract=off -fno-math-errno -fno-trapping-math -g -fPIC   -mavx -std=gnu99 -o CMakeFiles/sleefavx.dir/sleefsimdsp.c.o   -c /opt/rustwide/workdir/sleef/src/libm/sleefsimdsp.c
[INFO] [stderr]   cd /opt/rustwide/target/debug/build/sleef-sys-1871a575a1779971/out/build/src/libm && echo Generating sleef.h: mkrename "8" "16" "__m512d" "__m512" "__m256i" "__m512i" "__AVX512F__" "avx512f"
[INFO] [stderr]   Generating sleef.h: mkrename 8 16 __m512d __m512 __m256i __m512i __AVX512F__ avx512f
[INFO] [stderr]   cd /opt/rustwide/target/debug/build/sleef-sys-1871a575a1779971/out/build/src/libm && ../../bin/mkrename "8" "16" "__m512d" "__m512" "__m256i" "__m512i" "__AVX512F__" "avx512f" >> /opt/rustwide/target/debug/build/sleef-sys-1871a575a1779971/out/build/include/sleef.h
[INFO] [stderr]   cd /opt/rustwide/target/debug/build/sleef-sys-1871a575a1779971/out/build/src/libm && cat /opt/rustwide/workdir/sleef/src/libm/sleeflibm_footer.h.org >> /opt/rustwide/target/debug/build/sleef-sys-1871a575a1779971/out/build/include/sleef.h
[INFO] [stderr]   make[2]: Leaving directory '/opt/rustwide/target/debug/build/sleef-sys-1871a575a1779971/out/build'
[INFO] [stderr]   [ 54%] Building C object src/libm/CMakeFiles/sleefsse2.dir/sleefsimdsp.c.o
[INFO] [stderr]   cd /opt/rustwide/target/debug/build/sleef-sys-1871a575a1779971/out/build/src/libm && /usr/bin/cc -DDORENAME=1 -DENABLE_ALIAS=1 -DENABLE_SSE2=1 -I/opt/rustwide/workdir/sleef/src/common -I/opt/rustwide/workdir/sleef/src/arch -I/opt/rustwide/target/debug/build/sleef-sys-1871a575a1779971/out/build/src/libm/include -I/opt/rustwide/workdir/sleef/src/libm  -Wall -Wno-unused -Wno-attributes -Wno-unused-result -Wno-psabi -ffp-contract=off -fno-math-errno -fno-trapping-math -g -fPIC   -msse2 -std=gnu99 -o CMakeFiles/sleefsse2.dir/sleefsimdsp.c.o   -c /opt/rustwide/workdir/sleef/src/libm/sleefsimdsp.c
[INFO] [stderr]   [ 65%] Built target headers
[INFO] [stderr]   [ 66%] Building C object src/libm/CMakeFiles/sleeffma4.dir/sleefsimddp.c.o
[INFO] [stderr]   cd /opt/rustwide/target/debug/build/sleef-sys-1871a575a1779971/out/build/src/libm && /usr/bin/cc -DDORENAME=1 -DENABLE_ALIAS=1 -DENABLE_FMA4=1 -I/opt/rustwide/workdir/sleef/src/common -I/opt/rustwide/workdir/sleef/src/arch -I/opt/rustwide/target/debug/build/sleef-sys-1871a575a1779971/out/build/src/libm/include -I/opt/rustwide/workdir/sleef/src/libm  -Wall -Wno-unused -Wno-attributes -Wno-unused-result -Wno-psabi -ffp-contract=off -fno-math-errno -fno-trapping-math -g -fPIC   -mfma4 -std=gnu99 -o CMakeFiles/sleeffma4.dir/sleefsimddp.c.o   -c /opt/rustwide/workdir/sleef/src/libm/sleefsimddp.c
[INFO] [stderr]   make[2]: Leaving directory '/opt/rustwide/target/debug/build/sleef-sys-1871a575a1779971/out/build'
[INFO] [stderr]   make[2]: Leaving directory '/opt/rustwide/target/debug/build/sleef-sys-1871a575a1779971/out/build'
[INFO] [stderr]   make[2]: Leaving directory '/opt/rustwide/target/debug/build/sleef-sys-1871a575a1779971/out/build'
[INFO] [stderr]   [ 67%] Building C object src/libm/CMakeFiles/sleefavx512f.dir/sleefsimddp.c.o
[INFO] [stderr]   [ 70%] Building C object src/libm/CMakeFiles/sleefsse2.dir/sleefsimddp.c.o
[INFO] [stderr]   [ 68%] Building C object src/libm/CMakeFiles/sleefavx.dir/sleefsimddp.c.o
[INFO] [stderr]   cd /opt/rustwide/target/debug/build/sleef-sys-1871a575a1779971/out/build/src/libm && /usr/bin/cc -DALIAS_NO_EXT_SUFFIX=\"alias_avx512f.h\" -DDORENAME=1 -DENABLE_ALIAS=1 -DENABLE_AVX512F=1 -I/opt/rustwide/workdir/sleef/src/common -I/opt/rustwide/workdir/sleef/src/arch -I/opt/rustwide/target/debug/build/sleef-sys-1871a575a1779971/out/build/src/libm/include -I/opt/rustwide/workdir/sleef/src/libm  -Wall -Wno-unused -Wno-attributes -Wno-unused-result -Wno-psabi -ffp-contract=off -fno-math-errno -fno-trapping-math -g -fPIC   -mavx512f -std=gnu99 -o CMakeFiles/sleefavx512f.dir/sleefsimddp.c.o   -c /opt/rustwide/workdir/sleef/src/libm/sleefsimddp.c
[INFO] [stderr]   cd /opt/rustwide/target/debug/build/sleef-sys-1871a575a1779971/out/build/src/libm && /usr/bin/cc -DDORENAME=1 -DENABLE_ALIAS=1 -DENABLE_SSE2=1 -I/opt/rustwide/workdir/sleef/src/common -I/opt/rustwide/workdir/sleef/src/arch -I/opt/rustwide/target/debug/build/sleef-sys-1871a575a1779971/out/build/src/libm/include -I/opt/rustwide/workdir/sleef/src/libm  -Wall -Wno-unused -Wno-attributes -Wno-unused-result -Wno-psabi -ffp-contract=off -fno-math-errno -fno-trapping-math -g -fPIC   -msse2 -std=gnu99 -o CMakeFiles/sleefsse2.dir/sleefsimddp.c.o   -c /opt/rustwide/workdir/sleef/src/libm/sleefsimddp.c
[INFO] [stderr]   cd /opt/rustwide/target/debug/build/sleef-sys-1871a575a1779971/out/build/src/libm && /usr/bin/cc -DDORENAME=1 -DENABLE_ALIAS=1 -DENABLE_AVX=1 -I/opt/rustwide/workdir/sleef/src/common -I/opt/rustwide/workdir/sleef/src/arch -I/opt/rustwide/target/debug/build/sleef-sys-1871a575a1779971/out/build/src/libm/include -I/opt/rustwide/workdir/sleef/src/libm  -Wall -Wno-unused -Wno-attributes -Wno-unused-result -Wno-psabi -ffp-contract=off -fno-math-errno -fno-trapping-math -g -fPIC   -mavx -std=gnu99 -o CMakeFiles/sleefavx.dir/sleefsimddp.c.o   -c /opt/rustwide/workdir/sleef/src/libm/sleefsimddp.c
[INFO] [stderr]   make[2]: Leaving directory '/opt/rustwide/target/debug/build/sleef-sys-1871a575a1779971/out/build'
[INFO] [stderr]   make[2]: Leaving directory '/opt/rustwide/target/debug/build/sleef-sys-1871a575a1779971/out/build'
[INFO] [stderr]   make[2]: Leaving directory '/opt/rustwide/target/debug/build/sleef-sys-1871a575a1779971/out/build'
[INFO] [stderr]   [ 71%] Building C object src/libm/CMakeFiles/sleefavx2128.dir/sleefsimddp.c.o
[INFO] [stderr]   cd /opt/rustwide/target/debug/build/sleef-sys-1871a575a1779971/out/build/src/libm && /usr/bin/cc -DDORENAME=1 -DENABLE_ALIAS=1 -DENABLE_AVX2128=1 -I/opt/rustwide/workdir/sleef/src/common -I/opt/rustwide/workdir/sleef/src/arch -I/opt/rustwide/target/debug/build/sleef-sys-1871a575a1779971/out/build/src/libm/include -I/opt/rustwide/workdir/sleef/src/libm  -Wall -Wno-unused -Wno-attributes -Wno-unused-result -Wno-psabi -ffp-contract=off -fno-math-errno -fno-trapping-math -g -fPIC   -mavx2 -mfma -std=gnu99 -o CMakeFiles/sleefavx2128.dir/sleefsimddp.c.o   -c /opt/rustwide/workdir/sleef/src/libm/sleefsimddp.c
[INFO] [stderr]   make[2]: Leaving directory '/opt/rustwide/target/debug/build/sleef-sys-1871a575a1779971/out/build'
[INFO] [stderr]   make[2]: Leaving directory '/opt/rustwide/target/debug/build/sleef-sys-1871a575a1779971/out/build'
[INFO] [stderr]   make[2]: Leaving directory '/opt/rustwide/target/debug/build/sleef-sys-1871a575a1779971/out/build'
[INFO] [stderr]   make[2]: Leaving directory '/opt/rustwide/target/debug/build/sleef-sys-1871a575a1779971/out/build'
[INFO] [stderr]   make[2]: Leaving directory '/opt/rustwide/target/debug/build/sleef-sys-1871a575a1779971/out/build'
[INFO] [stderr]   [ 72%] Built target sleefavx2128
[INFO] [stderr]   make[2]: Leaving directory '/opt/rustwide/target/debug/build/sleef-sys-1871a575a1779971/out/build'
[INFO] [stderr]   [ 73%] Built target sleefavx512f
[INFO] [stderr]   make[1]: Leaving directory '/opt/rustwide/target/debug/build/sleef-sys-1871a575a1779971/out/build'
[INFO] [stderr] 
[INFO] [stderr]   --- stderr
[INFO] [stderr]   CMake Deprecation Warning at CMakeLists.txt:16 (cmake_policy):
[INFO] [stderr]     The OLD behavior for policy CMP0066 will be removed from a future version
[INFO] [stderr]     of CMake.
[INFO] [stderr] 
[INFO] [stderr]     The cmake-policies(7) manual explains that the OLD behaviors of all
[INFO] [stderr]     policies are deprecated and that a policy should be set to OLD only under
[INFO] [stderr]     specific short-term circumstances.  Projects should be ported to the NEW
[INFO] [stderr]     behavior and not rely on setting a policy to OLD.
[INFO] [stderr] 
[INFO] [stderr] 
[INFO] [stderr]      Called from: [1]	/opt/rustwide/workdir/sleef/CMakeLists.txt
[INFO] [stderr]      Entering             /opt/rustwide/workdir/sleef/src
[INFO] [stderr]      Called from: [1]	/opt/rustwide/workdir/sleef/CMakeLists.txt
[INFO] [stderr]      Entering             /opt/rustwide/workdir/sleef/src/libm
[INFO] [stderr]      Called from: [1]	/opt/rustwide/workdir/sleef/src/CMakeLists.txt
[INFO] [stderr]      Returning to         /opt/rustwide/workdir/sleef/src
[INFO] [stderr]      Called from: [1]	/opt/rustwide/workdir/sleef/src/CMakeLists.txt
[INFO] [stderr]      Entering             /opt/rustwide/workdir/sleef/src/common
[INFO] [stderr]      Called from: [1]	/opt/rustwide/workdir/sleef/src/CMakeLists.txt
[INFO] [stderr]      Returning to         /opt/rustwide/workdir/sleef/src
[INFO] [stderr]      Called from: [1]	/opt/rustwide/workdir/sleef/src/CMakeLists.txt
[INFO] [stderr]      Returning to         /opt/rustwide/workdir/sleef
[INFO] [stderr]      Called from: [1]	/opt/rustwide/workdir/sleef/CMakeLists.txt
[INFO] [stderr]      Target system: Linux-5.4.0-1009-gcp
[INFO] [stderr]      Called from: [1]	/opt/rustwide/workdir/sleef/CMakeLists.txt
[INFO] [stderr]      Target processor: x86_64
[INFO] [stderr]      Called from: [1]	/opt/rustwide/workdir/sleef/CMakeLists.txt
[INFO] [stderr]      Host system: Linux-5.4.0-1009-gcp
[INFO] [stderr]      Called from: [1]	/opt/rustwide/workdir/sleef/CMakeLists.txt
[INFO] [stderr]      Host processor: x86_64
[INFO] [stderr]      Called from: [1]	/opt/rustwide/workdir/sleef/CMakeLists.txt
[INFO] [stderr]      Detected C compiler: GNU @ /usr/bin/cc
[INFO] [stderr]      Called from: [1]	/opt/rustwide/workdir/sleef/CMakeLists.txt
[INFO] [stderr]   CMake Warning:
[INFO] [stderr]     Manually-specified variables were not used by the project:
[INFO] [stderr] 
[INFO] [stderr]       CMAKE_ASM_COMPILER
[INFO] [stderr]       CMAKE_ASM_FLAGS
[INFO] [stderr]       CMAKE_CXX_COMPILER
[INFO] [stderr]       CMAKE_CXX_FLAGS
[INFO] [stderr] 
[INFO] [stderr] 
[INFO] [stderr]   /opt/rustwide/workdir/sleef/src/libm/mkmasked_gnuabi.c: In function 'main':
[INFO] [stderr]   /opt/rustwide/workdir/sleef/src/libm/mkmasked_gnuabi.c:66:44: warning: '%s' directive output may be truncated writing up to 255 bytes into a region of size 251 [-Wformat-truncation=]
[INFO] [stderr]      66 |       snprintf(funcname[0], LEN, "_ZGV%sN%s%s_%s%s_u%d",
[INFO] [stderr]         |                                            ^~
[INFO] [stderr]   /opt/rustwide/workdir/sleef/src/libm/mkmasked_gnuabi.c:66:7: note: 'snprintf' output 10 or more bytes (assuming 265) into a destination of size 256
[INFO] [stderr]      66 |       snprintf(funcname[0], LEN, "_ZGV%sN%s%s_%s%s_u%d",
[INFO] [stderr]         |       ^~~~~~~~~~~~~~~~~~~~~~~~~~~~~~~~~~~~~~~~~~~~~~~~~~
[INFO] [stderr]      67 |         mangledisa, cvw, vparameterStr[funcList[i].funcType], funcList[i].name, typeSpecS[fptype], funcList[i].ulp);
[INFO] [stderr]         |         ~~~~~~~~~~~~~~~~~~~~~~~~~~~~~~~~~~~~~~~~~~~~~~~~~~~~~~~~~~~~~~~~~~~~~~~~~~~~~~~~~~~~~~~~~~~~~~~~~~~~~~~~~~~
[INFO] [stderr]   /opt/rustwide/workdir/sleef/src/libm/mkmasked_gnuabi.c:68:44: warning: '%s' directive output may be truncated writing up to 255 bytes into a region of size 251 [-Wformat-truncation=]
[INFO] [stderr]      68 |       snprintf(funcname[1], LEN, "_ZGV%sM%s%s_%s%s_u%d",
[INFO] [stderr]         |                                            ^~
[INFO] [stderr]   /opt/rustwide/workdir/sleef/src/libm/mkmasked_gnuabi.c:68:7: note: 'snprintf' output 10 or more bytes (assuming 265) into a destination of size 256
[INFO] [stderr]      68 |       snprintf(funcname[1], LEN, "_ZGV%sM%s%s_%s%s_u%d",
[INFO] [stderr]         |       ^~~~~~~~~~~~~~~~~~~~~~~~~~~~~~~~~~~~~~~~~~~~~~~~~~
[INFO] [stderr]      69 |         mangledisa, cvw, vparameterStr[funcList[i].funcType], funcList[i].name, typeSpecS[fptype], funcList[i].ulp);
[INFO] [stderr]         |         ~~~~~~~~~~~~~~~~~~~~~~~~~~~~~~~~~~~~~~~~~~~~~~~~~~~~~~~~~~~~~~~~~~~~~~~~~~~~~~~~~~~~~~~~~~~~~~~~~~~~~~~~~~~
[INFO] [stderr]   /opt/rustwide/workdir/sleef/src/libm/mkmasked_gnuabi.c:61:44: warning: '%s' directive output may be truncated writing up to 255 bytes into a region of size 251 [-Wformat-truncation=]
[INFO] [stderr]      61 |       snprintf(funcname[0], LEN, "_ZGV%sN%s%s_%s%s",
[INFO] [stderr]         |                                            ^~
[INFO] [stderr]   /opt/rustwide/workdir/sleef/src/libm/mkmasked_gnuabi.c:61:7: note: 'snprintf' output 7 or more bytes (assuming 262) into a destination of size 256
[INFO] [stderr]      61 |       snprintf(funcname[0], LEN, "_ZGV%sN%s%s_%s%s",
[INFO] [stderr]         |       ^~~~~~~~~~~~~~~~~~~~~~~~~~~~~~~~~~~~~~~~~~~~~~
[INFO] [stderr]      62 |         mangledisa, cvw, vparameterStr[funcList[i].funcType], funcList[i].name, typeSpecS[fptype]);
[INFO] [stderr]         |         ~~~~~~~~~~~~~~~~~~~~~~~~~~~~~~~~~~~~~~~~~~~~~~~~~~~~~~~~~~~~~~~~~~~~~~~~~~~~~~~~~~~~~~~~~~
[INFO] [stderr]   /opt/rustwide/workdir/sleef/src/libm/mkmasked_gnuabi.c:63:44: warning: '%s' directive output may be truncated writing up to 255 bytes into a region of size 251 [-Wformat-truncation=]
[INFO] [stderr]      63 |       snprintf(funcname[1], LEN, "_ZGV%sM%s%s_%s%s",
[INFO] [stderr]         |                                            ^~
[INFO] [stderr]   /opt/rustwide/workdir/sleef/src/libm/mkmasked_gnuabi.c:63:7: note: 'snprintf' output 7 or more bytes (assuming 262) into a destination of size 256
[INFO] [stderr]      63 |       snprintf(funcname[1], LEN, "_ZGV%sM%s%s_%s%s",
[INFO] [stderr]         |       ^~~~~~~~~~~~~~~~~~~~~~~~~~~~~~~~~~~~~~~~~~~~~~
[INFO] [stderr]      64 |         mangledisa, cvw, vparameterStr[funcList[i].funcType], funcList[i].name, typeSpecS[fptype]);
[INFO] [stderr]         |         ~~~~~~~~~~~~~~~~~~~~~~~~~~~~~~~~~~~~~~~~~~~~~~~~~~~~~~~~~~~~~~~~~~~~~~~~~~~~~~~~~~~~~~~~~~
[INFO] [stderr]   /opt/rustwide/workdir/sleef/src/libm/mkmasked_gnuabi.c:72:42: warning: '%s' directive output may be truncated writing up to 255 bytes into a region of size 251 [-Wformat-truncation=]
[INFO] [stderr]      72 |     snprintf(funcname[2], LEN, "_ZGV%sN%s%s___%s%s_finite",
[INFO] [stderr]         |                                          ^~
[INFO] [stderr]   /opt/rustwide/workdir/sleef/src/libm/mkmasked_gnuabi.c:72:5: note: 'snprintf' output 16 or more bytes (assuming 271) into a destination of size 256
[INFO] [stderr]      72 |     snprintf(funcname[2], LEN, "_ZGV%sN%s%s___%s%s_finite",
[INFO] [stderr]         |     ^~~~~~~~~~~~~~~~~~~~~~~~~~~~~~~~~~~~~~~~~~~~~~~~~~~~~~~
[INFO] [stderr]      73 |       mangledisa, cvw, vparameterStr[funcList[i].funcType], funcList[i].name, typeSpecS[fptype]);
[INFO] [stderr]         |       ~~~~~~~~~~~~~~~~~~~~~~~~~~~~~~~~~~~~~~~~~~~~~~~~~~~~~~~~~~~~~~~~~~~~~~~~~~~~~~~~~~~~~~~~~~
[INFO] [stderr]   /opt/rustwide/workdir/sleef/src/libm/mkmasked_gnuabi.c:74:42: warning: '%s' directive output may be truncated writing up to 255 bytes into a region of size 251 [-Wformat-truncation=]
[INFO] [stderr]      74 |     snprintf(funcname[3], LEN, "_ZGV%sM%s%s___%s%s_finite",
[INFO] [stderr]         |                                          ^~
[INFO] [stderr]   /opt/rustwide/workdir/sleef/src/libm/mkmasked_gnuabi.c:74:5: note: 'snprintf' output 16 or more bytes (assuming 271) into a destination of size 256
[INFO] [stderr]      74 |     snprintf(funcname[3], LEN, "_ZGV%sM%s%s___%s%s_finite",
[INFO] [stderr]         |     ^~~~~~~~~~~~~~~~~~~~~~~~~~~~~~~~~~~~~~~~~~~~~~~~~~~~~~~
[INFO] [stderr]      75 |       mangledisa, cvw, vparameterStr[funcList[i].funcType], funcList[i].name, typeSpecS[fptype]);
[INFO] [stderr]         |       ~~~~~~~~~~~~~~~~~~~~~~~~~~~~~~~~~~~~~~~~~~~~~~~~~~~~~~~~~~~~~~~~~~~~~~~~~~~~~~~~~~~~~~~~~~
[INFO] [stderr]   In file included from /opt/rustwide/workdir/sleef/src/libm/sleefsimddp.c:72:
[INFO] [stderr]   /opt/rustwide/target/debug/build/sleef-sys-1871a575a1779971/out/build/src/libm/include/renameavx2_gnuabi.h:15:23: warning: '_ZGVdN4v___asin_finite' alias between functions of incompatible types 'const __vector(4) double(double)' and 'const __vector(4) double(__vector(4) double)' [-Wattribute-alias=]
[INFO] [stderr]      15 | #define __asin_finite _ZGVdN4v___asin_finite
[INFO] [stderr]         |                       ^~~~~~~~~~~~~~~~~~~~~~
[INFO] [stderr]   /opt/rustwide/workdir/sleef/src/libm/sleefsimddp.c:3044:22: note: in expansion of macro '__asin_finite'
[INFO] [stderr]    3044 | EXPORT CONST vdouble __asin_finite     (double)           __attribute__((weak, alias(str_xasin_u1  )));
[INFO] [stderr]         |                      ^~~~~~~~~~~~~
[INFO] [stderr]   /opt/rustwide/target/debug/build/sleef-sys-1871a575a1779971/out/build/src/libm/include/renameavx2_gnuabi.h:43:18: note: aliased declaration here
[INFO] [stderr]      43 | #define xasin_u1 _ZGVdN4v_asin
[INFO] [stderr]         |                  ^~~~~~~~~~~~~
[INFO] [stderr]   /opt/rustwide/workdir/sleef/src/libm/sleefsimddp.c:1429:22: note: in expansion of macro 'xasin_u1'
[INFO] [stderr]    1429 | EXPORT CONST vdouble xasin_u1(vdouble d) {
[INFO] [stderr]         |                      ^~~~~~~~
[INFO] [stderr]   In file included from /opt/rustwide/workdir/sleef/src/libm/sleefsimdsp.c:28:
[INFO] [stderr]   /opt/rustwide/target/debug/build/sleef-sys-1871a575a1779971/out/build/src/libm/include/renamesse2_gnuabi.h:217:24: warning: '_ZGVbN4v___asinf_finite' alias between functions of incompatible types 'const __vector(4) float(double)' and 'const __vector(4) float(__vector(4) float)' [-Wattribute-alias=]
[INFO] [stderr]     217 | #define __asinf_finite _ZGVbN4v___asinf_finite
[INFO] [stderr]         |                        ^~~~~~~~~~~~~~~~~~~~~~~
[INFO] [stderr]   /opt/rustwide/workdir/sleef/src/libm/sleefsimdsp.c:2449:21: note: in expansion of macro '__asinf_finite'
[INFO] [stderr]    2449 | EXPORT CONST vfloat __asinf_finite     (double)         __attribute__((weak, alias(str_xasinf_u1  )));
[INFO] [stderr]         |                     ^~~~~~~~~~~~~~
[INFO] [stderr]   /opt/rustwide/target/debug/build/sleef-sys-1871a575a1779971/out/build/src/libm/include/renamesse2_gnuabi.h:245:19: note: aliased declaration here
[INFO] [stderr]     245 | #define xasinf_u1 _ZGVbN4v_asinf
[INFO] [stderr]         |                   ^~~~~~~~~~~~~~
[INFO] [stderr]   /opt/rustwide/workdir/sleef/src/libm/sleefsimdsp.c:1103:21: note: in expansion of macro 'xasinf_u1'
[INFO] [stderr]    1103 | EXPORT CONST vfloat xasinf_u1(vfloat d) {
[INFO] [stderr]         |                     ^~~~~~~~~
[INFO] [stderr]   In file included from /opt/rustwide/workdir/sleef/src/libm/sleefsimddp.c:28:
[INFO] [stderr]   /opt/rustwide/target/debug/build/sleef-sys-1871a575a1779971/out/build/src/libm/include/renamesse2_gnuabi.h:15:23: warning: '_ZGVbN2v___asin_finite' alias between functions of incompatible types 'const __vector(2) double(double)' and 'const __vector(2) double(__vector(2) double)' [-Wattribute-alias=]
[INFO] [stderr]      15 | #define __asin_finite _ZGVbN2v___asin_finite
[INFO] [stderr]         |                       ^~~~~~~~~~~~~~~~~~~~~~
[INFO] [stderr]   /opt/rustwide/workdir/sleef/src/libm/sleefsimddp.c:3044:22: note: in expansion of macro '__asin_finite'
[INFO] [stderr]    3044 | EXPORT CONST vdouble __asin_finite     (double)           __attribute__((weak, alias(str_xasin_u1  )));
[INFO] [stderr]         |                      ^~~~~~~~~~~~~
[INFO] [stderr]   /opt/rustwide/target/debug/build/sleef-sys-1871a575a1779971/out/build/src/libm/include/renamesse2_gnuabi.h:43:18: note: aliased declaration here
[INFO] [stderr]      43 | #define xasin_u1 _ZGVbN2v_asin
[INFO] [stderr]         |                  ^~~~~~~~~~~~~
[INFO] [stderr]   /opt/rustwide/workdir/sleef/src/libm/sleefsimddp.c:1429:22: note: in expansion of macro 'xasin_u1'
[INFO] [stderr]    1429 | EXPORT CONST vdouble xasin_u1(vdouble d) {
[INFO] [stderr]         |                      ^~~~~~~~
[INFO] [stderr]   In file included from /opt/rustwide/workdir/sleef/src/libm/sleefsimdsp.c:48:
[INFO] [stderr]   /opt/rustwide/target/debug/build/sleef-sys-1871a575a1779971/out/build/src/libm/include/renameavx_gnuabi.h:217:24: warning: '_ZGVcN8v___asinf_finite' alias between functions of incompatible types 'const __vector(8) float(double)' and 'const __vector(8) float(__vector(8) float)' [-Wattribute-alias=]
[INFO] [stderr]     217 | #define __asinf_finite _ZGVcN8v___asinf_finite
[INFO] [stderr]         |                        ^~~~~~~~~~~~~~~~~~~~~~~
[INFO] [stderr]   /opt/rustwide/workdir/sleef/src/libm/sleefsimdsp.c:2449:21: note: in expansion of macro '__asinf_finite'
[INFO] [stderr]    2449 | EXPORT CONST vfloat __asinf_finite     (double)         __attribute__((weak, alias(str_xasinf_u1  )));
[INFO] [stderr]         |                     ^~~~~~~~~~~~~~
[INFO] [stderr]   /opt/rustwide/target/debug/build/sleef-sys-1871a575a1779971/out/build/src/libm/include/renameavx_gnuabi.h:245:19: note: aliased declaration here
[INFO] [stderr]     245 | #define xasinf_u1 _ZGVcN8v_asinf
[INFO] [stderr]         |                   ^~~~~~~~~~~~~~
[INFO] [stderr]   /opt/rustwide/workdir/sleef/src/libm/sleefsimdsp.c:1103:21: note: in expansion of macro 'xasinf_u1'
[INFO] [stderr]    1103 | EXPORT CONST vfloat xasinf_u1(vfloat d) {
[INFO] [stderr]         |                     ^~~~~~~~~
[INFO] [stderr]   In file included from /opt/rustwide/workdir/sleef/src/libm/sleefsimdsp.c:72:
[INFO] [stderr]   /opt/rustwide/target/debug/build/sleef-sys-1871a575a1779971/out/build/src/libm/include/renameavx2_gnuabi.h:217:24: warning: '_ZGVdN8v___asinf_finite' alias between functions of incompatible types 'const __vector(8) float(double)' and 'const __vector(8) float(__vector(8) float)' [-Wattribute-alias=]
[INFO] [stderr]     217 | #define __asinf_finite _ZGVdN8v___asinf_finite
[INFO] [stderr]         |                        ^~~~~~~~~~~~~~~~~~~~~~~
[INFO] [stderr]   /opt/rustwide/workdir/sleef/src/libm/sleefsimdsp.c:2449:21: note: in expansion of macro '__asinf_finite'
[INFO] [stderr]    2449 | EXPORT CONST vfloat __asinf_finite     (double)         __attribute__((weak, alias(str_xasinf_u1  )));
[INFO] [stderr]         |                     ^~~~~~~~~~~~~~
[INFO] [stderr]   /opt/rustwide/target/debug/build/sleef-sys-1871a575a1779971/out/build/src/libm/include/renameavx2_gnuabi.h:245:19: note: aliased declaration here
[INFO] [stderr]     245 | #define xasinf_u1 _ZGVdN8v_asinf
[INFO] [stderr]         |                   ^~~~~~~~~~~~~~
[INFO] [stderr]   /opt/rustwide/workdir/sleef/src/libm/sleefsimdsp.c:1103:21: note: in expansion of macro 'xasinf_u1'
[INFO] [stderr]    1103 | EXPORT CONST vfloat xasinf_u1(vfloat d) {
[INFO] [stderr]         |                     ^~~~~~~~~
[INFO] [stderr]   In file included from /opt/rustwide/workdir/sleef/src/libm/sleefsimddp.c:48:
[INFO] [stderr]   /opt/rustwide/target/debug/build/sleef-sys-1871a575a1779971/out/build/src/libm/include/renameavx_gnuabi.h:15:23: warning: '_ZGVcN4v___asin_finite' alias between functions of incompatible types 'const __vector(4) double(double)' and 'const __vector(4) double(__vector(4) double)' [-Wattribute-alias=]
[INFO] [stderr]      15 | #define __asin_finite _ZGVcN4v___asin_finite
[INFO] [stderr]         |                       ^~~~~~~~~~~~~~~~~~~~~~
[INFO] [stderr]   /opt/rustwide/workdir/sleef/src/libm/sleefsimddp.c:3044:22: note: in expansion of macro '__asin_finite'
[INFO] [stderr]    3044 | EXPORT CONST vdouble __asin_finite     (double)           __attribute__((weak, alias(str_xasin_u1  )));
[INFO] [stderr]         |                      ^~~~~~~~~~~~~
[INFO] [stderr]   /opt/rustwide/target/debug/build/sleef-sys-1871a575a1779971/out/build/src/libm/include/renameavx_gnuabi.h:43:18: note: aliased declaration here
[INFO] [stderr]      43 | #define xasin_u1 _ZGVcN4v_asin
[INFO] [stderr]         |                  ^~~~~~~~~~~~~
[INFO] [stderr]   /opt/rustwide/workdir/sleef/src/libm/sleefsimddp.c:1429:22: note: in expansion of macro 'xasin_u1'
[INFO] [stderr]    1429 | EXPORT CONST vdouble xasin_u1(vdouble d) {
[INFO] [stderr]         |                      ^~~~~~~~
[INFO] [stderr]   cc: fatal error: Killed signal terminated program cc1
[INFO] [stderr]   compilation terminated.
[INFO] [stderr]   make[2]: *** [src/libm/CMakeFiles/sleefgnuabiavxdp.dir/build.make:71: src/libm/CMakeFiles/sleefgnuabiavxdp.dir/sleefsimddp.c.o] Error 1
[INFO] [stderr]   make[1]: *** [CMakeFiles/Makefile2:308: src/libm/CMakeFiles/sleefgnuabiavxdp.dir/all] Error 2
[INFO] [stderr]   make[1]: *** Waiting for unfinished jobs....
[INFO] [stderr]   cc: fatal error: Killed signal terminated program cc1
[INFO] [stderr]   compilation terminated.
[INFO] [stderr]   make[2]: *** [src/libm/CMakeFiles/sleefgnuabisse2dp.dir/build.make:71: src/libm/CMakeFiles/sleefgnuabisse2dp.dir/sleefsimddp.c.o] Error 1
[INFO] [stderr]   make[1]: *** [CMakeFiles/Makefile2:389: src/libm/CMakeFiles/sleefgnuabisse2dp.dir/all] Error 2
[INFO] [stderr]   cc: fatal error: Killed signal terminated program cc1
[INFO] [stderr]   compilation terminated.
[INFO] [stderr]   make[2]: *** [src/libm/CMakeFiles/sleefgnuabisse2sp.dir/build.make:71: src/libm/CMakeFiles/sleefgnuabisse2sp.dir/sleefsimdsp.c.o] Error 1
[INFO] [stderr]   make[1]: *** [CMakeFiles/Makefile2:552: src/libm/CMakeFiles/sleefgnuabisse2sp.dir/all] Error 2
[INFO] [stderr]   cc: fatal error: Killed signal terminated program cc1
[INFO] [stderr]   compilation terminated.
[INFO] [stderr]   make[2]: *** [src/libm/CMakeFiles/sleefgnuabiavx2dp.dir/build.make:71: src/libm/CMakeFiles/sleefgnuabiavx2dp.dir/sleefsimddp.c.o] Error 1
[INFO] [stderr]   cc: fatal error: Killed signal terminated program cc1
[INFO] [stderr]   compilation terminated.
[INFO] [stderr]   make[2]: *** [src/libm/CMakeFiles/sleefgnuabiavx2sp.dir/build.make:71: src/libm/CMakeFiles/sleefgnuabiavx2sp.dir/sleefsimdsp.c.o] Error 1
[INFO] [stderr]   make[1]: *** [CMakeFiles/Makefile2:227: src/libm/CMakeFiles/sleefgnuabiavx2sp.dir/all] Error 2
[INFO] [stderr]   make[1]: *** [CMakeFiles/Makefile2:254: src/libm/CMakeFiles/sleefgnuabiavx2dp.dir/all] Error 2
[INFO] [stderr]   cc: fatal error: Killed signal terminated program cc1
[INFO] [stderr]   compilation terminated.
[INFO] [stderr]   make[2]: *** [src/libm/CMakeFiles/sleeffma4.dir/build.make:71: src/libm/CMakeFiles/sleeffma4.dir/sleefsimdsp.c.o] Error 1
[INFO] [stderr]   make[2]: *** Waiting for unfinished jobs....
[INFO] [stderr]   cc: fatal error: Killed signal terminated program cc1
[INFO] [stderr]   compilation terminated.
[INFO] [stderr]   make[2]: *** [src/libm/CMakeFiles/sleefgnuabiavxsp.dir/build.make:71: src/libm/CMakeFiles/sleefgnuabiavxsp.dir/sleefsimdsp.c.o] Error 1
[INFO] [stderr]   make[1]: *** [CMakeFiles/Makefile2:281: src/libm/CMakeFiles/sleefgnuabiavxsp.dir/all] Error 2
[INFO] [stderr]   cc: fatal error: Killed signal terminated program cc1
[INFO] [stderr]   compilation terminated.
[INFO] [stderr]   cc: fatal error: Killed signal terminated program cc1
[INFO] [stderr]   compilation terminated.
[INFO] [stderr]   make[2]: *** [src/libm/CMakeFiles/sleefsse2.dir/build.make:71: src/libm/CMakeFiles/sleefsse2.dir/sleefsimdsp.c.o] Error 1
[INFO] [stderr]   make[2]: *** Waiting for unfinished jobs....
[INFO] [stderr]   make[2]: *** [src/libm/CMakeFiles/sleefavx.dir/build.make:71: src/libm/CMakeFiles/sleefavx.dir/sleefsimdsp.c.o] Error 1
[INFO] [stderr]   make[2]: *** Waiting for unfinished jobs....
[INFO] [stderr]   cc: fatal error: Killed signal terminated program cc1
[INFO] [stderr]   compilation terminated.
[INFO] [stderr]   make[2]: *** [src/libm/CMakeFiles/sleefavx2.dir/build.make:71: src/libm/CMakeFiles/sleefavx2.dir/sleefsimdsp.c.o] Error 1
[INFO] [stderr]   make[2]: *** Waiting for unfinished jobs....
[INFO] [stderr]   cc: fatal error: Killed signal terminated program cc1
[INFO] [stderr]   compilation terminated.
[INFO] [stderr]   make[2]: *** [src/libm/CMakeFiles/sleefavx.dir/build.make:84: src/libm/CMakeFiles/sleefavx.dir/sleefsimddp.c.o] Error 1
[INFO] [stderr]   make[1]: *** [CMakeFiles/Makefile2:999: src/libm/CMakeFiles/sleefavx.dir/all] Error 2
[INFO] [stderr]   cc: fatal error: Killed signal terminated program cc1
[INFO] [stderr]   compilation terminated.
[INFO] [stderr]   make[2]: *** [src/libm/CMakeFiles/sleefsse2.dir/build.make:84: src/libm/CMakeFiles/sleefsse2.dir/sleefsimddp.c.o] Error 1
[INFO] [stderr]   make[1]: *** [CMakeFiles/Makefile2:1061: src/libm/CMakeFiles/sleefsse2.dir/all] Error 2
[INFO] [stderr]   make[1]: *** [CMakeFiles/Makefile2:498: src/libm/CMakeFiles/sleefavx2.dir/all] Error 2
[INFO] [stderr]   make[1]: *** [CMakeFiles/Makefile2:824: src/libm/CMakeFiles/sleeffma4.dir/all] Error 2
[INFO] [stderr]   make: *** [Makefile:144: all] Error 2
[INFO] [stderr]   thread 'main' panicked at '
[INFO] [stderr]   command did not execute successfully, got: exit code: 2
[INFO] [stderr] 
[INFO] [stderr]   build script failed, must exit now', /opt/rustwide/cargo-home/registry/src/github.com-1ecc6299db9ec823/cmake-0.1.44/src/lib.rs:885:5
[INFO] [stderr]   stack backtrace:
[INFO] [stderr]      0:     0x55d513db8bb0 - std::backtrace_rs::backtrace::libunwind::trace::h452faf99f32e7c93
[INFO] [stderr]                                  at /rustc/af3c6e733a40e671550e0f0f5aeecaa13772ba56/library/std/src/../../backtrace/src/backtrace/libunwind.rs:96
[INFO] [stderr]      1:     0x55d513db8bb0 - std::backtrace_rs::backtrace::trace_unsynchronized::he40edc71437667a1
[INFO] [stderr]                                  at /rustc/af3c6e733a40e671550e0f0f5aeecaa13772ba56/library/std/src/../../backtrace/src/backtrace/mod.rs:66
[INFO] [stderr]      2:     0x55d513db8bb0 - std::sys_common::backtrace::_print_fmt::h6c51d6ade71f46bf
[INFO] [stderr]                                  at /rustc/af3c6e733a40e671550e0f0f5aeecaa13772ba56/library/std/src/sys_common/backtrace.rs:79
[INFO] [stderr]      3:     0x55d513db8bb0 - <std::sys_common::backtrace::_print::DisplayBacktrace as core::fmt::Display>::fmt::h3cd15d7003dec37a
[INFO] [stderr]                                  at /rustc/af3c6e733a40e671550e0f0f5aeecaa13772ba56/library/std/src/sys_common/backtrace.rs:58
[INFO] [stderr]      4:     0x55d513ddeffc - core::fmt::write::h1857a60b204f1b6a
[INFO] [stderr]                                  at /rustc/af3c6e733a40e671550e0f0f5aeecaa13772ba56/library/core/src/fmt/mod.rs:1080
[INFO] [stderr]      5:     0x55d513db50f7 - std::io::Write::write_fmt::hac61caff894c35ae
[INFO] [stderr]                                  at /rustc/af3c6e733a40e671550e0f0f5aeecaa13772ba56/library/std/src/io/mod.rs:1517
[INFO] [stderr]      6:     0x55d513dbb550 - std::sys_common::backtrace::_print::haa2f390fb7957e3e
[INFO] [stderr]                                  at /rustc/af3c6e733a40e671550e0f0f5aeecaa13772ba56/library/std/src/sys_common/backtrace.rs:61
[INFO] [stderr]      7:     0x55d513dbb550 - std::sys_common::backtrace::print::h48c7cbbad9013bb1
[INFO] [stderr]                                  at /rustc/af3c6e733a40e671550e0f0f5aeecaa13772ba56/library/std/src/sys_common/backtrace.rs:48
[INFO] [stderr]      8:     0x55d513dbb550 - std::panicking::default_hook::{{closure}}::h8b7ff05a31e71d55
[INFO] [stderr]                                  at /rustc/af3c6e733a40e671550e0f0f5aeecaa13772ba56/library/std/src/panicking.rs:208
[INFO] [stderr]      9:     0x55d513dbb29c - std::panicking::default_hook::h2f00c78800d98e4c
[INFO] [stderr]                                  at /rustc/af3c6e733a40e671550e0f0f5aeecaa13772ba56/library/std/src/panicking.rs:227
[INFO] [stderr]     10:     0x55d513dbbbb3 - std::panicking::rust_panic_with_hook::h4eaa635e4694aef3
[INFO] [stderr]                                  at /rustc/af3c6e733a40e671550e0f0f5aeecaa13772ba56/library/std/src/panicking.rs:577
[INFO] [stderr]     11:     0x55d513dbb789 - std::panicking::begin_panic_handler::{{closure}}::hec242f1b136b5ff2
[INFO] [stderr]                                  at /rustc/af3c6e733a40e671550e0f0f5aeecaa13772ba56/library/std/src/panicking.rs:484
[INFO] [stderr]     12:     0x55d513db901c - std::sys_common::backtrace::__rust_end_short_backtrace::h1f3cc383ee6c0374
[INFO] [stderr]                                  at /rustc/af3c6e733a40e671550e0f0f5aeecaa13772ba56/library/std/src/sys_common/backtrace.rs:153
[INFO] [stderr]     13:     0x55d513dbb749 - rust_begin_unwind
[INFO] [stderr]                                  at /rustc/af3c6e733a40e671550e0f0f5aeecaa13772ba56/library/std/src/panicking.rs:483
[INFO] [stderr]     14:     0x55d513dbb6fb - std::panicking::begin_panic_fmt::hebfdcd945bbd27b1
[INFO] [stderr]                                  at /rustc/af3c6e733a40e671550e0f0f5aeecaa13772ba56/library/std/src/panicking.rs:437
[INFO] [stderr]     15:     0x55d513d44b97 - cmake::fail::h5ac34a445f962f17
[INFO] [stderr]                                  at /opt/rustwide/cargo-home/registry/src/github.com-1ecc6299db9ec823/cmake-0.1.44/src/lib.rs:885
[INFO] [stderr]     16:     0x55d513d444dc - cmake::run::hdae76e59475531dd
[INFO] [stderr]                                  at /opt/rustwide/cargo-home/registry/src/github.com-1ecc6299db9ec823/cmake-0.1.44/src/lib.rs:863
[INFO] [stderr]     17:     0x55d513d40c4b - cmake::Config::build::h1f94ac9664857d70
[INFO] [stderr]                                  at /opt/rustwide/cargo-home/registry/src/github.com-1ecc6299db9ec823/cmake-0.1.44/src/lib.rs:769
[INFO] [stderr]     18:     0x55d51378cd17 - build_script_build::main::hc573d3a29548c4b5
[INFO] [stderr]                                  at /opt/rustwide/workdir/build.rs:20
[INFO] [stderr]     19:     0x55d5137908fb - core::ops::function::FnOnce::call_once::hbec2d5688e1ad5fe
[INFO] [stderr]                                  at /rustc/af3c6e733a40e671550e0f0f5aeecaa13772ba56/library/core/src/ops/function.rs:227
[INFO] [stderr]     20:     0x55d51379074e - std::sys_common::backtrace::__rust_begin_short_backtrace::h6b1aa44a7134b422
[INFO] [stderr]                                  at /rustc/af3c6e733a40e671550e0f0f5aeecaa13772ba56/library/std/src/sys_common/backtrace.rs:137
[INFO] [stderr]     21:     0x55d51378f8c1 - std::rt::lang_start::{{closure}}::hbfee00e1c25ee917
[INFO] [stderr]                                  at /rustc/af3c6e733a40e671550e0f0f5aeecaa13772ba56/library/std/src/rt.rs:66
[INFO] [stderr]     22:     0x55d513dbbfb1 - core::ops::function::impls::<impl core::ops::function::FnOnce<A> for &F>::call_once::hecc21eb9018cc197
[INFO] [stderr]                                  at /rustc/af3c6e733a40e671550e0f0f5aeecaa13772ba56/library/core/src/ops/function.rs:259
[INFO] [stderr]     23:     0x55d513dbbfb1 - std::panicking::try::do_call::h174ad655d084b5c7
[INFO] [stderr]                                  at /rustc/af3c6e733a40e671550e0f0f5aeecaa13772ba56/library/std/src/panicking.rs:381
[INFO] [stderr]     24:     0x55d513dbbfb1 - std::panicking::try::h479e6054ce28de10
[INFO] [stderr]                                  at /rustc/af3c6e733a40e671550e0f0f5aeecaa13772ba56/library/std/src/panicking.rs:345
[INFO] [stderr]     25:     0x55d513dbbfb1 - std::panic::catch_unwind::hb558ddea2b3e9c45
[INFO] [stderr]                                  at /rustc/af3c6e733a40e671550e0f0f5aeecaa13772ba56/library/std/src/panic.rs:382
[INFO] [stderr]     26:     0x55d513dbbfb1 - std::rt::lang_start_internal::h163149047f0a8b61
[INFO] [stderr]                                  at /rustc/af3c6e733a40e671550e0f0f5aeecaa13772ba56/library/std/src/rt.rs:51
[INFO] [stderr]     27:     0x55d51378f897 - std::rt::lang_start::h8c526e06697fdac2
[INFO] [stderr]                                  at /rustc/af3c6e733a40e671550e0f0f5aeecaa13772ba56/library/std/src/rt.rs:65
[INFO] [stderr]     28:     0x55d51378e94a - main
[INFO] [stderr]     29:     0x7f777a6e80b3 - __libc_start_main
[INFO] [stderr]     30:     0x55d5137860de - _start
[INFO] [stderr]     31:                0x0 - <unknown>
[INFO] running `Command { std: "docker" "inspect" "6d2008713a77e5d1ea9c8b62df9f46f2df73258b73479de453ae985e8dc71cdd", kill_on_drop: false }`
[INFO] running `Command { std: "docker" "rm" "-f" "6d2008713a77e5d1ea9c8b62df9f46f2df73258b73479de453ae985e8dc71cdd", kill_on_drop: false }`
[INFO] [stdout] 6d2008713a77e5d1ea9c8b62df9f46f2df73258b73479de453ae985e8dc71cdd
